{"id":1161,"date":"2020-05-26T18:49:14","date_gmt":"2020-05-26T16:49:14","guid":{"rendered":"http:\/\/perladelsud.pl\/?page_id=1161"},"modified":"2020-12-29T18:15:54","modified_gmt":"2020-12-29T17:15:54","slug":"miot-2020-r","status":"publish","type":"page","link":"https:\/\/perladelsud.pl\/index.php\/pl\/szczeniaki\/miot-2020-r\/","title":{"rendered":"Miot 2020 r."},"content":{"rendered":"<p><strong>Miot T<\/strong> urodzony 04.10.2020 : 2 suczki i 2 pieski<br \/>\nWszystkie szczeni\u0119ta znalaz\u0142y kochaj\u0105ce domki. Wi\u0119cej zdj\u0119\u0107 szczeni\u0105t w zak\u0142adce Galeria<\/p>\n\n\t\t<style type=\"text\/css\">\n\t\t\t#gallery-1 {\n\t\t\t\tmargin: auto;\n\t\t\t}\n\t\t\t#gallery-1 .gallery-item {\n\t\t\t\tfloat: left;\n\t\t\t\tmargin-top: 10px;\n\t\t\t\ttext-align: center;\n\t\t\t\twidth: 50%;\n\t\t\t}\n\t\t\t#gallery-1 img {\n\t\t\t\tborder: 2px solid #cfcfcf;\n\t\t\t}\n\t\t\t#gallery-1 .gallery-caption {\n\t\t\t\tmargin-left: 0;\n\t\t\t}\n\t\t\t\/* see gallery_shortcode() in wp-includes\/media.php *\/\n\t\t<\/style>\n\t\t<div id='gallery-1' class='gallery galleryid-1161 gallery-columns-2 gallery-size-medium'><dl class='gallery-item'>\n\t\t\t<dt class='gallery-icon landscape'>\n\t\t\t\t<a href='https:\/\/perladelsud.pl\/wp-content\/uploads\/2020\/12\/psy-348.jpg'><img width=\"300\" height=\"223\" src=\"https:\/\/perladelsud.pl\/wp-content\/uploads\/2020\/12\/psy-348-300x223.jpg\" class=\"attachment-medium size-medium\" alt=\"\" decoding=\"async\" loading=\"lazy\" srcset=\"https:\/\/perladelsud.pl\/wp-content\/uploads\/2020\/12\/psy-348-300x223.jpg 300w, https:\/\/perladelsud.pl\/wp-content\/uploads\/2020\/12\/psy-348-768x571.jpg 768w, https:\/\/perladelsud.pl\/wp-content\/uploads\/2020\/12\/psy-348.jpg 1024w\" sizes=\"(max-width: 300px) 100vw, 300px\" \/><\/a>\n\t\t\t<\/dt><\/dl><dl class='gallery-item'>\n\t\t\t<dt class='gallery-icon landscape'>\n\t\t\t\t<a href='https:\/\/perladelsud.pl\/wp-content\/uploads\/2020\/12\/psy-351.jpg'><img width=\"300\" height=\"257\" src=\"https:\/\/perladelsud.pl\/wp-content\/uploads\/2020\/12\/psy-351-300x257.jpg\" class=\"attachment-medium size-medium\" alt=\"\" decoding=\"async\" loading=\"lazy\" srcset=\"https:\/\/perladelsud.pl\/wp-content\/uploads\/2020\/12\/psy-351-300x257.jpg 300w, https:\/\/perladelsud.pl\/wp-content\/uploads\/2020\/12\/psy-351-768x658.jpg 768w, https:\/\/perladelsud.pl\/wp-content\/uploads\/2020\/12\/psy-351.jpg 896w\" sizes=\"(max-width: 300px) 100vw, 300px\" \/><\/a>\n\t\t\t<\/dt><\/dl><br style=\"clear: both\" \/><dl class='gallery-item'>\n\t\t\t<dt class='gallery-icon landscape'>\n\t\t\t\t<a href='https:\/\/perladelsud.pl\/wp-content\/uploads\/2020\/12\/psy-352.jpg'><img width=\"300\" height=\"273\" src=\"https:\/\/perladelsud.pl\/wp-content\/uploads\/2020\/12\/psy-352-300x273.jpg\" class=\"attachment-medium size-medium\" alt=\"\" decoding=\"async\" loading=\"lazy\" srcset=\"https:\/\/perladelsud.pl\/wp-content\/uploads\/2020\/12\/psy-352-300x273.jpg 300w, https:\/\/perladelsud.pl\/wp-content\/uploads\/2020\/12\/psy-352-768x698.jpg 768w, https:\/\/perladelsud.pl\/wp-content\/uploads\/2020\/12\/psy-352.jpg 845w\" sizes=\"(max-width: 300px) 100vw, 300px\" \/><\/a>\n\t\t\t<\/dt><\/dl><dl class='gallery-item'>\n\t\t\t<dt class='gallery-icon landscape'>\n\t\t\t\t<a href='https:\/\/perladelsud.pl\/wp-content\/uploads\/2020\/12\/psy-375.jpg'><img width=\"300\" height=\"238\" src=\"https:\/\/perladelsud.pl\/wp-content\/uploads\/2020\/12\/psy-375-300x238.jpg\" class=\"attachment-medium size-medium\" alt=\"\" decoding=\"async\" loading=\"lazy\" srcset=\"https:\/\/perladelsud.pl\/wp-content\/uploads\/2020\/12\/psy-375-300x238.jpg 300w, https:\/\/perladelsud.pl\/wp-content\/uploads\/2020\/12\/psy-375-768x610.jpg 768w, https:\/\/perladelsud.pl\/wp-content\/uploads\/2020\/12\/psy-375.jpg 967w\" sizes=\"(max-width: 300px) 100vw, 300px\" \/><\/a>\n\t\t\t<\/dt><\/dl><br style=\"clear: both\" \/><dl class='gallery-item'>\n\t\t\t<dt class='gallery-icon portrait'>\n\t\t\t\t<a href='https:\/\/perladelsud.pl\/wp-content\/uploads\/2020\/12\/SAM_2259-scaled.jpg'><img width=\"225\" height=\"300\" src=\"https:\/\/perladelsud.pl\/wp-content\/uploads\/2020\/12\/SAM_2259-225x300.jpg\" class=\"attachment-medium size-medium\" alt=\"\" decoding=\"async\" loading=\"lazy\" aria-describedby=\"gallery-1-1331\" srcset=\"https:\/\/perladelsud.pl\/wp-content\/uploads\/2020\/12\/SAM_2259-225x300.jpg 225w, https:\/\/perladelsud.pl\/wp-content\/uploads\/2020\/12\/SAM_2259-768x1024.jpg 768w, https:\/\/perladelsud.pl\/wp-content\/uploads\/2020\/12\/SAM_2259-1152x1536.jpg 1152w, https:\/\/perladelsud.pl\/wp-content\/uploads\/2020\/12\/SAM_2259-1536x2048.jpg 1536w, https:\/\/perladelsud.pl\/wp-content\/uploads\/2020\/12\/SAM_2259-scaled.jpg 1920w\" sizes=\"(max-width: 225px) 100vw, 225px\" \/><\/a>\n\t\t\t<\/dt>\n\t\t\t\t<dd class='wp-caption-text gallery-caption' id='gallery-1-1331'>\n\t\t\t\tMatka: Amelia Klan Biewer Rott (FCI)  \n\t\t\t\t<\/dd><\/dl><dl class='gallery-item'>\n\t\t\t<dt class='gallery-icon portrait'>\n\t\t\t\t<a href='https:\/\/perladelsud.pl\/wp-content\/uploads\/2020\/12\/szecz-497.jpg'><img width=\"269\" height=\"300\" src=\"https:\/\/perladelsud.pl\/wp-content\/uploads\/2020\/12\/szecz-497-269x300.jpg\" class=\"attachment-medium size-medium\" alt=\"\" decoding=\"async\" loading=\"lazy\" aria-describedby=\"gallery-1-1332\" srcset=\"https:\/\/perladelsud.pl\/wp-content\/uploads\/2020\/12\/szecz-497-269x300.jpg 269w, https:\/\/perladelsud.pl\/wp-content\/uploads\/2020\/12\/szecz-497.jpg 720w\" sizes=\"(max-width: 269px) 100vw, 269px\" \/><\/a>\n\t\t\t<\/dt>\n\t\t\t\t<dd class='wp-caption-text gallery-caption' id='gallery-1-1332'>\n\t\t\t\tOjciec: Tandu by Aralezo Saga(FCI)\n\t\t\t\t<\/dd><\/dl><br style=\"clear: both\" \/>\n\t\t<\/div>\n\n<p><strong>Miot R i S<\/strong> urodzony 13.07.2020: i 19.07,2020: 2 suczki i 3 pieski<br \/>\nWszystkie szczeni\u0119ta znalaz\u0142y kochaj\u0105ce domki. Wi\u0119cej zdj\u0119\u0107 szczeni\u0105t w zak\u0142adce Galeria<\/p>\n\n\t\t<style type=\"text\/css\">\n\t\t\t#gallery-2 {\n\t\t\t\tmargin: auto;\n\t\t\t}\n\t\t\t#gallery-2 .gallery-item {\n\t\t\t\tfloat: left;\n\t\t\t\tmargin-top: 10px;\n\t\t\t\ttext-align: center;\n\t\t\t\twidth: 50%;\n\t\t\t}\n\t\t\t#gallery-2 img {\n\t\t\t\tborder: 2px solid #cfcfcf;\n\t\t\t}\n\t\t\t#gallery-2 .gallery-caption {\n\t\t\t\tmargin-left: 0;\n\t\t\t}\n\t\t\t\/* see gallery_shortcode() in wp-includes\/media.php *\/\n\t\t<\/style>\n\t\t<div id='gallery-2' class='gallery galleryid-1161 gallery-columns-2 gallery-size-medium'><dl class='gallery-item'>\n\t\t\t<dt class='gallery-icon landscape'>\n\t\t\t\t<a href='https:\/\/perladelsud.pl\/wp-content\/uploads\/2020\/11\/psy-008.jpg'><img width=\"300\" height=\"223\" src=\"https:\/\/perladelsud.pl\/wp-content\/uploads\/2020\/11\/psy-008-300x223.jpg\" class=\"attachment-medium size-medium\" alt=\"\" decoding=\"async\" loading=\"lazy\" srcset=\"https:\/\/perladelsud.pl\/wp-content\/uploads\/2020\/11\/psy-008-300x223.jpg 300w, https:\/\/perladelsud.pl\/wp-content\/uploads\/2020\/11\/psy-008-768x572.jpg 768w, https:\/\/perladelsud.pl\/wp-content\/uploads\/2020\/11\/psy-008.jpg 1024w\" sizes=\"(max-width: 300px) 100vw, 300px\" \/><\/a>\n\t\t\t<\/dt><\/dl><dl class='gallery-item'>\n\t\t\t<dt class='gallery-icon landscape'>\n\t\t\t\t<a href='https:\/\/perladelsud.pl\/wp-content\/uploads\/2020\/11\/psy-025.jpg'><img width=\"300\" height=\"197\" src=\"https:\/\/perladelsud.pl\/wp-content\/uploads\/2020\/11\/psy-025-300x197.jpg\" class=\"attachment-medium size-medium\" alt=\"\" decoding=\"async\" loading=\"lazy\" srcset=\"https:\/\/perladelsud.pl\/wp-content\/uploads\/2020\/11\/psy-025-300x197.jpg 300w, https:\/\/perladelsud.pl\/wp-content\/uploads\/2020\/11\/psy-025-768x504.jpg 768w, https:\/\/perladelsud.pl\/wp-content\/uploads\/2020\/11\/psy-025.jpg 1024w\" sizes=\"(max-width: 300px) 100vw, 300px\" \/><\/a>\n\t\t\t<\/dt><\/dl><br style=\"clear: both\" \/><dl class='gallery-item'>\n\t\t\t<dt class='gallery-icon landscape'>\n\t\t\t\t<a href='https:\/\/perladelsud.pl\/wp-content\/uploads\/2020\/11\/psy-027.jpg'><img width=\"300\" height=\"231\" src=\"https:\/\/perladelsud.pl\/wp-content\/uploads\/2020\/11\/psy-027-300x231.jpg\" class=\"attachment-medium size-medium\" alt=\"\" decoding=\"async\" loading=\"lazy\" srcset=\"https:\/\/perladelsud.pl\/wp-content\/uploads\/2020\/11\/psy-027-300x231.jpg 300w, https:\/\/perladelsud.pl\/wp-content\/uploads\/2020\/11\/psy-027-768x592.jpg 768w, https:\/\/perladelsud.pl\/wp-content\/uploads\/2020\/11\/psy-027.jpg 996w\" sizes=\"(max-width: 300px) 100vw, 300px\" \/><\/a>\n\t\t\t<\/dt><\/dl><dl class='gallery-item'>\n\t\t\t<dt class='gallery-icon landscape'>\n\t\t\t\t<a href='https:\/\/perladelsud.pl\/wp-content\/uploads\/2020\/11\/psy-046.jpg'><img width=\"300\" height=\"185\" src=\"https:\/\/perladelsud.pl\/wp-content\/uploads\/2020\/11\/psy-046-300x185.jpg\" class=\"attachment-medium size-medium\" alt=\"\" decoding=\"async\" loading=\"lazy\" srcset=\"https:\/\/perladelsud.pl\/wp-content\/uploads\/2020\/11\/psy-046-300x185.jpg 300w, https:\/\/perladelsud.pl\/wp-content\/uploads\/2020\/11\/psy-046-768x474.jpg 768w, https:\/\/perladelsud.pl\/wp-content\/uploads\/2020\/11\/psy-046.jpg 1024w\" sizes=\"(max-width: 300px) 100vw, 300px\" \/><\/a>\n\t\t\t<\/dt><\/dl><br style=\"clear: both\" \/><dl class='gallery-item'>\n\t\t\t<dt class='gallery-icon landscape'>\n\t\t\t\t<a href='https:\/\/perladelsud.pl\/wp-content\/uploads\/2020\/11\/psy-058.jpg'><img width=\"300\" height=\"222\" src=\"https:\/\/perladelsud.pl\/wp-content\/uploads\/2020\/11\/psy-058-300x222.jpg\" class=\"attachment-medium size-medium\" alt=\"\" decoding=\"async\" loading=\"lazy\" srcset=\"https:\/\/perladelsud.pl\/wp-content\/uploads\/2020\/11\/psy-058-300x222.jpg 300w, https:\/\/perladelsud.pl\/wp-content\/uploads\/2020\/11\/psy-058-768x569.jpg 768w, https:\/\/perladelsud.pl\/wp-content\/uploads\/2020\/11\/psy-058.jpg 1024w\" sizes=\"(max-width: 300px) 100vw, 300px\" \/><\/a>\n\t\t\t<\/dt><\/dl><dl class='gallery-item'>\n\t\t\t<dt class='gallery-icon landscape'>\n\t\t\t\t<a href='https:\/\/perladelsud.pl\/wp-content\/uploads\/2020\/11\/113149496_1669870899835178_8343663857016171458_o-2.jpg'><img width=\"300\" height=\"236\" src=\"https:\/\/perladelsud.pl\/wp-content\/uploads\/2020\/11\/113149496_1669870899835178_8343663857016171458_o-2-300x236.jpg\" class=\"attachment-medium size-medium\" alt=\"\" decoding=\"async\" loading=\"lazy\" aria-describedby=\"gallery-2-1279\" srcset=\"https:\/\/perladelsud.pl\/wp-content\/uploads\/2020\/11\/113149496_1669870899835178_8343663857016171458_o-2-300x236.jpg 300w, https:\/\/perladelsud.pl\/wp-content\/uploads\/2020\/11\/113149496_1669870899835178_8343663857016171458_o-2-1024x806.jpg 1024w, https:\/\/perladelsud.pl\/wp-content\/uploads\/2020\/11\/113149496_1669870899835178_8343663857016171458_o-2-768x605.jpg 768w, https:\/\/perladelsud.pl\/wp-content\/uploads\/2020\/11\/113149496_1669870899835178_8343663857016171458_o-2-1536x1209.jpg 1536w, https:\/\/perladelsud.pl\/wp-content\/uploads\/2020\/11\/113149496_1669870899835178_8343663857016171458_o-2.jpg 1626w\" sizes=\"(max-width: 300px) 100vw, 300px\" \/><\/a>\n\t\t\t<\/dt>\n\t\t\t\t<dd class='wp-caption-text gallery-caption' id='gallery-2-1279'>\n\t\t\t\tMatka: Suzanne Prinzess Klan Biewer Rott (FCI)\u00a0<br\/> Ojciec: Tandu by Aralezo Saga\u00a0\u00a0(FCI) <br\/>  Miot R\n\t\t\t\t<\/dd><\/dl><br style=\"clear: both\" \/><dl class='gallery-item'>\n\t\t\t<dt class='gallery-icon landscape'>\n\t\t\t\t<a href='https:\/\/perladelsud.pl\/wp-content\/uploads\/2020\/11\/105519889_1287145758343321_5598944855228981714_n-1.jpg'><img width=\"300\" height=\"211\" src=\"https:\/\/perladelsud.pl\/wp-content\/uploads\/2020\/11\/105519889_1287145758343321_5598944855228981714_n-1-300x211.jpg\" class=\"attachment-medium size-medium\" alt=\"\" decoding=\"async\" loading=\"lazy\" aria-describedby=\"gallery-2-1278\" srcset=\"https:\/\/perladelsud.pl\/wp-content\/uploads\/2020\/11\/105519889_1287145758343321_5598944855228981714_n-1-300x211.jpg 300w, https:\/\/perladelsud.pl\/wp-content\/uploads\/2020\/11\/105519889_1287145758343321_5598944855228981714_n-1-1024x721.jpg 1024w, https:\/\/perladelsud.pl\/wp-content\/uploads\/2020\/11\/105519889_1287145758343321_5598944855228981714_n-1-768x541.jpg 768w, https:\/\/perladelsud.pl\/wp-content\/uploads\/2020\/11\/105519889_1287145758343321_5598944855228981714_n-1-1536x1082.jpg 1536w, https:\/\/perladelsud.pl\/wp-content\/uploads\/2020\/11\/105519889_1287145758343321_5598944855228981714_n-1.jpg 1734w\" sizes=\"(max-width: 300px) 100vw, 300px\" \/><\/a>\n\t\t\t<\/dt>\n\t\t\t\t<dd class='wp-caption-text gallery-caption' id='gallery-2-1278'>\n\t\t\t\tMatka : Hanah Noblesse Dog (FCI)<br\/> Ojciec: Tandu by Aralezo Saga  (FCI) <br\/>  Miot S\n\t\t\t\t<\/dd><\/dl>\n\t\t\t<br style='clear: both' \/>\n\t\t<\/div>\n\n<p><strong>Miot P<\/strong> urodzony 25.02.2020: 2 pieski<br \/>\nWszystkie szczeni\u0119ta znalaz\u0142y kochaj\u0105ce domki. Wi\u0119cej zdj\u0119\u0107 szczeni\u0105t w zak\u0142adce Galeria<\/p>\n\n\t\t<style type=\"text\/css\">\n\t\t\t#gallery-3 {\n\t\t\t\tmargin: auto;\n\t\t\t}\n\t\t\t#gallery-3 .gallery-item {\n\t\t\t\tfloat: left;\n\t\t\t\tmargin-top: 10px;\n\t\t\t\ttext-align: center;\n\t\t\t\twidth: 50%;\n\t\t\t}\n\t\t\t#gallery-3 img {\n\t\t\t\tborder: 2px solid #cfcfcf;\n\t\t\t}\n\t\t\t#gallery-3 .gallery-caption {\n\t\t\t\tmargin-left: 0;\n\t\t\t}\n\t\t\t\/* see gallery_shortcode() in wp-includes\/media.php *\/\n\t\t<\/style>\n\t\t<div id='gallery-3' class='gallery galleryid-1161 gallery-columns-2 gallery-size-medium'><dl class='gallery-item'>\n\t\t\t<dt class='gallery-icon landscape'>\n\t\t\t\t<a href='https:\/\/perladelsud.pl\/wp-content\/uploads\/2020\/06\/mioto-149.jpg'><img width=\"300\" height=\"200\" src=\"https:\/\/perladelsud.pl\/wp-content\/uploads\/2020\/06\/mioto-149-300x200.jpg\" class=\"attachment-medium size-medium\" alt=\"\" decoding=\"async\" loading=\"lazy\" srcset=\"https:\/\/perladelsud.pl\/wp-content\/uploads\/2020\/06\/mioto-149-300x200.jpg 300w, https:\/\/perladelsud.pl\/wp-content\/uploads\/2020\/06\/mioto-149-768x512.jpg 768w, https:\/\/perladelsud.pl\/wp-content\/uploads\/2020\/06\/mioto-149.jpg 1024w\" sizes=\"(max-width: 300px) 100vw, 300px\" \/><\/a>\n\t\t\t<\/dt><\/dl><dl class='gallery-item'>\n\t\t\t<dt class='gallery-icon landscape'>\n\t\t\t\t<a href='https:\/\/perladelsud.pl\/wp-content\/uploads\/2020\/06\/mioto-160.jpg'><img width=\"300\" height=\"202\" src=\"https:\/\/perladelsud.pl\/wp-content\/uploads\/2020\/06\/mioto-160-300x202.jpg\" class=\"attachment-medium size-medium\" alt=\"\" decoding=\"async\" loading=\"lazy\" srcset=\"https:\/\/perladelsud.pl\/wp-content\/uploads\/2020\/06\/mioto-160-300x202.jpg 300w, https:\/\/perladelsud.pl\/wp-content\/uploads\/2020\/06\/mioto-160-768x516.jpg 768w, https:\/\/perladelsud.pl\/wp-content\/uploads\/2020\/06\/mioto-160.jpg 1024w\" sizes=\"(max-width: 300px) 100vw, 300px\" \/><\/a>\n\t\t\t<\/dt><\/dl><br style=\"clear: both\" \/><dl class='gallery-item'>\n\t\t\t<dt class='gallery-icon landscape'>\n\t\t\t\t<a href='https:\/\/perladelsud.pl\/wp-content\/uploads\/2020\/06\/Obraz-005.jpg'><img width=\"300\" height=\"258\" src=\"https:\/\/perladelsud.pl\/wp-content\/uploads\/2020\/06\/Obraz-005-300x258.jpg\" class=\"attachment-medium size-medium\" alt=\"\" decoding=\"async\" loading=\"lazy\" aria-describedby=\"gallery-3-1205\" srcset=\"https:\/\/perladelsud.pl\/wp-content\/uploads\/2020\/06\/Obraz-005-300x258.jpg 300w, https:\/\/perladelsud.pl\/wp-content\/uploads\/2020\/06\/Obraz-005-1024x881.jpg 1024w, https:\/\/perladelsud.pl\/wp-content\/uploads\/2020\/06\/Obraz-005-768x661.jpg 768w, https:\/\/perladelsud.pl\/wp-content\/uploads\/2020\/06\/Obraz-005.jpg 1364w\" sizes=\"(max-width: 300px) 100vw, 300px\" \/><\/a>\n\t\t\t<\/dt>\n\t\t\t\t<dd class='wp-caption-text gallery-caption' id='gallery-3-1205'>\n\t\t\t\tMatka: Betina Perla del Sud  (FCI)\n\t\t\t\t<\/dd><\/dl><dl class='gallery-item'>\n\t\t\t<dt class='gallery-icon portrait'>\n\t\t\t\t<a href='https:\/\/perladelsud.pl\/wp-content\/uploads\/2020\/06\/szecz-497.jpg'><img width=\"269\" height=\"300\" src=\"https:\/\/perladelsud.pl\/wp-content\/uploads\/2020\/06\/szecz-497-269x300.jpg\" class=\"attachment-medium size-medium\" alt=\"\" decoding=\"async\" loading=\"lazy\" aria-describedby=\"gallery-3-1206\" srcset=\"https:\/\/perladelsud.pl\/wp-content\/uploads\/2020\/06\/szecz-497-269x300.jpg 269w, https:\/\/perladelsud.pl\/wp-content\/uploads\/2020\/06\/szecz-497.jpg 720w\" sizes=\"(max-width: 269px) 100vw, 269px\" \/><\/a>\n\t\t\t<\/dt>\n\t\t\t\t<dd class='wp-caption-text gallery-caption' id='gallery-3-1206'>\n\t\t\t\tOjciec: Tandu by Aralezo Saga  (FCI)\n\t\t\t\t<\/dd><\/dl><br style=\"clear: both\" \/>\n\t\t<\/div>\n\n<p><strong>Miot O<\/strong> urodzony 14.02.2020: 2 suczki 2 pieski<br \/>\nWszystkie szczeni\u0119ta znalaz\u0142y kochaj\u0105ce domki. Wi\u0119cej zdj\u0119\u0107 szczeni\u0105t w zak\u0142adce Galeria<\/p>\n\n\t\t<style type=\"text\/css\">\n\t\t\t#gallery-4 {\n\t\t\t\tmargin: auto;\n\t\t\t}\n\t\t\t#gallery-4 .gallery-item {\n\t\t\t\tfloat: left;\n\t\t\t\tmargin-top: 10px;\n\t\t\t\ttext-align: center;\n\t\t\t\twidth: 50%;\n\t\t\t}\n\t\t\t#gallery-4 img {\n\t\t\t\tborder: 2px solid #cfcfcf;\n\t\t\t}\n\t\t\t#gallery-4 .gallery-caption {\n\t\t\t\tmargin-left: 0;\n\t\t\t}\n\t\t\t\/* see gallery_shortcode() in wp-includes\/media.php *\/\n\t\t<\/style>\n\t\t<div id='gallery-4' class='gallery galleryid-1161 gallery-columns-2 gallery-size-medium'><dl class='gallery-item'>\n\t\t\t<dt class='gallery-icon landscape'>\n\t\t\t\t<a href='https:\/\/perladelsud.pl\/wp-content\/uploads\/2020\/05\/mioto-063.jpg'><img width=\"300\" height=\"285\" src=\"https:\/\/perladelsud.pl\/wp-content\/uploads\/2020\/05\/mioto-063-300x285.jpg\" class=\"attachment-medium size-medium\" alt=\"\" decoding=\"async\" loading=\"lazy\" srcset=\"https:\/\/perladelsud.pl\/wp-content\/uploads\/2020\/05\/mioto-063-300x285.jpg 300w, https:\/\/perladelsud.pl\/wp-content\/uploads\/2020\/05\/mioto-063-768x729.jpg 768w, https:\/\/perladelsud.pl\/wp-content\/uploads\/2020\/05\/mioto-063.jpg 809w\" sizes=\"(max-width: 300px) 100vw, 300px\" \/><\/a>\n\t\t\t<\/dt><\/dl><dl class='gallery-item'>\n\t\t\t<dt class='gallery-icon landscape'>\n\t\t\t\t<a href='https:\/\/perladelsud.pl\/wp-content\/uploads\/2020\/05\/mioto-088.jpg'><img width=\"300\" height=\"266\" src=\"https:\/\/perladelsud.pl\/wp-content\/uploads\/2020\/05\/mioto-088-300x266.jpg\" class=\"attachment-medium size-medium\" alt=\"\" decoding=\"async\" loading=\"lazy\" srcset=\"https:\/\/perladelsud.pl\/wp-content\/uploads\/2020\/05\/mioto-088-300x266.jpg 300w, https:\/\/perladelsud.pl\/wp-content\/uploads\/2020\/05\/mioto-088-768x680.jpg 768w, https:\/\/perladelsud.pl\/wp-content\/uploads\/2020\/05\/mioto-088.jpg 867w\" sizes=\"(max-width: 300px) 100vw, 300px\" \/><\/a>\n\t\t\t<\/dt><\/dl><br style=\"clear: both\" \/><dl class='gallery-item'>\n\t\t\t<dt class='gallery-icon landscape'>\n\t\t\t\t<a href='https:\/\/perladelsud.pl\/wp-content\/uploads\/2020\/05\/mioto-093.jpg'><img width=\"300\" height=\"263\" src=\"https:\/\/perladelsud.pl\/wp-content\/uploads\/2020\/05\/mioto-093-300x263.jpg\" class=\"attachment-medium size-medium\" alt=\"\" decoding=\"async\" loading=\"lazy\" srcset=\"https:\/\/perladelsud.pl\/wp-content\/uploads\/2020\/05\/mioto-093-300x263.jpg 300w, https:\/\/perladelsud.pl\/wp-content\/uploads\/2020\/05\/mioto-093-768x673.jpg 768w, https:\/\/perladelsud.pl\/wp-content\/uploads\/2020\/05\/mioto-093.jpg 877w\" sizes=\"(max-width: 300px) 100vw, 300px\" \/><\/a>\n\t\t\t<\/dt><\/dl><dl class='gallery-item'>\n\t\t\t<dt class='gallery-icon portrait'>\n\t\t\t\t<a href='https:\/\/perladelsud.pl\/wp-content\/uploads\/2020\/05\/mioto-109.jpg'><img width=\"296\" height=\"300\" src=\"https:\/\/perladelsud.pl\/wp-content\/uploads\/2020\/05\/mioto-109-296x300.jpg\" class=\"attachment-medium size-medium\" alt=\"\" decoding=\"async\" loading=\"lazy\" srcset=\"https:\/\/perladelsud.pl\/wp-content\/uploads\/2020\/05\/mioto-109-296x300.jpg 296w, https:\/\/perladelsud.pl\/wp-content\/uploads\/2020\/05\/mioto-109.jpg 768w\" sizes=\"(max-width: 296px) 100vw, 296px\" \/><\/a>\n\t\t\t<\/dt><\/dl><br style=\"clear: both\" \/><dl class='gallery-item'>\n\t\t\t<dt class='gallery-icon portrait'>\n\t\t\t\t<a href='https:\/\/perladelsud.pl\/wp-content\/uploads\/2020\/05\/83620949_1508366575985612_3190917837707280384_o.jpg'><img width=\"262\" height=\"300\" src=\"https:\/\/perladelsud.pl\/wp-content\/uploads\/2020\/05\/83620949_1508366575985612_3190917837707280384_o-262x300.jpg\" class=\"attachment-medium size-medium\" alt=\"\" decoding=\"async\" loading=\"lazy\" aria-describedby=\"gallery-4-1146\" srcset=\"https:\/\/perladelsud.pl\/wp-content\/uploads\/2020\/05\/83620949_1508366575985612_3190917837707280384_o-262x300.jpg 262w, https:\/\/perladelsud.pl\/wp-content\/uploads\/2020\/05\/83620949_1508366575985612_3190917837707280384_o-768x879.jpg 768w, https:\/\/perladelsud.pl\/wp-content\/uploads\/2020\/05\/83620949_1508366575985612_3190917837707280384_o-894x1024.jpg 894w, https:\/\/perladelsud.pl\/wp-content\/uploads\/2020\/05\/83620949_1508366575985612_3190917837707280384_o.jpg 1048w\" sizes=\"(max-width: 262px) 100vw, 262px\" \/><\/a>\n\t\t\t<\/dt>\n\t\t\t\t<dd class='wp-caption-text gallery-caption' id='gallery-4-1146'>\n\t\t\t\t Matka: Mery Klan Biewer Rott (FCI)\n\t\t\t\t<\/dd><\/dl><dl class='gallery-item'>\n\t\t\t<dt class='gallery-icon portrait'>\n\t\t\t\t<a href='https:\/\/perladelsud.pl\/wp-content\/uploads\/2020\/05\/84413716_2547809842099254_1426748166765543424_o.jpg'><img width=\"234\" height=\"300\" src=\"https:\/\/perladelsud.pl\/wp-content\/uploads\/2020\/05\/84413716_2547809842099254_1426748166765543424_o-234x300.jpg\" class=\"attachment-medium size-medium\" alt=\"\" decoding=\"async\" loading=\"lazy\" aria-describedby=\"gallery-4-1147\" srcset=\"https:\/\/perladelsud.pl\/wp-content\/uploads\/2020\/05\/84413716_2547809842099254_1426748166765543424_o-234x300.jpg 234w, https:\/\/perladelsud.pl\/wp-content\/uploads\/2020\/05\/84413716_2547809842099254_1426748166765543424_o-768x985.jpg 768w, https:\/\/perladelsud.pl\/wp-content\/uploads\/2020\/05\/84413716_2547809842099254_1426748166765543424_o-799x1024.jpg 799w, https:\/\/perladelsud.pl\/wp-content\/uploads\/2020\/05\/84413716_2547809842099254_1426748166765543424_o.jpg 1382w\" sizes=\"(max-width: 234px) 100vw, 234px\" \/><\/a>\n\t\t\t<\/dt>\n\t\t\t\t<dd class='wp-caption-text gallery-caption' id='gallery-4-1147'>\n\t\t\t\t Tandu by Aralezo Saga  (FCI)\n\t\t\t\t<\/dd><\/dl><br style=\"clear: both\" \/>\n\t\t<\/div>\n\n<p>&nbsp;<\/p>\n","protected":false},"excerpt":{"rendered":"<p>Miot T urodzony 04.10.2020 : 2 suczki i 2 pieski Wszystkie szczeni\u0119ta znalaz\u0142y kochaj\u0105ce domki. Wi\u0119cej zdj\u0119\u0107 szczeni\u0105t w zak\u0142adce Galeria Miot R i S urodzony 13.07.2020: i 19.07,2020: 2 <a class=\"more-link\" href=\"https:\/\/perladelsud.pl\/index.php\/pl\/szczeniaki\/miot-2020-r\/\">Continue Reading \u2192<\/a><\/p>\n","protected":false},"author":1,"featured_media":0,"parent":163,"menu_order":0,"comment_status":"closed","ping_status":"closed","template":"","meta":[],"_links":{"self":[{"href":"https:\/\/perladelsud.pl\/index.php\/wp-json\/wp\/v2\/pages\/1161"}],"collection":[{"href":"https:\/\/perladelsud.pl\/index.php\/wp-json\/wp\/v2\/pages"}],"about":[{"href":"https:\/\/perladelsud.pl\/index.php\/wp-json\/wp\/v2\/types\/page"}],"author":[{"embeddable":true,"href":"https:\/\/perladelsud.pl\/index.php\/wp-json\/wp\/v2\/users\/1"}],"replies":[{"embeddable":true,"href":"https:\/\/perladelsud.pl\/index.php\/wp-json\/wp\/v2\/comments?post=1161"}],"version-history":[{"count":4,"href":"https:\/\/perladelsud.pl\/index.php\/wp-json\/wp\/v2\/pages\/1161\/revisions"}],"predecessor-version":[{"id":1338,"href":"https:\/\/perladelsud.pl\/index.php\/wp-json\/wp\/v2\/pages\/1161\/revisions\/1338"}],"up":[{"embeddable":true,"href":"https:\/\/perladelsud.pl\/index.php\/wp-json\/wp\/v2\/pages\/163"}],"wp:attachment":[{"href":"https:\/\/perladelsud.pl\/index.php\/wp-json\/wp\/v2\/media?parent=1161"}],"curies":[{"name":"wp","href":"https:\/\/api.w.org\/{rel}","templated":true}]}}