{"id":1209,"date":"2020-06-03T09:19:12","date_gmt":"2020-06-03T07:19:12","guid":{"rendered":"https:\/\/perladelsud.pl\/?page_id=1209"},"modified":"2020-11-24T10:01:19","modified_gmt":"2020-11-24T09:01:19","slug":"miot-p","status":"publish","type":"page","link":"https:\/\/perladelsud.pl\/index.php\/pl\/szczeniaki\/miot-2020-r\/miot-p\/","title":{"rendered":"Miot P"},"content":{"rendered":"<p><strong>Miot P<\/strong> urodzony 25.02.2020: 2 pieski<br \/>\nWszystkie szczeni\u0119ta znalaz\u0142y kochaj\u0105ce domki. Wi\u0119cej zdj\u0119\u0107 szczeni\u0105t w zak\u0142adce Galeria<\/p>\n\n\t\t<style type=\"text\/css\">\n\t\t\t#gallery-1 {\n\t\t\t\tmargin: auto;\n\t\t\t}\n\t\t\t#gallery-1 .gallery-item {\n\t\t\t\tfloat: left;\n\t\t\t\tmargin-top: 10px;\n\t\t\t\ttext-align: center;\n\t\t\t\twidth: 50%;\n\t\t\t}\n\t\t\t#gallery-1 img {\n\t\t\t\tborder: 2px solid #cfcfcf;\n\t\t\t}\n\t\t\t#gallery-1 .gallery-caption {\n\t\t\t\tmargin-left: 0;\n\t\t\t}\n\t\t\t\/* see gallery_shortcode() in wp-includes\/media.php *\/\n\t\t<\/style>\n\t\t<div id='gallery-1' class='gallery galleryid-1209 gallery-columns-2 gallery-size-medium'><dl class='gallery-item'>\n\t\t\t<dt class='gallery-icon landscape'>\n\t\t\t\t<a href='https:\/\/perladelsud.pl\/wp-content\/uploads\/2020\/06\/mioto-149.jpg'><img width=\"300\" height=\"200\" src=\"https:\/\/perladelsud.pl\/wp-content\/uploads\/2020\/06\/mioto-149-300x200.jpg\" class=\"attachment-medium size-medium\" alt=\"\" decoding=\"async\" loading=\"lazy\" srcset=\"https:\/\/perladelsud.pl\/wp-content\/uploads\/2020\/06\/mioto-149-300x200.jpg 300w, https:\/\/perladelsud.pl\/wp-content\/uploads\/2020\/06\/mioto-149-768x512.jpg 768w, https:\/\/perladelsud.pl\/wp-content\/uploads\/2020\/06\/mioto-149.jpg 1024w\" sizes=\"(max-width: 300px) 100vw, 300px\" \/><\/a>\n\t\t\t<\/dt><\/dl><dl class='gallery-item'>\n\t\t\t<dt class='gallery-icon landscape'>\n\t\t\t\t<a href='https:\/\/perladelsud.pl\/wp-content\/uploads\/2020\/06\/mioto-160.jpg'><img width=\"300\" height=\"202\" src=\"https:\/\/perladelsud.pl\/wp-content\/uploads\/2020\/06\/mioto-160-300x202.jpg\" class=\"attachment-medium size-medium\" alt=\"\" decoding=\"async\" loading=\"lazy\" srcset=\"https:\/\/perladelsud.pl\/wp-content\/uploads\/2020\/06\/mioto-160-300x202.jpg 300w, https:\/\/perladelsud.pl\/wp-content\/uploads\/2020\/06\/mioto-160-768x516.jpg 768w, https:\/\/perladelsud.pl\/wp-content\/uploads\/2020\/06\/mioto-160.jpg 1024w\" sizes=\"(max-width: 300px) 100vw, 300px\" \/><\/a>\n\t\t\t<\/dt><\/dl><br style=\"clear: both\" \/><dl class='gallery-item'>\n\t\t\t<dt class='gallery-icon landscape'>\n\t\t\t\t<a href='https:\/\/perladelsud.pl\/wp-content\/uploads\/2020\/06\/Obraz-005.jpg'><img width=\"300\" height=\"258\" src=\"https:\/\/perladelsud.pl\/wp-content\/uploads\/2020\/06\/Obraz-005-300x258.jpg\" class=\"attachment-medium size-medium\" alt=\"\" decoding=\"async\" loading=\"lazy\" aria-describedby=\"gallery-1-1205\" srcset=\"https:\/\/perladelsud.pl\/wp-content\/uploads\/2020\/06\/Obraz-005-300x258.jpg 300w, https:\/\/perladelsud.pl\/wp-content\/uploads\/2020\/06\/Obraz-005-1024x881.jpg 1024w, https:\/\/perladelsud.pl\/wp-content\/uploads\/2020\/06\/Obraz-005-768x661.jpg 768w, https:\/\/perladelsud.pl\/wp-content\/uploads\/2020\/06\/Obraz-005.jpg 1364w\" sizes=\"(max-width: 300px) 100vw, 300px\" \/><\/a>\n\t\t\t<\/dt>\n\t\t\t\t<dd class='wp-caption-text gallery-caption' id='gallery-1-1205'>\n\t\t\t\tMatka: Betina Perla del Sud  (FCI)\n\t\t\t\t<\/dd><\/dl><dl class='gallery-item'>\n\t\t\t<dt class='gallery-icon portrait'>\n\t\t\t\t<a href='https:\/\/perladelsud.pl\/wp-content\/uploads\/2020\/06\/szecz-497.jpg'><img width=\"269\" height=\"300\" src=\"https:\/\/perladelsud.pl\/wp-content\/uploads\/2020\/06\/szecz-497-269x300.jpg\" class=\"attachment-medium size-medium\" alt=\"\" decoding=\"async\" loading=\"lazy\" aria-describedby=\"gallery-1-1206\" srcset=\"https:\/\/perladelsud.pl\/wp-content\/uploads\/2020\/06\/szecz-497-269x300.jpg 269w, https:\/\/perladelsud.pl\/wp-content\/uploads\/2020\/06\/szecz-497.jpg 720w\" sizes=\"(max-width: 269px) 100vw, 269px\" \/><\/a>\n\t\t\t<\/dt>\n\t\t\t\t<dd class='wp-caption-text gallery-caption' id='gallery-1-1206'>\n\t\t\t\tOjciec: Tandu by Aralezo Saga  (FCI)\n\t\t\t\t<\/dd><\/dl><br style=\"clear: both\" \/>\n\t\t<\/div>\n\n","protected":false},"excerpt":{"rendered":"<p>Miot P urodzony 25.02.2020: 2 pieski Wszystkie szczeni\u0119ta znalaz\u0142y kochaj\u0105ce domki. Wi\u0119cej zdj\u0119\u0107 szczeni\u0105t w zak\u0142adce Galeria<\/p>\n","protected":false},"author":1,"featured_media":0,"parent":1161,"menu_order":3,"comment_status":"closed","ping_status":"closed","template":"","meta":[],"_links":{"self":[{"href":"https:\/\/perladelsud.pl\/index.php\/wp-json\/wp\/v2\/pages\/1209"}],"collection":[{"href":"https:\/\/perladelsud.pl\/index.php\/wp-json\/wp\/v2\/pages"}],"about":[{"href":"https:\/\/perladelsud.pl\/index.php\/wp-json\/wp\/v2\/types\/page"}],"author":[{"embeddable":true,"href":"https:\/\/perladelsud.pl\/index.php\/wp-json\/wp\/v2\/users\/1"}],"replies":[{"embeddable":true,"href":"https:\/\/perladelsud.pl\/index.php\/wp-json\/wp\/v2\/comments?post=1209"}],"version-history":[{"count":1,"href":"https:\/\/perladelsud.pl\/index.php\/wp-json\/wp\/v2\/pages\/1209\/revisions"}],"predecessor-version":[{"id":1210,"href":"https:\/\/perladelsud.pl\/index.php\/wp-json\/wp\/v2\/pages\/1209\/revisions\/1210"}],"up":[{"embeddable":true,"href":"https:\/\/perladelsud.pl\/index.php\/wp-json\/wp\/v2\/pages\/1161"}],"wp:attachment":[{"href":"https:\/\/perladelsud.pl\/index.php\/wp-json\/wp\/v2\/media?parent=1209"}],"curies":[{"name":"wp","href":"https:\/\/api.w.org\/{rel}","templated":true}]}}

<p><strong>Miot P</strong> urodzony 25.02.2020: 2 pieski<br />
Wszystkie szczenięta znalazły kochające domki. Więcej zdjęć szczeniąt w zakładce Galeria</p>

		<style type="text/css">
			#gallery-1 {
				margin: auto;
			}
			#gallery-1 .gallery-item {
				float: left;
				margin-top: 10px;
				text-align: center;
				width: 50%;
			}
			#gallery-1 img {
				border: 2px solid #cfcfcf;
			}
			#gallery-1 .gallery-caption {
				margin-left: 0;
			}
			/* see gallery_shortcode() in wp-includes/media.php */
		</style>
		<div id='gallery-1' class='gallery galleryid-1209 gallery-columns-2 gallery-size-medium'><dl class='gallery-item'>
			<dt class='gallery-icon landscape'>
				<a href='https://perladelsud.pl/wp-content/uploads/2020/06/mioto-149.jpg'><img width="300" height="200" src="https://perladelsud.pl/wp-content/uploads/2020/06/mioto-149-300x200.jpg" class="attachment-medium size-medium" alt="" decoding="async" loading="lazy" srcset="https://perladelsud.pl/wp-content/uploads/2020/06/mioto-149-300x200.jpg 300w, https://perladelsud.pl/wp-content/uploads/2020/06/mioto-149-768x512.jpg 768w, https://perladelsud.pl/wp-content/uploads/2020/06/mioto-149.jpg 1024w" sizes="(max-width: 300px) 100vw, 300px" /></a>
			</dt></dl><dl class='gallery-item'>
			<dt class='gallery-icon landscape'>
				<a href='https://perladelsud.pl/wp-content/uploads/2020/06/mioto-160.jpg'><img width="300" height="202" src="https://perladelsud.pl/wp-content/uploads/2020/06/mioto-160-300x202.jpg" class="attachment-medium size-medium" alt="" decoding="async" loading="lazy" srcset="https://perladelsud.pl/wp-content/uploads/2020/06/mioto-160-300x202.jpg 300w, https://perladelsud.pl/wp-content/uploads/2020/06/mioto-160-768x516.jpg 768w, https://perladelsud.pl/wp-content/uploads/2020/06/mioto-160.jpg 1024w" sizes="(max-width: 300px) 100vw, 300px" /></a>
			</dt></dl><br style="clear: both" /><dl class='gallery-item'>
			<dt class='gallery-icon landscape'>
				<a href='https://perladelsud.pl/wp-content/uploads/2020/06/Obraz-005.jpg'><img width="300" height="258" src="https://perladelsud.pl/wp-content/uploads/2020/06/Obraz-005-300x258.jpg" class="attachment-medium size-medium" alt="" decoding="async" loading="lazy" aria-describedby="gallery-1-1205" srcset="https://perladelsud.pl/wp-content/uploads/2020/06/Obraz-005-300x258.jpg 300w, https://perladelsud.pl/wp-content/uploads/2020/06/Obraz-005-1024x881.jpg 1024w, https://perladelsud.pl/wp-content/uploads/2020/06/Obraz-005-768x661.jpg 768w, https://perladelsud.pl/wp-content/uploads/2020/06/Obraz-005.jpg 1364w" sizes="(max-width: 300px) 100vw, 300px" /></a>
			</dt>
				<dd class='wp-caption-text gallery-caption' id='gallery-1-1205'>
				Matka: Betina Perla del Sud  (FCI)
				</dd></dl><dl class='gallery-item'>
			<dt class='gallery-icon portrait'>
				<a href='https://perladelsud.pl/wp-content/uploads/2020/06/szecz-497.jpg'><img width="269" height="300" src="https://perladelsud.pl/wp-content/uploads/2020/06/szecz-497-269x300.jpg" class="attachment-medium size-medium" alt="" decoding="async" loading="lazy" aria-describedby="gallery-1-1206" srcset="https://perladelsud.pl/wp-content/uploads/2020/06/szecz-497-269x300.jpg 269w, https://perladelsud.pl/wp-content/uploads/2020/06/szecz-497.jpg 720w" sizes="(max-width: 269px) 100vw, 269px" /></a>
			</dt>
				<dd class='wp-caption-text gallery-caption' id='gallery-1-1206'>
				Ojciec: Tandu by Aralezo Saga  (FCI)
				</dd></dl><br style="clear: both" />
		</div>

<p>Miot P urodzony 25.02.2020: 2 pieski Wszystkie szczenięta znalazły kochające domki. Więcej zdjęć szczeniąt w zakładce Galeria</p>
