{"id":1299,"date":"2020-11-24T10:03:10","date_gmt":"2020-11-24T09:03:10","guid":{"rendered":"https:\/\/perladelsud.pl\/?page_id=1299"},"modified":"2020-11-24T10:03:10","modified_gmt":"2020-11-24T09:03:10","slug":"miot-r-i-s","status":"publish","type":"page","link":"https:\/\/perladelsud.pl\/index.php\/pl\/szczeniaki\/miot-2020-r\/miot-r-i-s\/","title":{"rendered":"Miot R i S"},"content":{"rendered":"<p><strong>Miot R i S<\/strong> urodzony 13.07.2020: i 19.07,2020: 2 suczki i 3 pieski<br \/>\nWszystkie szczeni\u0119ta znalaz\u0142y kochaj\u0105ce domki. Wi\u0119cej zdj\u0119\u0107 szczeni\u0105t w zak\u0142adce Galeria<\/p>\n\n\t\t<style type=\"text\/css\">\n\t\t\t#gallery-1 {\n\t\t\t\tmargin: auto;\n\t\t\t}\n\t\t\t#gallery-1 .gallery-item {\n\t\t\t\tfloat: left;\n\t\t\t\tmargin-top: 10px;\n\t\t\t\ttext-align: center;\n\t\t\t\twidth: 50%;\n\t\t\t}\n\t\t\t#gallery-1 img {\n\t\t\t\tborder: 2px solid #cfcfcf;\n\t\t\t}\n\t\t\t#gallery-1 .gallery-caption {\n\t\t\t\tmargin-left: 0;\n\t\t\t}\n\t\t\t\/* see gallery_shortcode() in wp-includes\/media.php *\/\n\t\t<\/style>\n\t\t<div id='gallery-1' class='gallery galleryid-1299 gallery-columns-2 gallery-size-medium'><dl class='gallery-item'>\n\t\t\t<dt class='gallery-icon landscape'>\n\t\t\t\t<a href='https:\/\/perladelsud.pl\/wp-content\/uploads\/2020\/11\/psy-008.jpg'><img width=\"300\" height=\"223\" src=\"https:\/\/perladelsud.pl\/wp-content\/uploads\/2020\/11\/psy-008-300x223.jpg\" class=\"attachment-medium size-medium\" alt=\"\" decoding=\"async\" loading=\"lazy\" srcset=\"https:\/\/perladelsud.pl\/wp-content\/uploads\/2020\/11\/psy-008-300x223.jpg 300w, https:\/\/perladelsud.pl\/wp-content\/uploads\/2020\/11\/psy-008-768x572.jpg 768w, https:\/\/perladelsud.pl\/wp-content\/uploads\/2020\/11\/psy-008.jpg 1024w\" sizes=\"(max-width: 300px) 100vw, 300px\" \/><\/a>\n\t\t\t<\/dt><\/dl><dl class='gallery-item'>\n\t\t\t<dt class='gallery-icon landscape'>\n\t\t\t\t<a href='https:\/\/perladelsud.pl\/wp-content\/uploads\/2020\/11\/psy-025.jpg'><img width=\"300\" height=\"197\" src=\"https:\/\/perladelsud.pl\/wp-content\/uploads\/2020\/11\/psy-025-300x197.jpg\" class=\"attachment-medium size-medium\" alt=\"\" decoding=\"async\" loading=\"lazy\" srcset=\"https:\/\/perladelsud.pl\/wp-content\/uploads\/2020\/11\/psy-025-300x197.jpg 300w, https:\/\/perladelsud.pl\/wp-content\/uploads\/2020\/11\/psy-025-768x504.jpg 768w, https:\/\/perladelsud.pl\/wp-content\/uploads\/2020\/11\/psy-025.jpg 1024w\" sizes=\"(max-width: 300px) 100vw, 300px\" \/><\/a>\n\t\t\t<\/dt><\/dl><br style=\"clear: both\" \/><dl class='gallery-item'>\n\t\t\t<dt class='gallery-icon landscape'>\n\t\t\t\t<a href='https:\/\/perladelsud.pl\/wp-content\/uploads\/2020\/11\/psy-027.jpg'><img width=\"300\" height=\"231\" src=\"https:\/\/perladelsud.pl\/wp-content\/uploads\/2020\/11\/psy-027-300x231.jpg\" class=\"attachment-medium size-medium\" alt=\"\" decoding=\"async\" loading=\"lazy\" srcset=\"https:\/\/perladelsud.pl\/wp-content\/uploads\/2020\/11\/psy-027-300x231.jpg 300w, https:\/\/perladelsud.pl\/wp-content\/uploads\/2020\/11\/psy-027-768x592.jpg 768w, https:\/\/perladelsud.pl\/wp-content\/uploads\/2020\/11\/psy-027.jpg 996w\" sizes=\"(max-width: 300px) 100vw, 300px\" \/><\/a>\n\t\t\t<\/dt><\/dl><dl class='gallery-item'>\n\t\t\t<dt class='gallery-icon landscape'>\n\t\t\t\t<a href='https:\/\/perladelsud.pl\/wp-content\/uploads\/2020\/11\/psy-046.jpg'><img width=\"300\" height=\"185\" src=\"https:\/\/perladelsud.pl\/wp-content\/uploads\/2020\/11\/psy-046-300x185.jpg\" class=\"attachment-medium size-medium\" alt=\"\" decoding=\"async\" loading=\"lazy\" srcset=\"https:\/\/perladelsud.pl\/wp-content\/uploads\/2020\/11\/psy-046-300x185.jpg 300w, https:\/\/perladelsud.pl\/wp-content\/uploads\/2020\/11\/psy-046-768x474.jpg 768w, https:\/\/perladelsud.pl\/wp-content\/uploads\/2020\/11\/psy-046.jpg 1024w\" sizes=\"(max-width: 300px) 100vw, 300px\" \/><\/a>\n\t\t\t<\/dt><\/dl><br style=\"clear: both\" \/><dl class='gallery-item'>\n\t\t\t<dt class='gallery-icon landscape'>\n\t\t\t\t<a href='https:\/\/perladelsud.pl\/wp-content\/uploads\/2020\/11\/psy-058.jpg'><img width=\"300\" height=\"222\" src=\"https:\/\/perladelsud.pl\/wp-content\/uploads\/2020\/11\/psy-058-300x222.jpg\" class=\"attachment-medium size-medium\" alt=\"\" decoding=\"async\" loading=\"lazy\" srcset=\"https:\/\/perladelsud.pl\/wp-content\/uploads\/2020\/11\/psy-058-300x222.jpg 300w, https:\/\/perladelsud.pl\/wp-content\/uploads\/2020\/11\/psy-058-768x569.jpg 768w, https:\/\/perladelsud.pl\/wp-content\/uploads\/2020\/11\/psy-058.jpg 1024w\" sizes=\"(max-width: 300px) 100vw, 300px\" \/><\/a>\n\t\t\t<\/dt><\/dl><dl class='gallery-item'>\n\t\t\t<dt class='gallery-icon landscape'>\n\t\t\t\t<a href='https:\/\/perladelsud.pl\/wp-content\/uploads\/2020\/11\/113149496_1669870899835178_8343663857016171458_o-2.jpg'><img width=\"300\" height=\"236\" src=\"https:\/\/perladelsud.pl\/wp-content\/uploads\/2020\/11\/113149496_1669870899835178_8343663857016171458_o-2-300x236.jpg\" class=\"attachment-medium size-medium\" alt=\"\" decoding=\"async\" loading=\"lazy\" aria-describedby=\"gallery-1-1279\" srcset=\"https:\/\/perladelsud.pl\/wp-content\/uploads\/2020\/11\/113149496_1669870899835178_8343663857016171458_o-2-300x236.jpg 300w, https:\/\/perladelsud.pl\/wp-content\/uploads\/2020\/11\/113149496_1669870899835178_8343663857016171458_o-2-1024x806.jpg 1024w, https:\/\/perladelsud.pl\/wp-content\/uploads\/2020\/11\/113149496_1669870899835178_8343663857016171458_o-2-768x605.jpg 768w, https:\/\/perladelsud.pl\/wp-content\/uploads\/2020\/11\/113149496_1669870899835178_8343663857016171458_o-2-1536x1209.jpg 1536w, https:\/\/perladelsud.pl\/wp-content\/uploads\/2020\/11\/113149496_1669870899835178_8343663857016171458_o-2.jpg 1626w\" sizes=\"(max-width: 300px) 100vw, 300px\" \/><\/a>\n\t\t\t<\/dt>\n\t\t\t\t<dd class='wp-caption-text gallery-caption' id='gallery-1-1279'>\n\t\t\t\tMatka: Suzanne Prinzess Klan Biewer Rott (FCI)\u00a0<br\/> Ojciec: Tandu by Aralezo Saga\u00a0\u00a0(FCI) <br\/>  Miot R\n\t\t\t\t<\/dd><\/dl><br style=\"clear: both\" \/><dl class='gallery-item'>\n\t\t\t<dt class='gallery-icon landscape'>\n\t\t\t\t<a href='https:\/\/perladelsud.pl\/wp-content\/uploads\/2020\/11\/105519889_1287145758343321_5598944855228981714_n-1.jpg'><img width=\"300\" height=\"211\" src=\"https:\/\/perladelsud.pl\/wp-content\/uploads\/2020\/11\/105519889_1287145758343321_5598944855228981714_n-1-300x211.jpg\" class=\"attachment-medium size-medium\" alt=\"\" decoding=\"async\" loading=\"lazy\" aria-describedby=\"gallery-1-1278\" srcset=\"https:\/\/perladelsud.pl\/wp-content\/uploads\/2020\/11\/105519889_1287145758343321_5598944855228981714_n-1-300x211.jpg 300w, https:\/\/perladelsud.pl\/wp-content\/uploads\/2020\/11\/105519889_1287145758343321_5598944855228981714_n-1-1024x721.jpg 1024w, https:\/\/perladelsud.pl\/wp-content\/uploads\/2020\/11\/105519889_1287145758343321_5598944855228981714_n-1-768x541.jpg 768w, https:\/\/perladelsud.pl\/wp-content\/uploads\/2020\/11\/105519889_1287145758343321_5598944855228981714_n-1-1536x1082.jpg 1536w, https:\/\/perladelsud.pl\/wp-content\/uploads\/2020\/11\/105519889_1287145758343321_5598944855228981714_n-1.jpg 1734w\" sizes=\"(max-width: 300px) 100vw, 300px\" \/><\/a>\n\t\t\t<\/dt>\n\t\t\t\t<dd class='wp-caption-text gallery-caption' id='gallery-1-1278'>\n\t\t\t\tMatka : Hanah Noblesse Dog (FCI)<br\/> Ojciec: Tandu by Aralezo Saga  (FCI) <br\/>  Miot S\n\t\t\t\t<\/dd><\/dl>\n\t\t\t<br style='clear: both' \/>\n\t\t<\/div>\n\n","protected":false},"excerpt":{"rendered":"<p>Miot R i S urodzony 13.07.2020: i 19.07,2020: 2 suczki i 3 pieski Wszystkie szczeni\u0119ta znalaz\u0142y kochaj\u0105ce domki. Wi\u0119cej zdj\u0119\u0107 szczeni\u0105t w zak\u0142adce Galeria<\/p>\n","protected":false},"author":1,"featured_media":0,"parent":1161,"menu_order":2,"comment_status":"closed","ping_status":"closed","template":"","meta":[],"_links":{"self":[{"href":"https:\/\/perladelsud.pl\/index.php\/wp-json\/wp\/v2\/pages\/1299"}],"collection":[{"href":"https:\/\/perladelsud.pl\/index.php\/wp-json\/wp\/v2\/pages"}],"about":[{"href":"https:\/\/perladelsud.pl\/index.php\/wp-json\/wp\/v2\/types\/page"}],"author":[{"embeddable":true,"href":"https:\/\/perladelsud.pl\/index.php\/wp-json\/wp\/v2\/users\/1"}],"replies":[{"embeddable":true,"href":"https:\/\/perladelsud.pl\/index.php\/wp-json\/wp\/v2\/comments?post=1299"}],"version-history":[{"count":1,"href":"https:\/\/perladelsud.pl\/index.php\/wp-json\/wp\/v2\/pages\/1299\/revisions"}],"predecessor-version":[{"id":1300,"href":"https:\/\/perladelsud.pl\/index.php\/wp-json\/wp\/v2\/pages\/1299\/revisions\/1300"}],"up":[{"embeddable":true,"href":"https:\/\/perladelsud.pl\/index.php\/wp-json\/wp\/v2\/pages\/1161"}],"wp:attachment":[{"href":"https:\/\/perladelsud.pl\/index.php\/wp-json\/wp\/v2\/media?parent=1299"}],"curies":[{"name":"wp","href":"https:\/\/api.w.org\/{rel}","templated":true}]}}