{"id":1448,"date":"2021-09-16T14:18:29","date_gmt":"2021-09-16T12:18:29","guid":{"rendered":"https:\/\/perladelsud.pl\/?page_id=1448"},"modified":"2021-09-16T14:18:29","modified_gmt":"2021-09-16T12:18:29","slug":"miot-w","status":"publish","type":"page","link":"https:\/\/perladelsud.pl\/index.php\/pl\/szczeniaki\/miot-2021-r\/miot-w\/","title":{"rendered":"Miot W"},"content":{"rendered":"<p><strong>Miot W <\/strong>urodzony 28.06.2021 : 3 pieski 2 suczki<br \/>\nWszystkie szczeni\u0119ta znalaz\u0142y kochaj\u0105ce domki. Wi\u0119cej zdj\u0119\u0107 szczeni\u0105t w zak\u0142adce Galeria<\/p>\n\n\t\t<style type=\"text\/css\">\n\t\t\t#gallery-1 {\n\t\t\t\tmargin: auto;\n\t\t\t}\n\t\t\t#gallery-1 .gallery-item {\n\t\t\t\tfloat: left;\n\t\t\t\tmargin-top: 10px;\n\t\t\t\ttext-align: center;\n\t\t\t\twidth: 50%;\n\t\t\t}\n\t\t\t#gallery-1 img {\n\t\t\t\tborder: 2px solid #cfcfcf;\n\t\t\t}\n\t\t\t#gallery-1 .gallery-caption {\n\t\t\t\tmargin-left: 0;\n\t\t\t}\n\t\t\t\/* see gallery_shortcode() in wp-includes\/media.php *\/\n\t\t<\/style>\n\t\t<div id='gallery-1' class='gallery galleryid-1448 gallery-columns-2 gallery-size-medium'><dl class='gallery-item'>\n\t\t\t<dt class='gallery-icon portrait'>\n\t\t\t\t<a href='https:\/\/perladelsud.pl\/wp-content\/uploads\/2021\/09\/83620949_1508366575985612_3190917837707280384_o.jpg'><img width=\"262\" height=\"300\" src=\"https:\/\/perladelsud.pl\/wp-content\/uploads\/2021\/09\/83620949_1508366575985612_3190917837707280384_o-262x300.jpg\" class=\"attachment-medium size-medium\" alt=\"\" decoding=\"async\" loading=\"lazy\" aria-describedby=\"gallery-1-1433\" srcset=\"https:\/\/perladelsud.pl\/wp-content\/uploads\/2021\/09\/83620949_1508366575985612_3190917837707280384_o-262x300.jpg 262w, https:\/\/perladelsud.pl\/wp-content\/uploads\/2021\/09\/83620949_1508366575985612_3190917837707280384_o-894x1024.jpg 894w, https:\/\/perladelsud.pl\/wp-content\/uploads\/2021\/09\/83620949_1508366575985612_3190917837707280384_o-768x879.jpg 768w, https:\/\/perladelsud.pl\/wp-content\/uploads\/2021\/09\/83620949_1508366575985612_3190917837707280384_o.jpg 1048w\" sizes=\"(max-width: 262px) 100vw, 262px\" \/><\/a>\n\t\t\t<\/dt>\n\t\t\t\t<dd class='wp-caption-text gallery-caption' id='gallery-1-1433'>\n\t\t\t\tMatka: Mery Klan Biewer Rott(FCI)\n\t\t\t\t<\/dd><\/dl><dl class='gallery-item'>\n\t\t\t<dt class='gallery-icon landscape'>\n\t\t\t\t<a href='https:\/\/perladelsud.pl\/wp-content\/uploads\/2021\/09\/1DSC_5842.jpg'><img width=\"300\" height=\"195\" src=\"https:\/\/perladelsud.pl\/wp-content\/uploads\/2021\/09\/1DSC_5842-300x195.jpg\" class=\"attachment-medium size-medium\" alt=\"\" decoding=\"async\" loading=\"lazy\" aria-describedby=\"gallery-1-1432\" srcset=\"https:\/\/perladelsud.pl\/wp-content\/uploads\/2021\/09\/1DSC_5842-300x195.jpg 300w, https:\/\/perladelsud.pl\/wp-content\/uploads\/2021\/09\/1DSC_5842-1024x666.jpg 1024w, https:\/\/perladelsud.pl\/wp-content\/uploads\/2021\/09\/1DSC_5842-768x499.jpg 768w, https:\/\/perladelsud.pl\/wp-content\/uploads\/2021\/09\/1DSC_5842.jpg 1200w\" sizes=\"(max-width: 300px) 100vw, 300px\" \/><\/a>\n\t\t\t<\/dt>\n\t\t\t\t<dd class='wp-caption-text gallery-caption' id='gallery-1-1432'>\n\t\t\t\tOjciec: Iwan Mademoiselle Iwet(FCI) \n\t\t\t\t<\/dd><\/dl><br style=\"clear: both\" \/><dl class='gallery-item'>\n\t\t\t<dt class='gallery-icon landscape'>\n\t\t\t\t<a href='https:\/\/perladelsud.pl\/wp-content\/uploads\/2021\/09\/psy-206-1.jpg'><img width=\"300\" height=\"248\" src=\"https:\/\/perladelsud.pl\/wp-content\/uploads\/2021\/09\/psy-206-1-300x248.jpg\" class=\"attachment-medium size-medium\" alt=\"\" decoding=\"async\" loading=\"lazy\" srcset=\"https:\/\/perladelsud.pl\/wp-content\/uploads\/2021\/09\/psy-206-1-300x248.jpg 300w, https:\/\/perladelsud.pl\/wp-content\/uploads\/2021\/09\/psy-206-1-768x634.jpg 768w, https:\/\/perladelsud.pl\/wp-content\/uploads\/2021\/09\/psy-206-1.jpg 930w\" sizes=\"(max-width: 300px) 100vw, 300px\" \/><\/a>\n\t\t\t<\/dt><\/dl><dl class='gallery-item'>\n\t\t\t<dt class='gallery-icon portrait'>\n\t\t\t\t<a href='https:\/\/perladelsud.pl\/wp-content\/uploads\/2021\/09\/psy-215.jpg'><img width=\"228\" height=\"300\" src=\"https:\/\/perladelsud.pl\/wp-content\/uploads\/2021\/09\/psy-215-228x300.jpg\" class=\"attachment-medium size-medium\" alt=\"\" decoding=\"async\" loading=\"lazy\" srcset=\"https:\/\/perladelsud.pl\/wp-content\/uploads\/2021\/09\/psy-215-228x300.jpg 228w, https:\/\/perladelsud.pl\/wp-content\/uploads\/2021\/09\/psy-215.jpg 768w\" sizes=\"(max-width: 228px) 100vw, 228px\" \/><\/a>\n\t\t\t<\/dt><\/dl><br style=\"clear: both\" \/><dl class='gallery-item'>\n\t\t\t<dt class='gallery-icon landscape'>\n\t\t\t\t<a href='https:\/\/perladelsud.pl\/wp-content\/uploads\/2021\/09\/psy-220.jpg'><img width=\"300\" height=\"277\" src=\"https:\/\/perladelsud.pl\/wp-content\/uploads\/2021\/09\/psy-220-300x277.jpg\" class=\"attachment-medium size-medium\" alt=\"\" decoding=\"async\" loading=\"lazy\" srcset=\"https:\/\/perladelsud.pl\/wp-content\/uploads\/2021\/09\/psy-220-300x277.jpg 300w, https:\/\/perladelsud.pl\/wp-content\/uploads\/2021\/09\/psy-220-768x709.jpg 768w, https:\/\/perladelsud.pl\/wp-content\/uploads\/2021\/09\/psy-220.jpg 832w\" sizes=\"(max-width: 300px) 100vw, 300px\" \/><\/a>\n\t\t\t<\/dt><\/dl><dl class='gallery-item'>\n\t\t\t<dt class='gallery-icon landscape'>\n\t\t\t\t<a href='https:\/\/perladelsud.pl\/wp-content\/uploads\/2021\/09\/psy-227.jpg'><img width=\"300\" height=\"221\" src=\"https:\/\/perladelsud.pl\/wp-content\/uploads\/2021\/09\/psy-227-300x221.jpg\" class=\"attachment-medium size-medium\" alt=\"\" decoding=\"async\" loading=\"lazy\" srcset=\"https:\/\/perladelsud.pl\/wp-content\/uploads\/2021\/09\/psy-227-300x221.jpg 300w, https:\/\/perladelsud.pl\/wp-content\/uploads\/2021\/09\/psy-227-768x565.jpg 768w, https:\/\/perladelsud.pl\/wp-content\/uploads\/2021\/09\/psy-227.jpg 1024w\" sizes=\"(max-width: 300px) 100vw, 300px\" \/><\/a>\n\t\t\t<\/dt><\/dl><br style=\"clear: both\" \/><dl class='gallery-item'>\n\t\t\t<dt class='gallery-icon landscape'>\n\t\t\t\t<a href='https:\/\/perladelsud.pl\/wp-content\/uploads\/2021\/09\/psy-241.jpg'><img width=\"300\" height=\"259\" src=\"https:\/\/perladelsud.pl\/wp-content\/uploads\/2021\/09\/psy-241-300x259.jpg\" class=\"attachment-medium size-medium\" alt=\"\" decoding=\"async\" loading=\"lazy\" srcset=\"https:\/\/perladelsud.pl\/wp-content\/uploads\/2021\/09\/psy-241-300x259.jpg 300w, https:\/\/perladelsud.pl\/wp-content\/uploads\/2021\/09\/psy-241-768x664.jpg 768w, https:\/\/perladelsud.pl\/wp-content\/uploads\/2021\/09\/psy-241.jpg 790w\" sizes=\"(max-width: 300px) 100vw, 300px\" \/><\/a>\n\t\t\t<\/dt><\/dl>\n\t\t\t<br style='clear: both' \/>\n\t\t<\/div>\n\n","protected":false},"excerpt":{"rendered":"<p>Miot W urodzony 28.06.2021 : 3 pieski 2 suczki Wszystkie szczeni\u0119ta znalaz\u0142y kochaj\u0105ce domki. Wi\u0119cej zdj\u0119\u0107 szczeni\u0105t w zak\u0142adce Galeria<\/p>\n","protected":false},"author":1,"featured_media":0,"parent":1411,"menu_order":2,"comment_status":"closed","ping_status":"closed","template":"","meta":[],"_links":{"self":[{"href":"https:\/\/perladelsud.pl\/index.php\/wp-json\/wp\/v2\/pages\/1448"}],"collection":[{"href":"https:\/\/perladelsud.pl\/index.php\/wp-json\/wp\/v2\/pages"}],"about":[{"href":"https:\/\/perladelsud.pl\/index.php\/wp-json\/wp\/v2\/types\/page"}],"author":[{"embeddable":true,"href":"https:\/\/perladelsud.pl\/index.php\/wp-json\/wp\/v2\/users\/1"}],"replies":[{"embeddable":true,"href":"https:\/\/perladelsud.pl\/index.php\/wp-json\/wp\/v2\/comments?post=1448"}],"version-history":[{"count":1,"href":"https:\/\/perladelsud.pl\/index.php\/wp-json\/wp\/v2\/pages\/1448\/revisions"}],"predecessor-version":[{"id":1449,"href":"https:\/\/perladelsud.pl\/index.php\/wp-json\/wp\/v2\/pages\/1448\/revisions\/1449"}],"up":[{"embeddable":true,"href":"https:\/\/perladelsud.pl\/index.php\/wp-json\/wp\/v2\/pages\/1411"}],"wp:attachment":[{"href":"https:\/\/perladelsud.pl\/index.php\/wp-json\/wp\/v2\/media?parent=1448"}],"curies":[{"name":"wp","href":"https:\/\/api.w.org\/{rel}","templated":true}]}}

<p><strong>Miot W </strong>urodzony 28.06.2021 : 3 pieski 2 suczki<br />
Wszystkie szczenięta znalazły kochające domki. Więcej zdjęć szczeniąt w zakładce Galeria</p>

		<style type="text/css">
			#gallery-1 {
				margin: auto;
			}
			#gallery-1 .gallery-item {
				float: left;
				margin-top: 10px;
				text-align: center;
				width: 50%;
			}
			#gallery-1 img {
				border: 2px solid #cfcfcf;
			}
			#gallery-1 .gallery-caption {
				margin-left: 0;
			}
			/* see gallery_shortcode() in wp-includes/media.php */
		</style>
		<div id='gallery-1' class='gallery galleryid-1448 gallery-columns-2 gallery-size-medium'><dl class='gallery-item'>
			<dt class='gallery-icon portrait'>
				<a href='https://perladelsud.pl/wp-content/uploads/2021/09/83620949_1508366575985612_3190917837707280384_o.jpg'><img width="262" height="300" src="https://perladelsud.pl/wp-content/uploads/2021/09/83620949_1508366575985612_3190917837707280384_o-262x300.jpg" class="attachment-medium size-medium" alt="" decoding="async" loading="lazy" aria-describedby="gallery-1-1433" srcset="https://perladelsud.pl/wp-content/uploads/2021/09/83620949_1508366575985612_3190917837707280384_o-262x300.jpg 262w, https://perladelsud.pl/wp-content/uploads/2021/09/83620949_1508366575985612_3190917837707280384_o-894x1024.jpg 894w, https://perladelsud.pl/wp-content/uploads/2021/09/83620949_1508366575985612_3190917837707280384_o-768x879.jpg 768w, https://perladelsud.pl/wp-content/uploads/2021/09/83620949_1508366575985612_3190917837707280384_o.jpg 1048w" sizes="(max-width: 262px) 100vw, 262px" /></a>
			</dt>
				<dd class='wp-caption-text gallery-caption' id='gallery-1-1433'>
				Matka: Mery Klan Biewer Rott(FCI)
				</dd></dl><dl class='gallery-item'>
			<dt class='gallery-icon landscape'>
				<a href='https://perladelsud.pl/wp-content/uploads/2021/09/1DSC_5842.jpg'><img width="300" height="195" src="https://perladelsud.pl/wp-content/uploads/2021/09/1DSC_5842-300x195.jpg" class="attachment-medium size-medium" alt="" decoding="async" loading="lazy" aria-describedby="gallery-1-1432" srcset="https://perladelsud.pl/wp-content/uploads/2021/09/1DSC_5842-300x195.jpg 300w, https://perladelsud.pl/wp-content/uploads/2021/09/1DSC_5842-1024x666.jpg 1024w, https://perladelsud.pl/wp-content/uploads/2021/09/1DSC_5842-768x499.jpg 768w, https://perladelsud.pl/wp-content/uploads/2021/09/1DSC_5842.jpg 1200w" sizes="(max-width: 300px) 100vw, 300px" /></a>
			</dt>
				<dd class='wp-caption-text gallery-caption' id='gallery-1-1432'>
				Ojciec: Iwan Mademoiselle Iwet(FCI) 
				</dd></dl><br style="clear: both" /><dl class='gallery-item'>
			<dt class='gallery-icon landscape'>
				<a href='https://perladelsud.pl/wp-content/uploads/2021/09/psy-206-1.jpg'><img width="300" height="248" src="https://perladelsud.pl/wp-content/uploads/2021/09/psy-206-1-300x248.jpg" class="attachment-medium size-medium" alt="" decoding="async" loading="lazy" srcset="https://perladelsud.pl/wp-content/uploads/2021/09/psy-206-1-300x248.jpg 300w, https://perladelsud.pl/wp-content/uploads/2021/09/psy-206-1-768x634.jpg 768w, https://perladelsud.pl/wp-content/uploads/2021/09/psy-206-1.jpg 930w" sizes="(max-width: 300px) 100vw, 300px" /></a>
			</dt></dl><dl class='gallery-item'>
			<dt class='gallery-icon portrait'>
				<a href='https://perladelsud.pl/wp-content/uploads/2021/09/psy-215.jpg'><img width="228" height="300" src="https://perladelsud.pl/wp-content/uploads/2021/09/psy-215-228x300.jpg" class="attachment-medium size-medium" alt="" decoding="async" loading="lazy" srcset="https://perladelsud.pl/wp-content/uploads/2021/09/psy-215-228x300.jpg 228w, https://perladelsud.pl/wp-content/uploads/2021/09/psy-215.jpg 768w" sizes="(max-width: 228px) 100vw, 228px" /></a>
			</dt></dl><br style="clear: both" /><dl class='gallery-item'>
			<dt class='gallery-icon landscape'>
				<a href='https://perladelsud.pl/wp-content/uploads/2021/09/psy-220.jpg'><img width="300" height="277" src="https://perladelsud.pl/wp-content/uploads/2021/09/psy-220-300x277.jpg" class="attachment-medium size-medium" alt="" decoding="async" loading="lazy" srcset="https://perladelsud.pl/wp-content/uploads/2021/09/psy-220-300x277.jpg 300w, https://perladelsud.pl/wp-content/uploads/2021/09/psy-220-768x709.jpg 768w, https://perladelsud.pl/wp-content/uploads/2021/09/psy-220.jpg 832w" sizes="(max-width: 300px) 100vw, 300px" /></a>
			</dt></dl><dl class='gallery-item'>
			<dt class='gallery-icon landscape'>
				<a href='https://perladelsud.pl/wp-content/uploads/2021/09/psy-227.jpg'><img width="300" height="221" src="https://perladelsud.pl/wp-content/uploads/2021/09/psy-227-300x221.jpg" class="attachment-medium size-medium" alt="" decoding="async" loading="lazy" srcset="https://perladelsud.pl/wp-content/uploads/2021/09/psy-227-300x221.jpg 300w, https://perladelsud.pl/wp-content/uploads/2021/09/psy-227-768x565.jpg 768w, https://perladelsud.pl/wp-content/uploads/2021/09/psy-227.jpg 1024w" sizes="(max-width: 300px) 100vw, 300px" /></a>
			</dt></dl><br style="clear: both" /><dl class='gallery-item'>
			<dt class='gallery-icon landscape'>
				<a href='https://perladelsud.pl/wp-content/uploads/2021/09/psy-241.jpg'><img width="300" height="259" src="https://perladelsud.pl/wp-content/uploads/2021/09/psy-241-300x259.jpg" class="attachment-medium size-medium" alt="" decoding="async" loading="lazy" srcset="https://perladelsud.pl/wp-content/uploads/2021/09/psy-241-300x259.jpg 300w, https://perladelsud.pl/wp-content/uploads/2021/09/psy-241-768x664.jpg 768w, https://perladelsud.pl/wp-content/uploads/2021/09/psy-241.jpg 790w" sizes="(max-width: 300px) 100vw, 300px" /></a>
			</dt></dl>
			<br style='clear: both' />
		</div>

<p>Miot W urodzony 28.06.2021 : 3 pieski 2 suczki Wszystkie szczenięta znalazły kochające domki. Więcej zdjęć szczeniąt w zakładce Galeria</p>
