{"id":159,"date":"2016-02-08T11:08:56","date_gmt":"2016-02-08T10:08:56","guid":{"rendered":"http:\/\/perladelsud.pl\/ttt\/?page_id=159"},"modified":"2022-05-10T17:49:08","modified_gmt":"2022-05-10T15:49:08","slug":"aktualnosci","status":"publish","type":"page","link":"https:\/\/perladelsud.pl\/index.php\/pl\/aktualnosci\/","title":{"rendered":"NA EMERYTURZE"},"content":{"rendered":"<h1><span class=\"tojvnm2t a6sixzi8 abs2jz4q a8s20v7p t1p8iaqh k5wvi7nf q3lfd5jv pk4s997a bipmatt0 cebpdrjk qowsmv63 owwhemhu dp1hu0rb dhp61c6y iyyx5f41\">Suzanne Prinzess Klan Biewer Rott<\/span><\/h1>\n<p class=\"contentheading\">Ma\u015b\u0107: czarno-bia\u0142o-z\u0142ota<\/p>\n<p>Urodzona: 05.08.2012<\/p>\n<p>Ojciec: Jonny-Lord vom Weiben Blumchen<\/p>\n<p>Matka: Amber York Gloria<\/p>\n<p>Suzanne to prekursorka naszej hodowli, obecnie na zas\u0142u\u017conej emeryturze.By\u0142a dzieln\u0105 i opieku\u0144cz\u0105 mam\u0105 dla swoich \u015blicznych i licznych maluszk\u00f3w.Ma doskona\u0142\u0105 psychik\u0119 co odzieczy\u0142y jej dzieci.Jest w doskona\u0142ej kondycji.Uwielbia biega\u0107 i aportowa\u0107. W rozbrajaj\u0105cy spos\u00f3b okazuje mi\u0142o\u015b\u0107 i rado\u015b\u0107 : potrafi si\u0119 u\u015bmiecha\u0107 i robi miny:-).<\/p>\n<p>Osi\u0105gni\u0119cia wystawowe:<\/p>\n<ul>\n<li>Nowy S\u0105cz: Zwyci\u0119zca M\u0142odzie\u017cy, Najlepszy Junior w rasie ocena :doskona\u0142a lok. I<\/li>\n<li>Kielce: Zwyci\u0119zca M\u0142odzie\u017cy, ocena : doskona\u0142a lok. I<\/li>\n<li>B\u0119dzin: Zwyci\u0119zca M\u0142odzie\u017cy, Najlepszy Junior w rasie, Zwyci\u0119zca Rasy ocena :doskona\u0142a lok. I<\/li>\n<li>Rzesz\u00f3w: Najlepsza doros\u0142a Suka, Zwyci\u0119zca Rasy, CWC, CACIB ocena :doskona\u0142a lok. I<\/li>\n<li>Krak\u00f3w: CWC ocena :doskona\u0142a lok. 1<\/li>\n<\/ul>\n<p>Tytu\u0142y:<\/p>\n<ul>\n<li>M\u0141ODZIE\u017bOWY CHAMPION POLSKI,<\/li>\n<li>2 x BOB, 2xCWC, 1 x CACIB<\/li>\n<li>Najlepsza Doros\u0142a Suka w Rasie,<\/li>\n<li>2 x Junior BOB,<\/li>\n<li>3 x Zwyci\u0119zca M\u0142odzie\u017cy<\/li>\n<\/ul>\n\n\t\t<style type=\"text\/css\">\n\t\t\t#gallery-1 {\n\t\t\t\tmargin: auto;\n\t\t\t}\n\t\t\t#gallery-1 .gallery-item {\n\t\t\t\tfloat: left;\n\t\t\t\tmargin-top: 10px;\n\t\t\t\ttext-align: center;\n\t\t\t\twidth: 50%;\n\t\t\t}\n\t\t\t#gallery-1 img {\n\t\t\t\tborder: 2px solid #cfcfcf;\n\t\t\t}\n\t\t\t#gallery-1 .gallery-caption {\n\t\t\t\tmargin-left: 0;\n\t\t\t}\n\t\t\t\/* see gallery_shortcode() in wp-includes\/media.php *\/\n\t\t<\/style>\n\t\t<div id='gallery-1' class='gallery galleryid-159 gallery-columns-2 gallery-size-medium'><dl class='gallery-item'>\n\t\t\t<dt class='gallery-icon landscape'>\n\t\t\t\t<a href='https:\/\/perladelsud.pl\/wp-content\/uploads\/2021\/03\/Biewer-zkwp-i-scarlet-dzieci-016.jpg'><img width=\"300\" height=\"200\" src=\"https:\/\/perladelsud.pl\/wp-content\/uploads\/2021\/03\/Biewer-zkwp-i-scarlet-dzieci-016-300x200.jpg\" class=\"attachment-medium size-medium\" alt=\"\" decoding=\"async\" loading=\"lazy\" srcset=\"https:\/\/perladelsud.pl\/wp-content\/uploads\/2021\/03\/Biewer-zkwp-i-scarlet-dzieci-016-300x200.jpg 300w, https:\/\/perladelsud.pl\/wp-content\/uploads\/2021\/03\/Biewer-zkwp-i-scarlet-dzieci-016-1024x682.jpg 1024w, https:\/\/perladelsud.pl\/wp-content\/uploads\/2021\/03\/Biewer-zkwp-i-scarlet-dzieci-016-768x512.jpg 768w, https:\/\/perladelsud.pl\/wp-content\/uploads\/2021\/03\/Biewer-zkwp-i-scarlet-dzieci-016.jpg 1280w\" sizes=\"(max-width: 300px) 100vw, 300px\" \/><\/a>\n\t\t\t<\/dt><\/dl><dl class='gallery-item'>\n\t\t\t<dt class='gallery-icon portrait'>\n\t\t\t\t<a href='https:\/\/perladelsud.pl\/wp-content\/uploads\/2016\/02\/suzanne_biewer_yorkshire_terrier_perla_del_sud_2.jpg'><img width=\"225\" height=\"300\" src=\"https:\/\/perladelsud.pl\/wp-content\/uploads\/2016\/02\/suzanne_biewer_yorkshire_terrier_perla_del_sud_2-225x300.jpg\" class=\"attachment-medium size-medium\" alt=\"\" decoding=\"async\" loading=\"lazy\" srcset=\"https:\/\/perladelsud.pl\/wp-content\/uploads\/2016\/02\/suzanne_biewer_yorkshire_terrier_perla_del_sud_2-225x300.jpg 225w, https:\/\/perladelsud.pl\/wp-content\/uploads\/2016\/02\/suzanne_biewer_yorkshire_terrier_perla_del_sud_2.jpg 350w\" sizes=\"(max-width: 225px) 100vw, 225px\" \/><\/a>\n\t\t\t<\/dt><\/dl><br style=\"clear: both\" \/><dl class='gallery-item'>\n\t\t\t<dt class='gallery-icon portrait'>\n\t\t\t\t<a href='https:\/\/perladelsud.pl\/wp-content\/uploads\/2016\/02\/suzanne_biewer_yorkshire_terrier_perla_del_sud_1.jpg'><img width=\"225\" height=\"300\" src=\"https:\/\/perladelsud.pl\/wp-content\/uploads\/2016\/02\/suzanne_biewer_yorkshire_terrier_perla_del_sud_1-225x300.jpg\" class=\"attachment-medium size-medium\" alt=\"\" decoding=\"async\" loading=\"lazy\" srcset=\"https:\/\/perladelsud.pl\/wp-content\/uploads\/2016\/02\/suzanne_biewer_yorkshire_terrier_perla_del_sud_1-225x300.jpg 225w, https:\/\/perladelsud.pl\/wp-content\/uploads\/2016\/02\/suzanne_biewer_yorkshire_terrier_perla_del_sud_1.jpg 350w\" sizes=\"(max-width: 225px) 100vw, 225px\" \/><\/a>\n\t\t\t<\/dt><\/dl><dl class='gallery-item'>\n\t\t\t<dt class='gallery-icon portrait'>\n\t\t\t\t<a href='https:\/\/perladelsud.pl\/wp-content\/uploads\/2016\/02\/dokument_1.png'><img width=\"212\" height=\"300\" src=\"https:\/\/perladelsud.pl\/wp-content\/uploads\/2016\/02\/dokument_1-212x300.png\" class=\"attachment-medium size-medium\" alt=\"\" decoding=\"async\" loading=\"lazy\" srcset=\"https:\/\/perladelsud.pl\/wp-content\/uploads\/2016\/02\/dokument_1-212x300.png 212w, https:\/\/perladelsud.pl\/wp-content\/uploads\/2016\/02\/dokument_1-768x1086.png 768w, https:\/\/perladelsud.pl\/wp-content\/uploads\/2016\/02\/dokument_1-724x1024.png 724w, https:\/\/perladelsud.pl\/wp-content\/uploads\/2016\/02\/dokument_1.png 960w\" sizes=\"(max-width: 212px) 100vw, 212px\" \/><\/a>\n\t\t\t<\/dt><\/dl><br style=\"clear: both\" \/><dl class='gallery-item'>\n\t\t\t<dt class='gallery-icon portrait'>\n\t\t\t\t<a href='https:\/\/perladelsud.pl\/wp-content\/uploads\/2016\/02\/IMG_7842-e1456736002256.jpg'><img width=\"181\" height=\"300\" src=\"https:\/\/perladelsud.pl\/wp-content\/uploads\/2016\/02\/IMG_7842-181x300.jpg\" class=\"attachment-medium size-medium\" alt=\"\" decoding=\"async\" loading=\"lazy\" srcset=\"https:\/\/perladelsud.pl\/wp-content\/uploads\/2016\/02\/IMG_7842-181x300.jpg 181w, https:\/\/perladelsud.pl\/wp-content\/uploads\/2016\/02\/IMG_7842-768x1273.jpg 768w, https:\/\/perladelsud.pl\/wp-content\/uploads\/2016\/02\/IMG_7842-618x1024.jpg 618w, https:\/\/perladelsud.pl\/wp-content\/uploads\/2016\/02\/IMG_7842-e1456736002256.jpg 452w\" sizes=\"(max-width: 181px) 100vw, 181px\" \/><\/a>\n\t\t\t<\/dt><\/dl>\n\t\t\t<br style='clear: both' \/>\n\t\t<\/div>\n\n<h1>Suczka Amelia Klan-Biewer Rott (FCI)<\/h1>\n<p>Ma\u015b\u0107: czarno-bia\u0142o-z\u0142ota<\/p>\n<p>Urodzona: 20.04.2013<\/p>\n<p>Ojciec Jerrickoo vom Ottergrund<\/p>\n<p>Matka Poka-Princes Amber York<\/p>\n<p>Amelka na emeryturze lubi by\u0107 &#8220;numer jeden&#8221; dlatego mieszka niedaleko nas u naszej rodziny. Jest rozpieszczana i zwiedza \u015bwiat ze swoja kochaj\u0105c\u0105 rodzink\u0105.<\/p>\n<p>Osi\u0105gni\u0119cia:<\/p>\n<ul>\n<li>Cz\u0119stochowa: Najlepsze Baby ocena: wybitnie obiecuj\u0105ca lok. 1<\/li>\n<\/ul>\n<ul>\n<li>Zabrze: Zwyci\u0119zca M\u0142odzie\u017cy, Najlepszy Junior w Rasie, Zwyci\u0119zca Rasy ocena; doskona\u0142a lok. 1<\/li>\n<\/ul>\n<ul>\n<li>Krak\u00f3w: ocena: doskona\u0142a lok.1<\/li>\n<li>Nowy Targ- Najlepszy Junior w Rasie, Zwyci\u0119zca M\u0142odzie\u017cy, Zwyciezca Rasy ocena: doskona\u0142a lok.1<\/li>\n<li>Zakopane- Najlepszy Junior w Rasie, Zwyci\u0119zca M\u0142odzie\u017cy, ocena: doskona\u0142a lok.1<\/li>\n<li>Bytom- Zwyci\u0119zca M\u0142odzie\u017cy, ocena: doskona\u0142a lok.1<\/li>\n<li>Tytu\u0142y:M\u0141ODZIE\u017bOWY CHAMPION POLSKI4 x Zwyci\u0119zca M\u0142odzie\u017cy, 2x BOB, 3X Junior BOB<\/li>\n<\/ul>\n\n\t\t<style type=\"text\/css\">\n\t\t\t#gallery-2 {\n\t\t\t\tmargin: auto;\n\t\t\t}\n\t\t\t#gallery-2 .gallery-item {\n\t\t\t\tfloat: left;\n\t\t\t\tmargin-top: 10px;\n\t\t\t\ttext-align: center;\n\t\t\t\twidth: 50%;\n\t\t\t}\n\t\t\t#gallery-2 img {\n\t\t\t\tborder: 2px solid #cfcfcf;\n\t\t\t}\n\t\t\t#gallery-2 .gallery-caption {\n\t\t\t\tmargin-left: 0;\n\t\t\t}\n\t\t\t\/* see gallery_shortcode() in wp-includes\/media.php *\/\n\t\t<\/style>\n\t\t<div id='gallery-2' class='gallery galleryid-159 gallery-columns-2 gallery-size-medium'><dl class='gallery-item'>\n\t\t\t<dt class='gallery-icon landscape'>\n\t\t\t\t<a href='https:\/\/perladelsud.pl\/wp-content\/uploads\/2016\/02\/SAM_2371-e1454942225846.jpg'><img width=\"300\" height=\"225\" src=\"https:\/\/perladelsud.pl\/wp-content\/uploads\/2016\/02\/SAM_2371-300x225.jpg\" class=\"attachment-medium size-medium\" alt=\"\" decoding=\"async\" loading=\"lazy\" srcset=\"https:\/\/perladelsud.pl\/wp-content\/uploads\/2016\/02\/SAM_2371-300x225.jpg 300w, https:\/\/perladelsud.pl\/wp-content\/uploads\/2016\/02\/SAM_2371-768x576.jpg 768w, https:\/\/perladelsud.pl\/wp-content\/uploads\/2016\/02\/SAM_2371-e1454942225846.jpg 1024w\" sizes=\"(max-width: 300px) 100vw, 300px\" \/><\/a>\n\t\t\t<\/dt><\/dl><dl class='gallery-item'>\n\t\t\t<dt class='gallery-icon portrait'>\n\t\t\t\t<a href='https:\/\/perladelsud.pl\/wp-content\/uploads\/2016\/02\/SAM_2259-e1473149989503.jpg'><img width=\"225\" height=\"300\" src=\"https:\/\/perladelsud.pl\/wp-content\/uploads\/2016\/02\/SAM_2259-225x300.jpg\" class=\"attachment-medium size-medium\" alt=\"\" decoding=\"async\" loading=\"lazy\" srcset=\"https:\/\/perladelsud.pl\/wp-content\/uploads\/2016\/02\/SAM_2259-225x300.jpg 225w, https:\/\/perladelsud.pl\/wp-content\/uploads\/2016\/02\/SAM_2259-e1473149989503.jpg 768w\" sizes=\"(max-width: 225px) 100vw, 225px\" \/><\/a>\n\t\t\t<\/dt><\/dl><br style=\"clear: both\" \/><dl class='gallery-item'>\n\t\t\t<dt class='gallery-icon portrait'>\n\t\t\t\t<a href='https:\/\/perladelsud.pl\/wp-content\/uploads\/2016\/02\/Amelia-dyplom-e1473150000223.jpg'><img width=\"212\" height=\"300\" src=\"https:\/\/perladelsud.pl\/wp-content\/uploads\/2016\/02\/Amelia-dyplom-212x300.jpg\" class=\"attachment-medium size-medium\" alt=\"\" decoding=\"async\" loading=\"lazy\" srcset=\"https:\/\/perladelsud.pl\/wp-content\/uploads\/2016\/02\/Amelia-dyplom-212x300.jpg 212w, https:\/\/perladelsud.pl\/wp-content\/uploads\/2016\/02\/Amelia-dyplom-e1473150000223.jpg 768w, https:\/\/perladelsud.pl\/wp-content\/uploads\/2016\/02\/Amelia-dyplom-724x1024.jpg 724w\" sizes=\"(max-width: 212px) 100vw, 212px\" \/><\/a>\n\t\t\t<\/dt><\/dl><dl class='gallery-item'>\n\t\t\t<dt class='gallery-icon portrait'>\n\t\t\t\t<a href='https:\/\/perladelsud.pl\/wp-content\/uploads\/2022\/05\/received_1162831374069123-1.jpeg'><img width=\"220\" height=\"300\" src=\"https:\/\/perladelsud.pl\/wp-content\/uploads\/2022\/05\/received_1162831374069123-1-220x300.jpeg\" class=\"attachment-medium size-medium\" alt=\"\" decoding=\"async\" loading=\"lazy\" srcset=\"https:\/\/perladelsud.pl\/wp-content\/uploads\/2022\/05\/received_1162831374069123-1-220x300.jpeg 220w, https:\/\/perladelsud.pl\/wp-content\/uploads\/2022\/05\/received_1162831374069123-1.jpeg 528w\" sizes=\"(max-width: 220px) 100vw, 220px\" \/><\/a>\n\t\t\t<\/dt><\/dl><br style=\"clear: both\" \/>\n\t\t<\/div>\n\n","protected":false},"excerpt":{"rendered":"<p>Suzanne Prinzess Klan Biewer Rott Ma\u015b\u0107: czarno-bia\u0142o-z\u0142ota Urodzona: 05.08.2012 Ojciec: Jonny-Lord vom Weiben Blumchen Matka: Amber York Gloria Suzanne to prekursorka naszej hodowli, obecnie na zas\u0142u\u017conej emeryturze.By\u0142a dzieln\u0105 i opieku\u0144cz\u0105 <a class=\"more-link\" href=\"https:\/\/perladelsud.pl\/index.php\/pl\/aktualnosci\/\">Continue Reading \u2192<\/a><\/p>\n","protected":false},"author":1,"featured_media":0,"parent":0,"menu_order":3,"comment_status":"closed","ping_status":"closed","template":"","meta":[],"_links":{"self":[{"href":"https:\/\/perladelsud.pl\/index.php\/wp-json\/wp\/v2\/pages\/159"}],"collection":[{"href":"https:\/\/perladelsud.pl\/index.php\/wp-json\/wp\/v2\/pages"}],"about":[{"href":"https:\/\/perladelsud.pl\/index.php\/wp-json\/wp\/v2\/types\/page"}],"author":[{"embeddable":true,"href":"https:\/\/perladelsud.pl\/index.php\/wp-json\/wp\/v2\/users\/1"}],"replies":[{"embeddable":true,"href":"https:\/\/perladelsud.pl\/index.php\/wp-json\/wp\/v2\/comments?post=159"}],"version-history":[{"count":9,"href":"https:\/\/perladelsud.pl\/index.php\/wp-json\/wp\/v2\/pages\/159\/revisions"}],"predecessor-version":[{"id":1665,"href":"https:\/\/perladelsud.pl\/index.php\/wp-json\/wp\/v2\/pages\/159\/revisions\/1665"}],"wp:attachment":[{"href":"https:\/\/perladelsud.pl\/index.php\/wp-json\/wp\/v2\/media?parent=159"}],"curies":[{"name":"wp","href":"https:\/\/api.w.org\/{rel}","templated":true}]}}