{"id":2,"date":"2016-02-08T09:42:54","date_gmt":"2016-02-08T08:42:54","guid":{"rendered":"http:\/\/perladelsud.pl\/ttt\/?page_id=2"},"modified":"2020-03-14T12:59:13","modified_gmt":"2020-03-14T11:59:13","slug":"przykladowa-strona","status":"publish","type":"page","link":"https:\/\/perladelsud.pl\/index.php\/pl\/przykladowa-strona\/","title":{"rendered":"STRONA G\u0141\u00d3WNA"},"content":{"rendered":"<p style=\"text-align: left;\"><img decoding=\"async\" loading=\"lazy\" class=\"alignnone size-full wp-image-235\" src=\"http:\/\/perladelsud.pl\/wp-content\/uploads\/2016\/02\/image-vintage.png\" alt=\"image-vintage\" width=\"100\" height=\"100\" \/><em>\u00a0Jeste\u015bmy domow\u0105 hodowl\u0105 , w kt\u00f3rej pieski ciesz\u0105 si\u0119 przywilejami pe\u0142nowarto\u015bciowych\u00a0\u00a0\u00a0\u00a0 domownik\u00f3w, mieszkaj\u0105c z nami w domu w ci\u0105g\u0142ym kontakcie z lud\u017ami.<\/em><\/p>\n\n\t\t<style type=\"text\/css\">\n\t\t\t#gallery-1 {\n\t\t\t\tmargin: auto;\n\t\t\t}\n\t\t\t#gallery-1 .gallery-item {\n\t\t\t\tfloat: left;\n\t\t\t\tmargin-top: 10px;\n\t\t\t\ttext-align: center;\n\t\t\t\twidth: 50%;\n\t\t\t}\n\t\t\t#gallery-1 img {\n\t\t\t\tborder: 2px solid #cfcfcf;\n\t\t\t}\n\t\t\t#gallery-1 .gallery-caption {\n\t\t\t\tmargin-left: 0;\n\t\t\t}\n\t\t\t\/* see gallery_shortcode() in wp-includes\/media.php *\/\n\t\t<\/style>\n\t\t<div id='gallery-1' class='gallery galleryid-2 gallery-columns-2 gallery-size-medium'><dl class='gallery-item'>\n\t\t\t<dt class='gallery-icon landscape'>\n\t\t\t\t<a href='https:\/\/perladelsud.pl\/wp-content\/uploads\/2016\/02\/574564_192551320900484_1042418582_n-e1454941906404.jpg'><img width=\"300\" height=\"225\" src=\"https:\/\/perladelsud.pl\/wp-content\/uploads\/2016\/02\/574564_192551320900484_1042418582_n-300x225.jpg\" class=\"attachment-medium size-medium\" alt=\"\" decoding=\"async\" loading=\"lazy\" srcset=\"https:\/\/perladelsud.pl\/wp-content\/uploads\/2016\/02\/574564_192551320900484_1042418582_n-300x225.jpg 300w, https:\/\/perladelsud.pl\/wp-content\/uploads\/2016\/02\/574564_192551320900484_1042418582_n-768x576.jpg 768w, https:\/\/perladelsud.pl\/wp-content\/uploads\/2016\/02\/574564_192551320900484_1042418582_n-e1454941906404.jpg 960w\" sizes=\"(max-width: 300px) 100vw, 300px\" \/><\/a>\n\t\t\t<\/dt><\/dl><dl class='gallery-item'>\n\t\t\t<dt class='gallery-icon landscape'>\n\t\t\t\t<a href='https:\/\/perladelsud.pl\/wp-content\/uploads\/2016\/02\/IMG_7853-e1454941856104.jpg'><img width=\"300\" height=\"200\" src=\"https:\/\/perladelsud.pl\/wp-content\/uploads\/2016\/02\/IMG_7853-300x200.jpg\" class=\"attachment-medium size-medium\" alt=\"\" decoding=\"async\" loading=\"lazy\" srcset=\"https:\/\/perladelsud.pl\/wp-content\/uploads\/2016\/02\/IMG_7853-300x200.jpg 300w, https:\/\/perladelsud.pl\/wp-content\/uploads\/2016\/02\/IMG_7853-768x512.jpg 768w, https:\/\/perladelsud.pl\/wp-content\/uploads\/2016\/02\/IMG_7853-e1454941856104.jpg 1024w\" sizes=\"(max-width: 300px) 100vw, 300px\" \/><\/a>\n\t\t\t<\/dt><\/dl><br style=\"clear: both\" \/><dl class='gallery-item'>\n\t\t\t<dt class='gallery-icon landscape'>\n\t\t\t\t<a href='https:\/\/perladelsud.pl\/wp-content\/uploads\/2016\/02\/IMG_7867-e1454941928453.jpg'><img width=\"300\" height=\"200\" src=\"https:\/\/perladelsud.pl\/wp-content\/uploads\/2016\/02\/IMG_7867-300x200.jpg\" class=\"attachment-medium size-medium\" alt=\"\" decoding=\"async\" loading=\"lazy\" srcset=\"https:\/\/perladelsud.pl\/wp-content\/uploads\/2016\/02\/IMG_7867-300x200.jpg 300w, https:\/\/perladelsud.pl\/wp-content\/uploads\/2016\/02\/IMG_7867-768x513.jpg 768w, https:\/\/perladelsud.pl\/wp-content\/uploads\/2016\/02\/IMG_7867-e1454941928453.jpg 1024w\" sizes=\"(max-width: 300px) 100vw, 300px\" \/><\/a>\n\t\t\t<\/dt><\/dl><dl class='gallery-item'>\n\t\t\t<dt class='gallery-icon landscape'>\n\t\t\t\t<a href='https:\/\/perladelsud.pl\/wp-content\/uploads\/2016\/02\/SAM_2678-e1454941948189.jpg'><img width=\"300\" height=\"225\" src=\"https:\/\/perladelsud.pl\/wp-content\/uploads\/2016\/02\/SAM_2678-300x225.jpg\" class=\"attachment-medium size-medium\" alt=\"\" decoding=\"async\" loading=\"lazy\" srcset=\"https:\/\/perladelsud.pl\/wp-content\/uploads\/2016\/02\/SAM_2678-300x225.jpg 300w, https:\/\/perladelsud.pl\/wp-content\/uploads\/2016\/02\/SAM_2678-768x576.jpg 768w, https:\/\/perladelsud.pl\/wp-content\/uploads\/2016\/02\/SAM_2678-e1454941948189.jpg 1024w\" sizes=\"(max-width: 300px) 100vw, 300px\" \/><\/a>\n\t\t\t<\/dt><\/dl><br style=\"clear: both\" \/><dl class='gallery-item'>\n\t\t\t<dt class='gallery-icon landscape'>\n\t\t\t\t<a href='https:\/\/perladelsud.pl\/wp-content\/uploads\/2016\/02\/SAM_4315-e1454941974398.jpg'><img width=\"300\" height=\"195\" src=\"https:\/\/perladelsud.pl\/wp-content\/uploads\/2016\/02\/SAM_4315-300x195.jpg\" class=\"attachment-medium size-medium\" alt=\"\" decoding=\"async\" loading=\"lazy\" srcset=\"https:\/\/perladelsud.pl\/wp-content\/uploads\/2016\/02\/SAM_4315-300x195.jpg 300w, https:\/\/perladelsud.pl\/wp-content\/uploads\/2016\/02\/SAM_4315-768x498.jpg 768w, https:\/\/perladelsud.pl\/wp-content\/uploads\/2016\/02\/SAM_4315-e1454941974398.jpg 1024w\" sizes=\"(max-width: 300px) 100vw, 300px\" \/><\/a>\n\t\t\t<\/dt><\/dl><dl class='gallery-item'>\n\t\t\t<dt class='gallery-icon landscape'>\n\t\t\t\t<a href='https:\/\/perladelsud.pl\/wp-content\/uploads\/2016\/02\/SAM_5162-e1454942003597.jpg'><img width=\"300\" height=\"225\" src=\"https:\/\/perladelsud.pl\/wp-content\/uploads\/2016\/02\/SAM_5162-300x225.jpg\" class=\"attachment-medium size-medium\" alt=\"\" decoding=\"async\" loading=\"lazy\" srcset=\"https:\/\/perladelsud.pl\/wp-content\/uploads\/2016\/02\/SAM_5162-300x225.jpg 300w, https:\/\/perladelsud.pl\/wp-content\/uploads\/2016\/02\/SAM_5162-768x576.jpg 768w, https:\/\/perladelsud.pl\/wp-content\/uploads\/2016\/02\/SAM_5162-e1454942003597.jpg 1024w\" sizes=\"(max-width: 300px) 100vw, 300px\" \/><\/a>\n\t\t\t<\/dt><\/dl><br style=\"clear: both\" \/>\n\t\t<\/div>\n\n<p><iframe loading=\"lazy\" src=\"https:\/\/www.youtube.com\/embed\/PNXma4OPqYo\" width=\"560\" height=\"315\" frameborder=\"0\" allowfullscreen=\"allowfullscreen\"><\/iframe><\/p>\n<p>&nbsp;<\/p>\n<p style=\"text-align: left;\"><img decoding=\"async\" loading=\"lazy\" class=\"aligncenter wp-image-123\" src=\"http:\/\/perladelsud.pl\/ttt\/wp-content\/uploads\/2016\/02\/referencje-300x50.jpg\" alt=\"referencje\" width=\"900\" height=\"150\" srcset=\"https:\/\/perladelsud.pl\/wp-content\/uploads\/2016\/02\/referencje-300x50.jpg 300w, https:\/\/perladelsud.pl\/wp-content\/uploads\/2016\/02\/referencje-768x128.jpg 768w, https:\/\/perladelsud.pl\/wp-content\/uploads\/2016\/02\/referencje-1024x171.jpg 1024w, https:\/\/perladelsud.pl\/wp-content\/uploads\/2016\/02\/referencje.jpg 1063w\" sizes=\"(max-width: 900px) 100vw, 900px\" \/><\/p>\n<h1 style=\"text-align: center;\">Perla Del Sud<\/h1>\n<p style=\"text-align: center;\"><em>Hodowca ps\u00f3w rasy Biewer Yorkshire Terrier<\/em><\/p>\n<p style=\"text-align: center;\">Nasza hodowla jest nieliczn\u0105 hodowl\u0105 Biewer Yorkshire Terrier\u00f3w zarejestrowan\u0105 w Zwi\u0105zku Kynologicznym w Polsce ( ZKwP) . Nasze pieski i ich potomstwo posiadaj\u0105 rodowody wydane przez FCI.<\/p>\n<p style=\"text-align: center;\"><img decoding=\"async\" loading=\"lazy\" class=\"aligncenter wp-image-126\" src=\"http:\/\/perladelsud.pl\/ttt\/wp-content\/uploads\/2016\/02\/HODOWLA-300x50.jpg\" alt=\"HODOWLA\" width=\"900\" height=\"150\" srcset=\"https:\/\/perladelsud.pl\/wp-content\/uploads\/2016\/02\/HODOWLA-300x50.jpg 300w, https:\/\/perladelsud.pl\/wp-content\/uploads\/2016\/02\/HODOWLA-768x128.jpg 768w, https:\/\/perladelsud.pl\/wp-content\/uploads\/2016\/02\/HODOWLA-1024x171.jpg 1024w, https:\/\/perladelsud.pl\/wp-content\/uploads\/2016\/02\/HODOWLA.jpg 1063w\" sizes=\"(max-width: 900px) 100vw, 900px\" \/><\/p>\n<p style=\"text-align: center;\">Biewer Yorkshire Terrier a&#8217;la Pom Pon &#8211; FCI &#8211; Mi\u0119dzynarodowa Federacja Kynologiczna (FCI, F\u00e9d\u00e9ration Cynologique Internationale) i Zwi\u0105zek Kynologiczny w Polsce (ZKwP) \u2013 organizacja zrzeszaj\u0105ca hodowc\u00f3w i mi\u0142o\u015bnik\u00f3w ps\u00f3w powo\u0142ana 29 lipca 1938 roku.<\/p>\n<p style=\"text-align: center;\">\u00a0<a href=\"http:\/\/www.fci.be\/en\/\"><img decoding=\"async\" loading=\"lazy\" class=\"alignnone wp-image-236 size-full\" src=\"http:\/\/perladelsud.pl\/wp-content\/uploads\/2016\/02\/logo_fci.png\" alt=\"logo_fci\" width=\"160\" height=\"160\" srcset=\"https:\/\/perladelsud.pl\/wp-content\/uploads\/2016\/02\/logo_fci.png 160w, https:\/\/perladelsud.pl\/wp-content\/uploads\/2016\/02\/logo_fci-150x150.png 150w\" sizes=\"(max-width: 160px) 100vw, 160px\" \/><\/a> <a href=\"http:\/\/www.zkwp.pl\/zg\/\"><img decoding=\"async\" loading=\"lazy\" class=\"alignnone wp-image-237 size-thumbnail\" src=\"http:\/\/perladelsud.pl\/wp-content\/uploads\/2016\/02\/logo_zkwp-150x150.png\" alt=\"logo_zkwp\" width=\"150\" height=\"150\" srcset=\"https:\/\/perladelsud.pl\/wp-content\/uploads\/2016\/02\/logo_zkwp-150x150.png 150w, https:\/\/perladelsud.pl\/wp-content\/uploads\/2016\/02\/logo_zkwp.png 160w\" sizes=\"(max-width: 150px) 100vw, 150px\" \/><\/a><\/p>\n<p style=\"text-align: center;\">Rasa nieuznana przez FCI<\/p>\n","protected":false},"excerpt":{"rendered":"<p>\u00a0Jeste\u015bmy domow\u0105 hodowl\u0105 , w kt\u00f3rej pieski ciesz\u0105 si\u0119 przywilejami pe\u0142nowarto\u015bciowych\u00a0\u00a0\u00a0\u00a0 domownik\u00f3w, mieszkaj\u0105c z nami w domu w ci\u0105g\u0142ym kontakcie z lud\u017ami. &nbsp; Perla Del Sud Hodowca ps\u00f3w rasy Biewer <a class=\"more-link\" href=\"https:\/\/perladelsud.pl\/index.php\/pl\/przykladowa-strona\/\">Continue Reading \u2192<\/a><\/p>\n","protected":false},"author":1,"featured_media":0,"parent":0,"menu_order":0,"comment_status":"closed","ping_status":"closed","template":"","meta":[],"_links":{"self":[{"href":"https:\/\/perladelsud.pl\/index.php\/wp-json\/wp\/v2\/pages\/2"}],"collection":[{"href":"https:\/\/perladelsud.pl\/index.php\/wp-json\/wp\/v2\/pages"}],"about":[{"href":"https:\/\/perladelsud.pl\/index.php\/wp-json\/wp\/v2\/types\/page"}],"author":[{"embeddable":true,"href":"https:\/\/perladelsud.pl\/index.php\/wp-json\/wp\/v2\/users\/1"}],"replies":[{"embeddable":true,"href":"https:\/\/perladelsud.pl\/index.php\/wp-json\/wp\/v2\/comments?post=2"}],"version-history":[{"count":0,"href":"https:\/\/perladelsud.pl\/index.php\/wp-json\/wp\/v2\/pages\/2\/revisions"}],"wp:attachment":[{"href":"https:\/\/perladelsud.pl\/index.php\/wp-json\/wp\/v2\/media?parent=2"}],"curies":[{"name":"wp","href":"https:\/\/api.w.org\/{rel}","templated":true}]}}