{"id":204,"date":"2016-02-08T11:27:31","date_gmt":"2016-02-08T10:27:31","guid":{"rendered":"http:\/\/perladelsud.pl\/ttt\/?page_id=204"},"modified":"2018-11-24T14:19:25","modified_gmt":"2018-11-24T13:19:25","slug":"miot-c-urodzony-07-10-2015","status":"publish","type":"page","link":"https:\/\/perladelsud.pl\/index.php\/pl\/galeria\/miot-urodzony-2015\/miot-c-urodzony-07-10-2015\/","title":{"rendered":"Miot C urodzony : 07.10.2015"},"content":{"rendered":"<p>Miot C urodzony :07.10.2015 : , 2 pieski<\/p>\n<p>Rodzice szczeni\u0105t to:<br \/>\nMatka: Amelia Klan-Biewer Rott (FCI ) M\u0142odzie\u017cowy Champion Polski<br \/>\nOjciec: Amber York Pacco-Prince (FCI) M\u0142odzie\u017cowy Champion Polski, Champion Polski<\/p>\n\n\t\t<style type=\"text\/css\">\n\t\t\t#gallery-1 {\n\t\t\t\tmargin: auto;\n\t\t\t}\n\t\t\t#gallery-1 .gallery-item {\n\t\t\t\tfloat: left;\n\t\t\t\tmargin-top: 10px;\n\t\t\t\ttext-align: center;\n\t\t\t\twidth: 50%;\n\t\t\t}\n\t\t\t#gallery-1 img {\n\t\t\t\tborder: 2px solid #cfcfcf;\n\t\t\t}\n\t\t\t#gallery-1 .gallery-caption {\n\t\t\t\tmargin-left: 0;\n\t\t\t}\n\t\t\t\/* see gallery_shortcode() in wp-includes\/media.php *\/\n\t\t<\/style>\n\t\t<div id='gallery-1' class='gallery galleryid-204 gallery-columns-2 gallery-size-medium'><dl class='gallery-item'>\n\t\t\t<dt class='gallery-icon portrait'>\n\t\t\t\t<a href='https:\/\/perladelsud.pl\/wp-content\/uploads\/2016\/02\/IMG_7863-e1455187332998.jpg'><img width=\"200\" height=\"300\" src=\"https:\/\/perladelsud.pl\/wp-content\/uploads\/2016\/02\/IMG_7863-200x300.jpg\" class=\"attachment-medium size-medium\" alt=\"\" decoding=\"async\" loading=\"lazy\" aria-describedby=\"gallery-1-339\" srcset=\"https:\/\/perladelsud.pl\/wp-content\/uploads\/2016\/02\/IMG_7863-200x300.jpg 200w, https:\/\/perladelsud.pl\/wp-content\/uploads\/2016\/02\/IMG_7863-768x1152.jpg 768w, https:\/\/perladelsud.pl\/wp-content\/uploads\/2016\/02\/IMG_7863-683x1024.jpg 683w, https:\/\/perladelsud.pl\/wp-content\/uploads\/2016\/02\/IMG_7863-e1455187332998.jpg 500w\" sizes=\"(max-width: 200px) 100vw, 200px\" \/><\/a>\n\t\t\t<\/dt>\n\t\t\t\t<dd class='wp-caption-text gallery-caption' id='gallery-1-339'>\n\t\t\t\tCody Perla del Sud (FCI) mieszka w Norwegii \n\t\t\t\t<\/dd><\/dl><dl class='gallery-item'>\n\t\t\t<dt class='gallery-icon landscape'>\n\t\t\t\t<a href='https:\/\/perladelsud.pl\/wp-content\/uploads\/2016\/02\/IMG_7891-e1455187360974.jpg'><img width=\"300\" height=\"200\" src=\"https:\/\/perladelsud.pl\/wp-content\/uploads\/2016\/02\/IMG_7891-300x200.jpg\" class=\"attachment-medium size-medium\" alt=\"\" decoding=\"async\" loading=\"lazy\" aria-describedby=\"gallery-1-340\" srcset=\"https:\/\/perladelsud.pl\/wp-content\/uploads\/2016\/02\/IMG_7891-300x200.jpg 300w, https:\/\/perladelsud.pl\/wp-content\/uploads\/2016\/02\/IMG_7891-768x512.jpg 768w, https:\/\/perladelsud.pl\/wp-content\/uploads\/2016\/02\/IMG_7891-e1455187360974.jpg 1024w\" sizes=\"(max-width: 300px) 100vw, 300px\" \/><\/a>\n\t\t\t<\/dt>\n\t\t\t\t<dd class='wp-caption-text gallery-caption' id='gallery-1-340'>\n\t\t\t\tCadeau Perla del Sud (FCI) mieszka w Krakowie\n\t\t\t\t<\/dd><\/dl><br style=\"clear: both\" \/>\n\t\t<\/div>\n\n","protected":false},"excerpt":{"rendered":"<p>Miot C urodzony :07.10.2015 : , 2 pieski Rodzice szczeni\u0105t to: Matka: Amelia Klan-Biewer Rott (FCI ) M\u0142odzie\u017cowy Champion Polski Ojciec: Amber York Pacco-Prince (FCI) M\u0142odzie\u017cowy Champion Polski, Champion Polski<\/p>\n","protected":false},"author":1,"featured_media":0,"parent":749,"menu_order":7,"comment_status":"closed","ping_status":"closed","template":"","meta":[],"_links":{"self":[{"href":"https:\/\/perladelsud.pl\/index.php\/wp-json\/wp\/v2\/pages\/204"}],"collection":[{"href":"https:\/\/perladelsud.pl\/index.php\/wp-json\/wp\/v2\/pages"}],"about":[{"href":"https:\/\/perladelsud.pl\/index.php\/wp-json\/wp\/v2\/types\/page"}],"author":[{"embeddable":true,"href":"https:\/\/perladelsud.pl\/index.php\/wp-json\/wp\/v2\/users\/1"}],"replies":[{"embeddable":true,"href":"https:\/\/perladelsud.pl\/index.php\/wp-json\/wp\/v2\/comments?post=204"}],"version-history":[{"count":0,"href":"https:\/\/perladelsud.pl\/index.php\/wp-json\/wp\/v2\/pages\/204\/revisions"}],"up":[{"embeddable":true,"href":"https:\/\/perladelsud.pl\/index.php\/wp-json\/wp\/v2\/pages\/749"}],"wp:attachment":[{"href":"https:\/\/perladelsud.pl\/index.php\/wp-json\/wp\/v2\/media?parent=204"}],"curies":[{"name":"wp","href":"https:\/\/api.w.org\/{rel}","templated":true}]}}

<p>Miot C urodzony :07.10.2015 : , 2 pieski</p>
<p>Rodzice szczeniąt to:<br />
Matka: Amelia Klan-Biewer Rott (FCI ) Młodzieżowy Champion Polski<br />
Ojciec: Amber York Pacco-Prince (FCI) Młodzieżowy Champion Polski, Champion Polski</p>

		<style type="text/css">
			#gallery-1 {
				margin: auto;
			}
			#gallery-1 .gallery-item {
				float: left;
				margin-top: 10px;
				text-align: center;
				width: 50%;
			}
			#gallery-1 img {
				border: 2px solid #cfcfcf;
			}
			#gallery-1 .gallery-caption {
				margin-left: 0;
			}
			/* see gallery_shortcode() in wp-includes/media.php */
		</style>
		<div id='gallery-1' class='gallery galleryid-204 gallery-columns-2 gallery-size-medium'><dl class='gallery-item'>
			<dt class='gallery-icon portrait'>
				<a href='https://perladelsud.pl/wp-content/uploads/2016/02/IMG_7863-e1455187332998.jpg'><img width="200" height="300" src="https://perladelsud.pl/wp-content/uploads/2016/02/IMG_7863-200x300.jpg" class="attachment-medium size-medium" alt="" decoding="async" loading="lazy" aria-describedby="gallery-1-339" srcset="https://perladelsud.pl/wp-content/uploads/2016/02/IMG_7863-200x300.jpg 200w, https://perladelsud.pl/wp-content/uploads/2016/02/IMG_7863-768x1152.jpg 768w, https://perladelsud.pl/wp-content/uploads/2016/02/IMG_7863-683x1024.jpg 683w, https://perladelsud.pl/wp-content/uploads/2016/02/IMG_7863-e1455187332998.jpg 500w" sizes="(max-width: 200px) 100vw, 200px" /></a>
			</dt>
				<dd class='wp-caption-text gallery-caption' id='gallery-1-339'>
				Cody Perla del Sud (FCI) mieszka w Norwegii 
				</dd></dl><dl class='gallery-item'>
			<dt class='gallery-icon landscape'>
				<a href='https://perladelsud.pl/wp-content/uploads/2016/02/IMG_7891-e1455187360974.jpg'><img width="300" height="200" src="https://perladelsud.pl/wp-content/uploads/2016/02/IMG_7891-300x200.jpg" class="attachment-medium size-medium" alt="" decoding="async" loading="lazy" aria-describedby="gallery-1-340" srcset="https://perladelsud.pl/wp-content/uploads/2016/02/IMG_7891-300x200.jpg 300w, https://perladelsud.pl/wp-content/uploads/2016/02/IMG_7891-768x512.jpg 768w, https://perladelsud.pl/wp-content/uploads/2016/02/IMG_7891-e1455187360974.jpg 1024w" sizes="(max-width: 300px) 100vw, 300px" /></a>
			</dt>
				<dd class='wp-caption-text gallery-caption' id='gallery-1-340'>
				Cadeau Perla del Sud (FCI) mieszka w Krakowie
				</dd></dl><br style="clear: both" />
		</div>

<p>Miot C urodzony :07.10.2015 : , 2 pieski Rodzice szczeniąt to: Matka: Amelia Klan-Biewer Rott (FCI ) Młodzieżowy Champion Polski Ojciec: Amber York Pacco-Prince (FCI) Młodzieżowy Champion Polski, Champion Polski</p>
