{"id":441,"date":"2016-09-14T09:30:00","date_gmt":"2016-09-14T07:30:00","guid":{"rendered":"http:\/\/perladelsud.pl\/?page_id=441"},"modified":"2017-10-26T13:07:24","modified_gmt":"2017-10-26T11:07:24","slug":"suczka-mery-klan-biewer-rott-fci","status":"publish","type":"page","link":"https:\/\/perladelsud.pl\/index.php\/pl\/137-2\/suczka-mery-klan-biewer-rott-fci\/","title":{"rendered":"Suczka Mery Klan Biewer Rott (FCI)"},"content":{"rendered":"<p>Urodzona 20.06.2015<\/p>\n<p>Rodzice:<br \/>\nMatka: Amber York Amanda<br \/>\nOjciec: Amber York Szaman<\/p>\n<p>Mery to bardzo weso\u0142a i \u017cywio\u0142owa suczka, uwielbia si\u0119 przytula\u0107 oraz bawi\u0107 ze swoj\u0105 r\u00f3wie\u015bniczk\u0105 Betin\u0105<\/p>\n<p>Osi\u0105gni\u0119cia<\/p>\n<ul>\n<li>10.04.2016 Krajowa Wystawa Ps\u00f3w Rasowych w Gliwicach: ocena doskona\u0142a lok.2<\/li>\n<li>19.06.2016 Mi\u0119dzynarodowa Wystawa Ps\u00f3w Rasowych w Krakowie: ocena doskona\u0142a lok 2<\/li>\n<li>21.08.2016 Nowos\u0105decka Wystawa Ps\u00f3w Rasowych : ocena bardzo dobra lok.2<\/li>\n<li>09.10.2016 Krajowa Wystawa Ps\u00f3w Rasowych w Zabrzu : ocena: doskona\u0142a lok.1 Zwyci\u0119zca\u00a0\u00a0\u00a0\u00a0\u00a0\u00a0\u00a0\u00a0\u00a0\u00a0\u00a0\u00a0 M\u0142odzie\u017cy<\/li>\n<li>12.11.2016 Mi\u0119dzynarodowa \u00a0Wystawa Ps\u00f3w Rasowych w Kielcach : ocena: bardzo dobra lok.2<\/li>\n<li>13.11.2016 Mi\u0119dzynarodowa \u00a0Wystawa Ps\u00f3w Rasowych w Kielcach : ocena: bardzo dobra lok.3<\/li>\n<\/ul>\n\n\t\t<style type=\"text\/css\">\n\t\t\t#gallery-1 {\n\t\t\t\tmargin: auto;\n\t\t\t}\n\t\t\t#gallery-1 .gallery-item {\n\t\t\t\tfloat: left;\n\t\t\t\tmargin-top: 10px;\n\t\t\t\ttext-align: center;\n\t\t\t\twidth: 50%;\n\t\t\t}\n\t\t\t#gallery-1 img {\n\t\t\t\tborder: 2px solid #cfcfcf;\n\t\t\t}\n\t\t\t#gallery-1 .gallery-caption {\n\t\t\t\tmargin-left: 0;\n\t\t\t}\n\t\t\t\/* see gallery_shortcode() in wp-includes\/media.php *\/\n\t\t<\/style>\n\t\t<div id='gallery-1' class='gallery galleryid-441 gallery-columns-2 gallery-size-medium'><dl class='gallery-item'>\n\t\t\t<dt class='gallery-icon landscape'>\n\t\t\t\t<a href='https:\/\/perladelsud.pl\/wp-content\/uploads\/2016\/02\/Obraz-012-e1473837595587.jpg'><img width=\"300\" height=\"262\" src=\"https:\/\/perladelsud.pl\/wp-content\/uploads\/2016\/02\/Obraz-012-300x262.jpg\" class=\"attachment-medium size-medium\" alt=\"\" decoding=\"async\" loading=\"lazy\" srcset=\"https:\/\/perladelsud.pl\/wp-content\/uploads\/2016\/02\/Obraz-012-300x262.jpg 300w, https:\/\/perladelsud.pl\/wp-content\/uploads\/2016\/02\/Obraz-012-768x671.jpg 768w, https:\/\/perladelsud.pl\/wp-content\/uploads\/2016\/02\/Obraz-012-e1473837595587.jpg 1024w\" sizes=\"(max-width: 300px) 100vw, 300px\" \/><\/a>\n\t\t\t<\/dt><\/dl><dl class='gallery-item'>\n\t\t\t<dt class='gallery-icon portrait'>\n\t\t\t\t<a href='https:\/\/perladelsud.pl\/wp-content\/uploads\/2016\/02\/Obraz-016-e1473837576484.jpg'><img width=\"262\" height=\"300\" src=\"https:\/\/perladelsud.pl\/wp-content\/uploads\/2016\/02\/Obraz-016-262x300.jpg\" class=\"attachment-medium size-medium\" alt=\"\" decoding=\"async\" loading=\"lazy\" srcset=\"https:\/\/perladelsud.pl\/wp-content\/uploads\/2016\/02\/Obraz-016-262x300.jpg 262w, https:\/\/perladelsud.pl\/wp-content\/uploads\/2016\/02\/Obraz-016-768x879.jpg 768w, https:\/\/perladelsud.pl\/wp-content\/uploads\/2016\/02\/Obraz-016-e1473837576484.jpg 894w\" sizes=\"(max-width: 262px) 100vw, 262px\" \/><\/a>\n\t\t\t<\/dt><\/dl><br style=\"clear: both\" \/>\n\t\t<\/div>\n\n","protected":false},"excerpt":{"rendered":"<p>Urodzona 20.06.2015 Rodzice: Matka: Amber York Amanda Ojciec: Amber York Szaman Mery to bardzo weso\u0142a i \u017cywio\u0142owa suczka, uwielbia si\u0119 przytula\u0107 oraz bawi\u0107 ze swoj\u0105 r\u00f3wie\u015bniczk\u0105 Betin\u0105 Osi\u0105gni\u0119cia 10.04.2016 Krajowa <a class=\"more-link\" href=\"https:\/\/perladelsud.pl\/index.php\/pl\/137-2\/suczka-mery-klan-biewer-rott-fci\/\">Continue Reading \u2192<\/a><\/p>\n","protected":false},"author":1,"featured_media":0,"parent":137,"menu_order":3,"comment_status":"closed","ping_status":"closed","template":"","meta":[],"_links":{"self":[{"href":"https:\/\/perladelsud.pl\/index.php\/wp-json\/wp\/v2\/pages\/441"}],"collection":[{"href":"https:\/\/perladelsud.pl\/index.php\/wp-json\/wp\/v2\/pages"}],"about":[{"href":"https:\/\/perladelsud.pl\/index.php\/wp-json\/wp\/v2\/types\/page"}],"author":[{"embeddable":true,"href":"https:\/\/perladelsud.pl\/index.php\/wp-json\/wp\/v2\/users\/1"}],"replies":[{"embeddable":true,"href":"https:\/\/perladelsud.pl\/index.php\/wp-json\/wp\/v2\/comments?post=441"}],"version-history":[{"count":0,"href":"https:\/\/perladelsud.pl\/index.php\/wp-json\/wp\/v2\/pages\/441\/revisions"}],"up":[{"embeddable":true,"href":"https:\/\/perladelsud.pl\/index.php\/wp-json\/wp\/v2\/pages\/137"}],"wp:attachment":[{"href":"https:\/\/perladelsud.pl\/index.php\/wp-json\/wp\/v2\/media?parent=441"}],"curies":[{"name":"wp","href":"https:\/\/api.w.org\/{rel}","templated":true}]}}