{"id":594,"date":"2018-02-20T12:19:25","date_gmt":"2018-02-20T11:19:25","guid":{"rendered":"http:\/\/perladelsud.pl\/?page_id=594"},"modified":"2018-11-24T13:58:08","modified_gmt":"2018-11-24T12:58:08","slug":"miot-g","status":"publish","type":"page","link":"https:\/\/perladelsud.pl\/index.php\/pl\/szczeniaki\/miot-2017-r\/miot-g\/","title":{"rendered":"Miot G"},"content":{"rendered":"<p><strong>Miot G<\/strong> urodzony: 08.11.2017:2 suczki<br \/>\nWszystkie szczeni\u0119ta znalaz\u0142y kochaj\u0105ce domki. Wi\u0119cej zdj\u0119\u0107 szczeni\u0105t w zak\u0142adce Galeria<\/p>\n<p>Matka: Betina Perla del Sud (FCI)\u00a0M\u0142odzie\u017cowy Champion Polski, Champion Polski<br \/>\nOjciec: Andre Mademoiselle Iwet (FCI)<\/p>\n\n\t\t<style type=\"text\/css\">\n\t\t\t#gallery-1 {\n\t\t\t\tmargin: auto;\n\t\t\t}\n\t\t\t#gallery-1 .gallery-item {\n\t\t\t\tfloat: left;\n\t\t\t\tmargin-top: 10px;\n\t\t\t\ttext-align: center;\n\t\t\t\twidth: 50%;\n\t\t\t}\n\t\t\t#gallery-1 img {\n\t\t\t\tborder: 2px solid #cfcfcf;\n\t\t\t}\n\t\t\t#gallery-1 .gallery-caption {\n\t\t\t\tmargin-left: 0;\n\t\t\t}\n\t\t\t\/* see gallery_shortcode() in wp-includes\/media.php *\/\n\t\t<\/style>\n\t\t<div id='gallery-1' class='gallery galleryid-594 gallery-columns-2 gallery-size-medium'><dl class='gallery-item'>\n\t\t\t<dt class='gallery-icon portrait'>\n\t\t\t\t<a href='https:\/\/perladelsud.pl\/wp-content\/uploads\/2018\/02\/IMG_0974-e1519127561227.jpg'><img width=\"238\" height=\"300\" src=\"https:\/\/perladelsud.pl\/wp-content\/uploads\/2018\/02\/IMG_0974-238x300.jpg\" class=\"attachment-medium size-medium\" alt=\"\" decoding=\"async\" loading=\"lazy\" srcset=\"https:\/\/perladelsud.pl\/wp-content\/uploads\/2018\/02\/IMG_0974-238x300.jpg 238w, https:\/\/perladelsud.pl\/wp-content\/uploads\/2018\/02\/IMG_0974-768x967.jpg 768w, https:\/\/perladelsud.pl\/wp-content\/uploads\/2018\/02\/IMG_0974-813x1024.jpg 813w, https:\/\/perladelsud.pl\/wp-content\/uploads\/2018\/02\/IMG_0974-e1519127561227.jpg 646w\" sizes=\"(max-width: 238px) 100vw, 238px\" \/><\/a>\n\t\t\t<\/dt><\/dl><dl class='gallery-item'>\n\t\t\t<dt class='gallery-icon portrait'>\n\t\t\t\t<a href='https:\/\/perladelsud.pl\/wp-content\/uploads\/2018\/02\/IMG_0987-e1519127578157.jpg'><img width=\"227\" height=\"300\" src=\"https:\/\/perladelsud.pl\/wp-content\/uploads\/2018\/02\/IMG_0987-227x300.jpg\" class=\"attachment-medium size-medium\" alt=\"\" decoding=\"async\" loading=\"lazy\" srcset=\"https:\/\/perladelsud.pl\/wp-content\/uploads\/2018\/02\/IMG_0987-227x300.jpg 227w, https:\/\/perladelsud.pl\/wp-content\/uploads\/2018\/02\/IMG_0987-768x1016.jpg 768w, https:\/\/perladelsud.pl\/wp-content\/uploads\/2018\/02\/IMG_0987-774x1024.jpg 774w, https:\/\/perladelsud.pl\/wp-content\/uploads\/2018\/02\/IMG_0987-e1519127578157.jpg 615w\" sizes=\"(max-width: 227px) 100vw, 227px\" \/><\/a>\n\t\t\t<\/dt><\/dl><br style=\"clear: both\" \/><dl class='gallery-item'>\n\t\t\t<dt class='gallery-icon landscape'>\n\t\t\t\t<a href='https:\/\/perladelsud.pl\/wp-content\/uploads\/2018\/02\/22450098_2005618949651682_6319653830587497139_n.jpg'><img width=\"300\" height=\"300\" src=\"https:\/\/perladelsud.pl\/wp-content\/uploads\/2018\/02\/22450098_2005618949651682_6319653830587497139_n-300x300.jpg\" class=\"attachment-medium size-medium\" alt=\"\" decoding=\"async\" loading=\"lazy\" aria-describedby=\"gallery-1-595\" srcset=\"https:\/\/perladelsud.pl\/wp-content\/uploads\/2018\/02\/22450098_2005618949651682_6319653830587497139_n-300x300.jpg 300w, https:\/\/perladelsud.pl\/wp-content\/uploads\/2018\/02\/22450098_2005618949651682_6319653830587497139_n-150x150.jpg 150w, https:\/\/perladelsud.pl\/wp-content\/uploads\/2018\/02\/22450098_2005618949651682_6319653830587497139_n.jpg 597w\" sizes=\"(max-width: 300px) 100vw, 300px\" \/><\/a>\n\t\t\t<\/dt>\n\t\t\t\t<dd class='wp-caption-text gallery-caption' id='gallery-1-595'>\n\t\t\t\tAndre Mademoiselle Iwet (FCI)\n\t\t\t\t<\/dd><\/dl><dl class='gallery-item'>\n\t\t\t<dt class='gallery-icon portrait'>\n\t\t\t\t<a href='https:\/\/perladelsud.pl\/wp-content\/uploads\/2018\/02\/Obraz-003-e1519125497658.jpg'><img width=\"251\" height=\"300\" src=\"https:\/\/perladelsud.pl\/wp-content\/uploads\/2018\/02\/Obraz-003-251x300.jpg\" class=\"attachment-medium size-medium\" alt=\"\" decoding=\"async\" loading=\"lazy\" aria-describedby=\"gallery-1-598\" srcset=\"https:\/\/perladelsud.pl\/wp-content\/uploads\/2018\/02\/Obraz-003-251x300.jpg 251w, https:\/\/perladelsud.pl\/wp-content\/uploads\/2018\/02\/Obraz-003-768x918.jpg 768w, https:\/\/perladelsud.pl\/wp-content\/uploads\/2018\/02\/Obraz-003-e1519125497658.jpg 856w\" sizes=\"(max-width: 251px) 100vw, 251px\" \/><\/a>\n\t\t\t<\/dt>\n\t\t\t\t<dd class='wp-caption-text gallery-caption' id='gallery-1-598'>\n\t\t\t\tBetina Perla del Sud (FCI) M\u0142odzie\u017cowy Champion Polski, Champion Polski\n\t\t\t\t<\/dd><\/dl><br style=\"clear: both\" \/>\n\t\t<\/div>\n\n","protected":false},"excerpt":{"rendered":"<p>Miot G urodzony: 08.11.2017:2 suczki Wszystkie szczeni\u0119ta znalaz\u0142y kochaj\u0105ce domki. Wi\u0119cej zdj\u0119\u0107 szczeni\u0105t w zak\u0142adce Galeria Matka: Betina Perla del Sud (FCI)\u00a0M\u0142odzie\u017cowy Champion Polski, Champion Polski Ojciec: Andre Mademoiselle Iwet <a class=\"more-link\" href=\"https:\/\/perladelsud.pl\/index.php\/pl\/szczeniaki\/miot-2017-r\/miot-g\/\">Continue Reading \u2192<\/a><\/p>\n","protected":false},"author":1,"featured_media":0,"parent":731,"menu_order":3,"comment_status":"closed","ping_status":"closed","template":"","meta":[],"_links":{"self":[{"href":"https:\/\/perladelsud.pl\/index.php\/wp-json\/wp\/v2\/pages\/594"}],"collection":[{"href":"https:\/\/perladelsud.pl\/index.php\/wp-json\/wp\/v2\/pages"}],"about":[{"href":"https:\/\/perladelsud.pl\/index.php\/wp-json\/wp\/v2\/types\/page"}],"author":[{"embeddable":true,"href":"https:\/\/perladelsud.pl\/index.php\/wp-json\/wp\/v2\/users\/1"}],"replies":[{"embeddable":true,"href":"https:\/\/perladelsud.pl\/index.php\/wp-json\/wp\/v2\/comments?post=594"}],"version-history":[{"count":0,"href":"https:\/\/perladelsud.pl\/index.php\/wp-json\/wp\/v2\/pages\/594\/revisions"}],"up":[{"embeddable":true,"href":"https:\/\/perladelsud.pl\/index.php\/wp-json\/wp\/v2\/pages\/731"}],"wp:attachment":[{"href":"https:\/\/perladelsud.pl\/index.php\/wp-json\/wp\/v2\/media?parent=594"}],"curies":[{"name":"wp","href":"https:\/\/api.w.org\/{rel}","templated":true}]}}

<p><strong>Miot G</strong> urodzony: 08.11.2017:2 suczki<br />
Wszystkie szczenięta znalazły kochające domki. Więcej zdjęć szczeniąt w zakładce Galeria</p>
<p>Matka: Betina Perla del Sud (FCI) Młodzieżowy Champion Polski, Champion Polski<br />
Ojciec: Andre Mademoiselle Iwet (FCI)</p>

		<style type="text/css">
			#gallery-1 {
				margin: auto;
			}
			#gallery-1 .gallery-item {
				float: left;
				margin-top: 10px;
				text-align: center;
				width: 50%;
			}
			#gallery-1 img {
				border: 2px solid #cfcfcf;
			}
			#gallery-1 .gallery-caption {
				margin-left: 0;
			}
			/* see gallery_shortcode() in wp-includes/media.php */
		</style>
		<div id='gallery-1' class='gallery galleryid-594 gallery-columns-2 gallery-size-medium'><dl class='gallery-item'>
			<dt class='gallery-icon portrait'>
				<a href='https://perladelsud.pl/wp-content/uploads/2018/02/IMG_0974-e1519127561227.jpg'><img width="238" height="300" src="https://perladelsud.pl/wp-content/uploads/2018/02/IMG_0974-238x300.jpg" class="attachment-medium size-medium" alt="" decoding="async" loading="lazy" srcset="https://perladelsud.pl/wp-content/uploads/2018/02/IMG_0974-238x300.jpg 238w, https://perladelsud.pl/wp-content/uploads/2018/02/IMG_0974-768x967.jpg 768w, https://perladelsud.pl/wp-content/uploads/2018/02/IMG_0974-813x1024.jpg 813w, https://perladelsud.pl/wp-content/uploads/2018/02/IMG_0974-e1519127561227.jpg 646w" sizes="(max-width: 238px) 100vw, 238px" /></a>
			</dt></dl><dl class='gallery-item'>
			<dt class='gallery-icon portrait'>
				<a href='https://perladelsud.pl/wp-content/uploads/2018/02/IMG_0987-e1519127578157.jpg'><img width="227" height="300" src="https://perladelsud.pl/wp-content/uploads/2018/02/IMG_0987-227x300.jpg" class="attachment-medium size-medium" alt="" decoding="async" loading="lazy" srcset="https://perladelsud.pl/wp-content/uploads/2018/02/IMG_0987-227x300.jpg 227w, https://perladelsud.pl/wp-content/uploads/2018/02/IMG_0987-768x1016.jpg 768w, https://perladelsud.pl/wp-content/uploads/2018/02/IMG_0987-774x1024.jpg 774w, https://perladelsud.pl/wp-content/uploads/2018/02/IMG_0987-e1519127578157.jpg 615w" sizes="(max-width: 227px) 100vw, 227px" /></a>
			</dt></dl><br style="clear: both" /><dl class='gallery-item'>
			<dt class='gallery-icon landscape'>
				<a href='https://perladelsud.pl/wp-content/uploads/2018/02/22450098_2005618949651682_6319653830587497139_n.jpg'><img width="300" height="300" src="https://perladelsud.pl/wp-content/uploads/2018/02/22450098_2005618949651682_6319653830587497139_n-300x300.jpg" class="attachment-medium size-medium" alt="" decoding="async" loading="lazy" aria-describedby="gallery-1-595" srcset="https://perladelsud.pl/wp-content/uploads/2018/02/22450098_2005618949651682_6319653830587497139_n-300x300.jpg 300w, https://perladelsud.pl/wp-content/uploads/2018/02/22450098_2005618949651682_6319653830587497139_n-150x150.jpg 150w, https://perladelsud.pl/wp-content/uploads/2018/02/22450098_2005618949651682_6319653830587497139_n.jpg 597w" sizes="(max-width: 300px) 100vw, 300px" /></a>
			</dt>
				<dd class='wp-caption-text gallery-caption' id='gallery-1-595'>
				Andre Mademoiselle Iwet (FCI)
				</dd></dl><dl class='gallery-item'>
			<dt class='gallery-icon portrait'>
				<a href='https://perladelsud.pl/wp-content/uploads/2018/02/Obraz-003-e1519125497658.jpg'><img width="251" height="300" src="https://perladelsud.pl/wp-content/uploads/2018/02/Obraz-003-251x300.jpg" class="attachment-medium size-medium" alt="" decoding="async" loading="lazy" aria-describedby="gallery-1-598" srcset="https://perladelsud.pl/wp-content/uploads/2018/02/Obraz-003-251x300.jpg 251w, https://perladelsud.pl/wp-content/uploads/2018/02/Obraz-003-768x918.jpg 768w, https://perladelsud.pl/wp-content/uploads/2018/02/Obraz-003-e1519125497658.jpg 856w" sizes="(max-width: 251px) 100vw, 251px" /></a>
			</dt>
				<dd class='wp-caption-text gallery-caption' id='gallery-1-598'>
				Betina Perla del Sud (FCI) Młodzieżowy Champion Polski, Champion Polski
				</dd></dl><br style="clear: both" />
		</div>

<p>Miot G urodzony: 08.11.2017:2 suczki Wszystkie szczenięta znalazły kochające domki. Więcej zdjęć szczeniąt w zakładce Galeria Matka: Betina Perla del Sud (FCI) Młodzieżowy Champion Polski, Champion Polski Ojciec: Andre Mademoiselle Iwet <a class="more-link" href="https://perladelsud.pl/index.php/pl/szczeniaki/miot-2017-r/miot-g/">Continue Reading →</a></p>
