{"id":726,"date":"2018-11-24T13:51:55","date_gmt":"2018-11-24T12:51:55","guid":{"rendered":"http:\/\/perladelsud.pl\/?page_id=726"},"modified":"2018-11-24T13:51:55","modified_gmt":"2018-11-24T12:51:55","slug":"miot-2016-r","status":"publish","type":"page","link":"https:\/\/perladelsud.pl\/index.php\/pl\/szczeniaki\/miot-2016-r\/","title":{"rendered":"Miot 2016 r."},"content":{"rendered":"<p><strong>Miot D <\/strong>urodzony: 3.08.2016 ; 1 suczka , 2 pieski<br \/>\nMatka: Amelia Klan-Biewer Rott (FCI ) M\u0142odzie\u017cowy Champion Polski<br \/>\nOjciec: Amber York Pacco-Prince (FCI) M\u0142odzie\u017cowy Champion Polski, Champion Polski<\/p>\n\n\t\t<style type=\"text\/css\">\n\t\t\t#gallery-1 {\n\t\t\t\tmargin: auto;\n\t\t\t}\n\t\t\t#gallery-1 .gallery-item {\n\t\t\t\tfloat: left;\n\t\t\t\tmargin-top: 10px;\n\t\t\t\ttext-align: center;\n\t\t\t\twidth: 50%;\n\t\t\t}\n\t\t\t#gallery-1 img {\n\t\t\t\tborder: 2px solid #cfcfcf;\n\t\t\t}\n\t\t\t#gallery-1 .gallery-caption {\n\t\t\t\tmargin-left: 0;\n\t\t\t}\n\t\t\t\/* see gallery_shortcode() in wp-includes\/media.php *\/\n\t\t<\/style>\n\t\t<div id='gallery-1' class='gallery galleryid-726 gallery-columns-2 gallery-size-medium'><dl class='gallery-item'>\n\t\t\t<dt class='gallery-icon landscape'>\n\t\t\t\t<a href='https:\/\/perladelsud.pl\/wp-content\/uploads\/2016\/02\/20160828_170026a-e1473149354212.jpg'><img width=\"300\" height=\"224\" src=\"https:\/\/perladelsud.pl\/wp-content\/uploads\/2016\/02\/20160828_170026a-300x224.jpg\" class=\"attachment-medium size-medium\" alt=\"\" decoding=\"async\" loading=\"lazy\" srcset=\"https:\/\/perladelsud.pl\/wp-content\/uploads\/2016\/02\/20160828_170026a-300x224.jpg 300w, https:\/\/perladelsud.pl\/wp-content\/uploads\/2016\/02\/20160828_170026a-768x573.jpg 768w, https:\/\/perladelsud.pl\/wp-content\/uploads\/2016\/02\/20160828_170026a-e1473149354212.jpg 1024w\" sizes=\"(max-width: 300px) 100vw, 300px\" \/><\/a>\n\t\t\t<\/dt><\/dl><dl class='gallery-item'>\n\t\t\t<dt class='gallery-icon landscape'>\n\t\t\t\t<a href='https:\/\/perladelsud.pl\/wp-content\/uploads\/2016\/02\/20160828_165712A-e1473149336499.jpg'><img width=\"300\" height=\"200\" src=\"https:\/\/perladelsud.pl\/wp-content\/uploads\/2016\/02\/20160828_165712A-300x200.jpg\" class=\"attachment-medium size-medium\" alt=\"\" decoding=\"async\" loading=\"lazy\" srcset=\"https:\/\/perladelsud.pl\/wp-content\/uploads\/2016\/02\/20160828_165712A-300x200.jpg 300w, https:\/\/perladelsud.pl\/wp-content\/uploads\/2016\/02\/20160828_165712A-768x512.jpg 768w, https:\/\/perladelsud.pl\/wp-content\/uploads\/2016\/02\/20160828_165712A-e1473149336499.jpg 1024w\" sizes=\"(max-width: 300px) 100vw, 300px\" \/><\/a>\n\t\t\t<\/dt><\/dl><br style=\"clear: both\" \/><dl class='gallery-item'>\n\t\t\t<dt class='gallery-icon landscape'>\n\t\t\t\t<a href='https:\/\/perladelsud.pl\/wp-content\/uploads\/2016\/02\/20160828_170002a-e1473149369356.jpg'><img width=\"300\" height=\"200\" src=\"https:\/\/perladelsud.pl\/wp-content\/uploads\/2016\/02\/20160828_170002a-300x200.jpg\" class=\"attachment-medium size-medium\" alt=\"\" decoding=\"async\" loading=\"lazy\" srcset=\"https:\/\/perladelsud.pl\/wp-content\/uploads\/2016\/02\/20160828_170002a-300x200.jpg 300w, https:\/\/perladelsud.pl\/wp-content\/uploads\/2016\/02\/20160828_170002a-768x512.jpg 768w, https:\/\/perladelsud.pl\/wp-content\/uploads\/2016\/02\/20160828_170002a-e1473149369356.jpg 1024w\" sizes=\"(max-width: 300px) 100vw, 300px\" \/><\/a>\n\t\t\t<\/dt><\/dl>\n\t\t\t<br style='clear: both' \/>\n\t\t<\/div>\n\n\n\t\t<style type=\"text\/css\">\n\t\t\t#gallery-2 {\n\t\t\t\tmargin: auto;\n\t\t\t}\n\t\t\t#gallery-2 .gallery-item {\n\t\t\t\tfloat: left;\n\t\t\t\tmargin-top: 10px;\n\t\t\t\ttext-align: center;\n\t\t\t\twidth: 50%;\n\t\t\t}\n\t\t\t#gallery-2 img {\n\t\t\t\tborder: 2px solid #cfcfcf;\n\t\t\t}\n\t\t\t#gallery-2 .gallery-caption {\n\t\t\t\tmargin-left: 0;\n\t\t\t}\n\t\t\t\/* see gallery_shortcode() in wp-includes\/media.php *\/\n\t\t<\/style>\n\t\t<div id='gallery-2' class='gallery galleryid-726 gallery-columns-2 gallery-size-medium'><dl class='gallery-item'>\n\t\t\t<dt class='gallery-icon landscape'>\n\t\t\t\t<a href='https:\/\/perladelsud.pl\/wp-content\/uploads\/2016\/02\/SAM_2371-3-e1455186688986.jpg'><img width=\"300\" height=\"225\" src=\"https:\/\/perladelsud.pl\/wp-content\/uploads\/2016\/02\/SAM_2371-3-300x225.jpg\" class=\"attachment-medium size-medium\" alt=\"\" decoding=\"async\" loading=\"lazy\" aria-describedby=\"gallery-2-324\" srcset=\"https:\/\/perladelsud.pl\/wp-content\/uploads\/2016\/02\/SAM_2371-3-300x225.jpg 300w, https:\/\/perladelsud.pl\/wp-content\/uploads\/2016\/02\/SAM_2371-3-768x576.jpg 768w, https:\/\/perladelsud.pl\/wp-content\/uploads\/2016\/02\/SAM_2371-3-e1455186688986.jpg 1024w\" sizes=\"(max-width: 300px) 100vw, 300px\" \/><\/a>\n\t\t\t<\/dt>\n\t\t\t\t<dd class='wp-caption-text gallery-caption' id='gallery-2-324'>\n\t\t\t\tMatka: Amelia Klan-Biewer Rott (FCI ) M\u0142odzie\u017cowy Champion Polski\n\t\t\t\t<\/dd><\/dl><dl class='gallery-item'>\n\t\t\t<dt class='gallery-icon landscape'>\n\t\t\t\t<a href='https:\/\/perladelsud.pl\/wp-content\/uploads\/2016\/02\/pacco-1-e1455186713445.jpg'><img width=\"300\" height=\"220\" src=\"https:\/\/perladelsud.pl\/wp-content\/uploads\/2016\/02\/pacco-1-300x220.jpg\" class=\"attachment-medium size-medium\" alt=\"\" decoding=\"async\" loading=\"lazy\" aria-describedby=\"gallery-2-323\" srcset=\"https:\/\/perladelsud.pl\/wp-content\/uploads\/2016\/02\/pacco-1-300x220.jpg 300w, https:\/\/perladelsud.pl\/wp-content\/uploads\/2016\/02\/pacco-1-768x564.jpg 768w, https:\/\/perladelsud.pl\/wp-content\/uploads\/2016\/02\/pacco-1-e1455186713445.jpg 1024w\" sizes=\"(max-width: 300px) 100vw, 300px\" \/><\/a>\n\t\t\t<\/dt>\n\t\t\t\t<dd class='wp-caption-text gallery-caption' id='gallery-2-323'>\n\t\t\t\tOjciec: Amber York Pacco-Prince (FCI) M\u0142odzie\u017cowy Champion Polski, Champion Polski\n\t\t\t\t<\/dd><\/dl><br style=\"clear: both\" \/>\n\t\t<\/div>\n\n","protected":false},"excerpt":{"rendered":"<p>Miot D urodzony: 3.08.2016 ; 1 suczka , 2 pieski Matka: Amelia Klan-Biewer Rott (FCI ) M\u0142odzie\u017cowy Champion Polski Ojciec: Amber York Pacco-Prince (FCI) M\u0142odzie\u017cowy Champion Polski, Champion Polski<\/p>\n","protected":false},"author":1,"featured_media":0,"parent":163,"menu_order":5,"comment_status":"closed","ping_status":"closed","template":"","meta":[],"_links":{"self":[{"href":"https:\/\/perladelsud.pl\/index.php\/wp-json\/wp\/v2\/pages\/726"}],"collection":[{"href":"https:\/\/perladelsud.pl\/index.php\/wp-json\/wp\/v2\/pages"}],"about":[{"href":"https:\/\/perladelsud.pl\/index.php\/wp-json\/wp\/v2\/types\/page"}],"author":[{"embeddable":true,"href":"https:\/\/perladelsud.pl\/index.php\/wp-json\/wp\/v2\/users\/1"}],"replies":[{"embeddable":true,"href":"https:\/\/perladelsud.pl\/index.php\/wp-json\/wp\/v2\/comments?post=726"}],"version-history":[{"count":0,"href":"https:\/\/perladelsud.pl\/index.php\/wp-json\/wp\/v2\/pages\/726\/revisions"}],"up":[{"embeddable":true,"href":"https:\/\/perladelsud.pl\/index.php\/wp-json\/wp\/v2\/pages\/163"}],"wp:attachment":[{"href":"https:\/\/perladelsud.pl\/index.php\/wp-json\/wp\/v2\/media?parent=726"}],"curies":[{"name":"wp","href":"https:\/\/api.w.org\/{rel}","templated":true}]}}

<p><strong>Miot D </strong>urodzony: 3.08.2016 ; 1 suczka , 2 pieski<br />
Matka: Amelia Klan-Biewer Rott (FCI ) Młodzieżowy Champion Polski<br />
Ojciec: Amber York Pacco-Prince (FCI) Młodzieżowy Champion Polski, Champion Polski</p>

		<style type="text/css">
			#gallery-1 {
				margin: auto;
			}
			#gallery-1 .gallery-item {
				float: left;
				margin-top: 10px;
				text-align: center;
				width: 50%;
			}
			#gallery-1 img {
				border: 2px solid #cfcfcf;
			}
			#gallery-1 .gallery-caption {
				margin-left: 0;
			}
			/* see gallery_shortcode() in wp-includes/media.php */
		</style>
		<div id='gallery-1' class='gallery galleryid-726 gallery-columns-2 gallery-size-medium'><dl class='gallery-item'>
			<dt class='gallery-icon landscape'>
				<a href='https://perladelsud.pl/wp-content/uploads/2016/02/20160828_170026a-e1473149354212.jpg'><img width="300" height="224" src="https://perladelsud.pl/wp-content/uploads/2016/02/20160828_170026a-300x224.jpg" class="attachment-medium size-medium" alt="" decoding="async" loading="lazy" srcset="https://perladelsud.pl/wp-content/uploads/2016/02/20160828_170026a-300x224.jpg 300w, https://perladelsud.pl/wp-content/uploads/2016/02/20160828_170026a-768x573.jpg 768w, https://perladelsud.pl/wp-content/uploads/2016/02/20160828_170026a-e1473149354212.jpg 1024w" sizes="(max-width: 300px) 100vw, 300px" /></a>
			</dt></dl><dl class='gallery-item'>
			<dt class='gallery-icon landscape'>
				<a href='https://perladelsud.pl/wp-content/uploads/2016/02/20160828_165712A-e1473149336499.jpg'><img width="300" height="200" src="https://perladelsud.pl/wp-content/uploads/2016/02/20160828_165712A-300x200.jpg" class="attachment-medium size-medium" alt="" decoding="async" loading="lazy" srcset="https://perladelsud.pl/wp-content/uploads/2016/02/20160828_165712A-300x200.jpg 300w, https://perladelsud.pl/wp-content/uploads/2016/02/20160828_165712A-768x512.jpg 768w, https://perladelsud.pl/wp-content/uploads/2016/02/20160828_165712A-e1473149336499.jpg 1024w" sizes="(max-width: 300px) 100vw, 300px" /></a>
			</dt></dl><br style="clear: both" /><dl class='gallery-item'>
			<dt class='gallery-icon landscape'>
				<a href='https://perladelsud.pl/wp-content/uploads/2016/02/20160828_170002a-e1473149369356.jpg'><img width="300" height="200" src="https://perladelsud.pl/wp-content/uploads/2016/02/20160828_170002a-300x200.jpg" class="attachment-medium size-medium" alt="" decoding="async" loading="lazy" srcset="https://perladelsud.pl/wp-content/uploads/2016/02/20160828_170002a-300x200.jpg 300w, https://perladelsud.pl/wp-content/uploads/2016/02/20160828_170002a-768x512.jpg 768w, https://perladelsud.pl/wp-content/uploads/2016/02/20160828_170002a-e1473149369356.jpg 1024w" sizes="(max-width: 300px) 100vw, 300px" /></a>
			</dt></dl>
			<br style='clear: both' />
		</div>


		<style type="text/css">
			#gallery-2 {
				margin: auto;
			}
			#gallery-2 .gallery-item {
				float: left;
				margin-top: 10px;
				text-align: center;
				width: 50%;
			}
			#gallery-2 img {
				border: 2px solid #cfcfcf;
			}
			#gallery-2 .gallery-caption {
				margin-left: 0;
			}
			/* see gallery_shortcode() in wp-includes/media.php */
		</style>
		<div id='gallery-2' class='gallery galleryid-726 gallery-columns-2 gallery-size-medium'><dl class='gallery-item'>
			<dt class='gallery-icon landscape'>
				<a href='https://perladelsud.pl/wp-content/uploads/2016/02/SAM_2371-3-e1455186688986.jpg'><img width="300" height="225" src="https://perladelsud.pl/wp-content/uploads/2016/02/SAM_2371-3-300x225.jpg" class="attachment-medium size-medium" alt="" decoding="async" loading="lazy" aria-describedby="gallery-2-324" srcset="https://perladelsud.pl/wp-content/uploads/2016/02/SAM_2371-3-300x225.jpg 300w, https://perladelsud.pl/wp-content/uploads/2016/02/SAM_2371-3-768x576.jpg 768w, https://perladelsud.pl/wp-content/uploads/2016/02/SAM_2371-3-e1455186688986.jpg 1024w" sizes="(max-width: 300px) 100vw, 300px" /></a>
			</dt>
				<dd class='wp-caption-text gallery-caption' id='gallery-2-324'>
				Matka: Amelia Klan-Biewer Rott (FCI ) Młodzieżowy Champion Polski
				</dd></dl><dl class='gallery-item'>
			<dt class='gallery-icon landscape'>
				<a href='https://perladelsud.pl/wp-content/uploads/2016/02/pacco-1-e1455186713445.jpg'><img width="300" height="220" src="https://perladelsud.pl/wp-content/uploads/2016/02/pacco-1-300x220.jpg" class="attachment-medium size-medium" alt="" decoding="async" loading="lazy" aria-describedby="gallery-2-323" srcset="https://perladelsud.pl/wp-content/uploads/2016/02/pacco-1-300x220.jpg 300w, https://perladelsud.pl/wp-content/uploads/2016/02/pacco-1-768x564.jpg 768w, https://perladelsud.pl/wp-content/uploads/2016/02/pacco-1-e1455186713445.jpg 1024w" sizes="(max-width: 300px) 100vw, 300px" /></a>
			</dt>
				<dd class='wp-caption-text gallery-caption' id='gallery-2-323'>
				Ojciec: Amber York Pacco-Prince (FCI) Młodzieżowy Champion Polski, Champion Polski
				</dd></dl><br style="clear: both" />
		</div>

<p>Miot D urodzony: 3.08.2016 ; 1 suczka , 2 pieski Matka: Amelia Klan-Biewer Rott (FCI ) Młodzieżowy Champion Polski Ojciec: Amber York Pacco-Prince (FCI) Młodzieżowy Champion Polski, Champion Polski</p>
