{"id":731,"date":"2018-11-24T13:57:48","date_gmt":"2018-11-24T12:57:48","guid":{"rendered":"http:\/\/perladelsud.pl\/?page_id=731"},"modified":"2018-11-24T13:57:48","modified_gmt":"2018-11-24T12:57:48","slug":"miot-2017-r","status":"publish","type":"page","link":"https:\/\/perladelsud.pl\/index.php\/pl\/szczeniaki\/miot-2017-r\/","title":{"rendered":"Miot 2017 r."},"content":{"rendered":"<p><strong>Miot E<\/strong> urodzony: 16.04.2017: 3 samczyki . 1 suczka<br \/>\nWszystkie szczeni\u0119ta znalaz\u0142y kochaj\u0105ce domki. Wi\u0119cej zdj\u0119\u0107 szczeni\u0105t w zak\u0142adce Galeria<\/p>\n<p>Matka: Mary Klan-Biewer Rott (FCI )<br \/>\nOjciec: Amber York Pacco-Prince (FCI) M\u0142odzie\u017cowy Champion Polski, Champion Polski<\/p>\n\n\t\t<style type=\"text\/css\">\n\t\t\t#gallery-1 {\n\t\t\t\tmargin: auto;\n\t\t\t}\n\t\t\t#gallery-1 .gallery-item {\n\t\t\t\tfloat: left;\n\t\t\t\tmargin-top: 10px;\n\t\t\t\ttext-align: center;\n\t\t\t\twidth: 50%;\n\t\t\t}\n\t\t\t#gallery-1 img {\n\t\t\t\tborder: 2px solid #cfcfcf;\n\t\t\t}\n\t\t\t#gallery-1 .gallery-caption {\n\t\t\t\tmargin-left: 0;\n\t\t\t}\n\t\t\t\/* see gallery_shortcode() in wp-includes\/media.php *\/\n\t\t<\/style>\n\t\t<div id='gallery-1' class='gallery galleryid-731 gallery-columns-2 gallery-size-medium'><dl class='gallery-item'>\n\t\t\t<dt class='gallery-icon portrait'>\n\t\t\t\t<a href='https:\/\/perladelsud.pl\/wp-content\/uploads\/2016\/02\/Bez-nazwy-1ttt-e1505295062549.jpg'><img width=\"294\" height=\"300\" src=\"https:\/\/perladelsud.pl\/wp-content\/uploads\/2016\/02\/Bez-nazwy-1ttt-294x300.jpg\" class=\"attachment-medium size-medium\" alt=\"\" decoding=\"async\" loading=\"lazy\" srcset=\"https:\/\/perladelsud.pl\/wp-content\/uploads\/2016\/02\/Bez-nazwy-1ttt-294x300.jpg 294w, https:\/\/perladelsud.pl\/wp-content\/uploads\/2016\/02\/Bez-nazwy-1ttt-768x784.jpg 768w, https:\/\/perladelsud.pl\/wp-content\/uploads\/2016\/02\/Bez-nazwy-1ttt-1003x1024.jpg 1003w, https:\/\/perladelsud.pl\/wp-content\/uploads\/2016\/02\/Bez-nazwy-1ttt-e1505295062549.jpg 900w\" sizes=\"(max-width: 294px) 100vw, 294px\" \/><\/a>\n\t\t\t<\/dt><\/dl><dl class='gallery-item'>\n\t\t\t<dt class='gallery-icon landscape'>\n\t\t\t\t<a href='https:\/\/perladelsud.pl\/wp-content\/uploads\/2016\/02\/Bez-nazwy-1rrrrrr-1-e1505295074900.jpg'><img width=\"300\" height=\"266\" src=\"https:\/\/perladelsud.pl\/wp-content\/uploads\/2016\/02\/Bez-nazwy-1rrrrrr-1-300x266.jpg\" class=\"attachment-medium size-medium\" alt=\"\" decoding=\"async\" loading=\"lazy\" srcset=\"https:\/\/perladelsud.pl\/wp-content\/uploads\/2016\/02\/Bez-nazwy-1rrrrrr-1-300x266.jpg 300w, https:\/\/perladelsud.pl\/wp-content\/uploads\/2016\/02\/Bez-nazwy-1rrrrrr-1-768x680.jpg 768w, https:\/\/perladelsud.pl\/wp-content\/uploads\/2016\/02\/Bez-nazwy-1rrrrrr-1-1024x907.jpg 1024w, https:\/\/perladelsud.pl\/wp-content\/uploads\/2016\/02\/Bez-nazwy-1rrrrrr-1-e1505295074900.jpg 900w\" sizes=\"(max-width: 300px) 100vw, 300px\" \/><\/a>\n\t\t\t<\/dt><\/dl><br style=\"clear: both\" \/><dl class='gallery-item'>\n\t\t\t<dt class='gallery-icon landscape'>\n\t\t\t\t<a href='https:\/\/perladelsud.pl\/wp-content\/uploads\/2016\/02\/Bez-nazwy-1r-e1505295086645.jpg'><img width=\"300\" height=\"293\" src=\"https:\/\/perladelsud.pl\/wp-content\/uploads\/2016\/02\/Bez-nazwy-1r-300x293.jpg\" class=\"attachment-medium size-medium\" alt=\"\" decoding=\"async\" loading=\"lazy\" srcset=\"https:\/\/perladelsud.pl\/wp-content\/uploads\/2016\/02\/Bez-nazwy-1r-300x293.jpg 300w, https:\/\/perladelsud.pl\/wp-content\/uploads\/2016\/02\/Bez-nazwy-1r-768x749.jpg 768w, https:\/\/perladelsud.pl\/wp-content\/uploads\/2016\/02\/Bez-nazwy-1r-1024x998.jpg 1024w, https:\/\/perladelsud.pl\/wp-content\/uploads\/2016\/02\/Bez-nazwy-1r-e1505295086645.jpg 900w\" sizes=\"(max-width: 300px) 100vw, 300px\" \/><\/a>\n\t\t\t<\/dt><\/dl><dl class='gallery-item'>\n\t\t\t<dt class='gallery-icon portrait'>\n\t\t\t\t<a href='https:\/\/perladelsud.pl\/wp-content\/uploads\/2016\/02\/Bez-nazwy-1-e1505295097557.jpg'><img width=\"255\" height=\"300\" src=\"https:\/\/perladelsud.pl\/wp-content\/uploads\/2016\/02\/Bez-nazwy-1-255x300.jpg\" class=\"attachment-medium size-medium\" alt=\"\" decoding=\"async\" loading=\"lazy\" srcset=\"https:\/\/perladelsud.pl\/wp-content\/uploads\/2016\/02\/Bez-nazwy-1-255x300.jpg 255w, https:\/\/perladelsud.pl\/wp-content\/uploads\/2016\/02\/Bez-nazwy-1-768x904.jpg 768w, https:\/\/perladelsud.pl\/wp-content\/uploads\/2016\/02\/Bez-nazwy-1-870x1024.jpg 870w, https:\/\/perladelsud.pl\/wp-content\/uploads\/2016\/02\/Bez-nazwy-1-e1505295097557.jpg 680w\" sizes=\"(max-width: 255px) 100vw, 255px\" \/><\/a>\n\t\t\t<\/dt><\/dl><br style=\"clear: both\" \/><dl class='gallery-item'>\n\t\t\t<dt class='gallery-icon portrait'>\n\t\t\t\t<a href='https:\/\/perladelsud.pl\/wp-content\/uploads\/2016\/02\/Obraz-016-2-e1505294994144.jpg'><img width=\"262\" height=\"300\" src=\"https:\/\/perladelsud.pl\/wp-content\/uploads\/2016\/02\/Obraz-016-2-262x300.jpg\" class=\"attachment-medium size-medium\" alt=\"\" decoding=\"async\" loading=\"lazy\" aria-describedby=\"gallery-1-501\" srcset=\"https:\/\/perladelsud.pl\/wp-content\/uploads\/2016\/02\/Obraz-016-2-262x300.jpg 262w, https:\/\/perladelsud.pl\/wp-content\/uploads\/2016\/02\/Obraz-016-2-768x879.jpg 768w, https:\/\/perladelsud.pl\/wp-content\/uploads\/2016\/02\/Obraz-016-2-894x1024.jpg 894w, https:\/\/perladelsud.pl\/wp-content\/uploads\/2016\/02\/Obraz-016-2-e1505294994144.jpg 594w\" sizes=\"(max-width: 262px) 100vw, 262px\" \/><\/a>\n\t\t\t<\/dt>\n\t\t\t\t<dd class='wp-caption-text gallery-caption' id='gallery-1-501'>\n\t\t\t\tMary  Klan-Biewer Rott (FCI )\n\t\t\t\t<\/dd><\/dl><dl class='gallery-item'>\n\t\t\t<dt class='gallery-icon landscape'>\n\t\t\t\t<a href='https:\/\/perladelsud.pl\/wp-content\/uploads\/2016\/02\/pacco-2-e1505294976695.jpg'><img width=\"300\" height=\"220\" src=\"https:\/\/perladelsud.pl\/wp-content\/uploads\/2016\/02\/pacco-2-300x220.jpg\" class=\"attachment-medium size-medium\" alt=\"\" decoding=\"async\" loading=\"lazy\" aria-describedby=\"gallery-1-502\" srcset=\"https:\/\/perladelsud.pl\/wp-content\/uploads\/2016\/02\/pacco-2-300x220.jpg 300w, https:\/\/perladelsud.pl\/wp-content\/uploads\/2016\/02\/pacco-2-768x564.jpg 768w, https:\/\/perladelsud.pl\/wp-content\/uploads\/2016\/02\/pacco-2-e1505294976695.jpg 1024w\" sizes=\"(max-width: 300px) 100vw, 300px\" \/><\/a>\n\t\t\t<\/dt>\n\t\t\t\t<dd class='wp-caption-text gallery-caption' id='gallery-1-502'>\n\t\t\t\tOjciec: Amber York Pacco-Prince (FCI) M\u0142odzie\u017cowy Champion Polski, Champion Polski\n\t\t\t\t<\/dd><\/dl><br style=\"clear: both\" \/>\n\t\t<\/div>\n\n<p><strong>Miot F<\/strong> urodzony: 24.04.2017: 2 samczyki . 2 suczki<br \/>\nWszystkie szczeni\u0119ta znalaz\u0142y kochaj\u0105ce domki. Wi\u0119cej zdj\u0119\u0107 szczeni\u0105t w zak\u0142adce Galeria<\/p>\n<p>Matka: Suzanne Klan-Biewer Rott (FCI ) M\u0142odzie\u017cowy Champion Polski<br \/>\nOjciec: Bentey Klan-Biewer Rott (FCI Champion Polski<\/p>\n\n\t\t<style type=\"text\/css\">\n\t\t\t#gallery-2 {\n\t\t\t\tmargin: auto;\n\t\t\t}\n\t\t\t#gallery-2 .gallery-item {\n\t\t\t\tfloat: left;\n\t\t\t\tmargin-top: 10px;\n\t\t\t\ttext-align: center;\n\t\t\t\twidth: 50%;\n\t\t\t}\n\t\t\t#gallery-2 img {\n\t\t\t\tborder: 2px solid #cfcfcf;\n\t\t\t}\n\t\t\t#gallery-2 .gallery-caption {\n\t\t\t\tmargin-left: 0;\n\t\t\t}\n\t\t\t\/* see gallery_shortcode() in wp-includes\/media.php *\/\n\t\t<\/style>\n\t\t<div id='gallery-2' class='gallery galleryid-731 gallery-columns-2 gallery-size-medium'><dl class='gallery-item'>\n\t\t\t<dt class='gallery-icon landscape'>\n\t\t\t\t<a href='https:\/\/perladelsud.pl\/wp-content\/uploads\/2016\/02\/Bez-nazwy-1-4-e1505379834109.jpg'><img width=\"300\" height=\"236\" src=\"https:\/\/perladelsud.pl\/wp-content\/uploads\/2016\/02\/Bez-nazwy-1-4-300x236.jpg\" class=\"attachment-medium size-medium\" alt=\"\" decoding=\"async\" loading=\"lazy\" srcset=\"https:\/\/perladelsud.pl\/wp-content\/uploads\/2016\/02\/Bez-nazwy-1-4-300x236.jpg 300w, https:\/\/perladelsud.pl\/wp-content\/uploads\/2016\/02\/Bez-nazwy-1-4-768x604.jpg 768w, https:\/\/perladelsud.pl\/wp-content\/uploads\/2016\/02\/Bez-nazwy-1-4-1024x806.jpg 1024w, https:\/\/perladelsud.pl\/wp-content\/uploads\/2016\/02\/Bez-nazwy-1-4-e1505379834109.jpg 900w\" sizes=\"(max-width: 300px) 100vw, 300px\" \/><\/a>\n\t\t\t<\/dt><\/dl><dl class='gallery-item'>\n\t\t\t<dt class='gallery-icon portrait'>\n\t\t\t\t<a href='https:\/\/perladelsud.pl\/wp-content\/uploads\/2016\/02\/Bez-nazwy-133-e1505379855440.jpg'><img width=\"249\" height=\"300\" src=\"https:\/\/perladelsud.pl\/wp-content\/uploads\/2016\/02\/Bez-nazwy-133-249x300.jpg\" class=\"attachment-medium size-medium\" alt=\"\" decoding=\"async\" loading=\"lazy\" srcset=\"https:\/\/perladelsud.pl\/wp-content\/uploads\/2016\/02\/Bez-nazwy-133-249x300.jpg 249w, https:\/\/perladelsud.pl\/wp-content\/uploads\/2016\/02\/Bez-nazwy-133-768x926.jpg 768w, https:\/\/perladelsud.pl\/wp-content\/uploads\/2016\/02\/Bez-nazwy-133-849x1024.jpg 849w, https:\/\/perladelsud.pl\/wp-content\/uploads\/2016\/02\/Bez-nazwy-133-e1505379855440.jpg 564w\" sizes=\"(max-width: 249px) 100vw, 249px\" \/><\/a>\n\t\t\t<\/dt><\/dl><br style=\"clear: both\" \/><dl class='gallery-item'>\n\t\t\t<dt class='gallery-icon landscape'>\n\t\t\t\t<a href='https:\/\/perladelsud.pl\/wp-content\/uploads\/2016\/02\/Bez-nazwy-1666-e1505379866619.jpg'><img width=\"300\" height=\"278\" src=\"https:\/\/perladelsud.pl\/wp-content\/uploads\/2016\/02\/Bez-nazwy-1666-300x278.jpg\" class=\"attachment-medium size-medium\" alt=\"\" decoding=\"async\" loading=\"lazy\" srcset=\"https:\/\/perladelsud.pl\/wp-content\/uploads\/2016\/02\/Bez-nazwy-1666-300x278.jpg 300w, https:\/\/perladelsud.pl\/wp-content\/uploads\/2016\/02\/Bez-nazwy-1666-768x712.jpg 768w, https:\/\/perladelsud.pl\/wp-content\/uploads\/2016\/02\/Bez-nazwy-1666-1024x949.jpg 1024w, https:\/\/perladelsud.pl\/wp-content\/uploads\/2016\/02\/Bez-nazwy-1666-e1505379866619.jpg 900w\" sizes=\"(max-width: 300px) 100vw, 300px\" \/><\/a>\n\t\t\t<\/dt><\/dl><dl class='gallery-item'>\n\t\t\t<dt class='gallery-icon landscape'>\n\t\t\t\t<a href='https:\/\/perladelsud.pl\/wp-content\/uploads\/2016\/02\/Bez-nazwy-133333333333333333333-e1505379881755.jpg'><img width=\"300\" height=\"264\" src=\"https:\/\/perladelsud.pl\/wp-content\/uploads\/2016\/02\/Bez-nazwy-133333333333333333333-300x264.jpg\" class=\"attachment-medium size-medium\" alt=\"\" decoding=\"async\" loading=\"lazy\" srcset=\"https:\/\/perladelsud.pl\/wp-content\/uploads\/2016\/02\/Bez-nazwy-133333333333333333333-300x264.jpg 300w, https:\/\/perladelsud.pl\/wp-content\/uploads\/2016\/02\/Bez-nazwy-133333333333333333333-768x677.jpg 768w, https:\/\/perladelsud.pl\/wp-content\/uploads\/2016\/02\/Bez-nazwy-133333333333333333333-1024x903.jpg 1024w, https:\/\/perladelsud.pl\/wp-content\/uploads\/2016\/02\/Bez-nazwy-133333333333333333333-e1505379881755.jpg 900w\" sizes=\"(max-width: 300px) 100vw, 300px\" \/><\/a>\n\t\t\t<\/dt><\/dl><br style=\"clear: both\" \/><dl class='gallery-item'>\n\t\t\t<dt class='gallery-icon portrait'>\n\t\t\t\t<a href='https:\/\/perladelsud.pl\/wp-content\/uploads\/2016\/02\/17620159_1908936509319927_428361036908230319_o-e1505380500823.jpg'><img width=\"230\" height=\"300\" src=\"https:\/\/perladelsud.pl\/wp-content\/uploads\/2016\/02\/17620159_1908936509319927_428361036908230319_o-230x300.jpg\" class=\"attachment-medium size-medium\" alt=\"\" decoding=\"async\" loading=\"lazy\" aria-describedby=\"gallery-2-534\" srcset=\"https:\/\/perladelsud.pl\/wp-content\/uploads\/2016\/02\/17620159_1908936509319927_428361036908230319_o-230x300.jpg 230w, https:\/\/perladelsud.pl\/wp-content\/uploads\/2016\/02\/17620159_1908936509319927_428361036908230319_o-768x1002.jpg 768w, https:\/\/perladelsud.pl\/wp-content\/uploads\/2016\/02\/17620159_1908936509319927_428361036908230319_o-785x1024.jpg 785w, https:\/\/perladelsud.pl\/wp-content\/uploads\/2016\/02\/17620159_1908936509319927_428361036908230319_o-e1505380500823.jpg 521w\" sizes=\"(max-width: 230px) 100vw, 230px\" \/><\/a>\n\t\t\t<\/dt>\n\t\t\t\t<dd class='wp-caption-text gallery-caption' id='gallery-2-534'>\n\t\t\t\tOjciec:  Bentey Klan-Biewer Rott (FCI) Champion Polski\n\t\t\t\t<\/dd><\/dl><dl class='gallery-item'>\n\t\t\t<dt class='gallery-icon landscape'>\n\t\t\t\t<a href='https:\/\/perladelsud.pl\/wp-content\/uploads\/2016\/02\/17635153_1908936422653269_1440728588122334472_o-e1505380539330.jpg'><img width=\"300\" height=\"276\" src=\"https:\/\/perladelsud.pl\/wp-content\/uploads\/2016\/02\/17635153_1908936422653269_1440728588122334472_o-300x276.jpg\" class=\"attachment-medium size-medium\" alt=\"\" decoding=\"async\" loading=\"lazy\" aria-describedby=\"gallery-2-535\" srcset=\"https:\/\/perladelsud.pl\/wp-content\/uploads\/2016\/02\/17635153_1908936422653269_1440728588122334472_o-300x276.jpg 300w, https:\/\/perladelsud.pl\/wp-content\/uploads\/2016\/02\/17635153_1908936422653269_1440728588122334472_o-768x708.jpg 768w, https:\/\/perladelsud.pl\/wp-content\/uploads\/2016\/02\/17635153_1908936422653269_1440728588122334472_o-1024x944.jpg 1024w, https:\/\/perladelsud.pl\/wp-content\/uploads\/2016\/02\/17635153_1908936422653269_1440728588122334472_o-e1505380539330.jpg 900w\" sizes=\"(max-width: 300px) 100vw, 300px\" \/><\/a>\n\t\t\t<\/dt>\n\t\t\t\t<dd class='wp-caption-text gallery-caption' id='gallery-2-535'>\n\t\t\t\tMatka:  Suzanne  Klan-Biewer Rott (FCI ) M\u0142odzie\u017cowy Champion Polski\n\t\t\t\t<\/dd><\/dl><br style=\"clear: both\" \/>\n\t\t<\/div>\n\n<p><strong>Miot G<\/strong> urodzony: 08.11.2017:2 suczki<br \/>\nWszystkie szczeni\u0119ta znalaz\u0142y kochaj\u0105ce domki. Wi\u0119cej zdj\u0119\u0107 szczeni\u0105t w zak\u0142adce Galeria<\/p>\n<p>Matka: Betina Perla del Sud (FCI) M\u0142odzie\u017cowy Champion Polski, Champion Polski<br \/>\nOjciec: Andre Mademoiselle Iwet (FCI)<\/p>\n\n\t\t<style type=\"text\/css\">\n\t\t\t#gallery-3 {\n\t\t\t\tmargin: auto;\n\t\t\t}\n\t\t\t#gallery-3 .gallery-item {\n\t\t\t\tfloat: left;\n\t\t\t\tmargin-top: 10px;\n\t\t\t\ttext-align: center;\n\t\t\t\twidth: 50%;\n\t\t\t}\n\t\t\t#gallery-3 img {\n\t\t\t\tborder: 2px solid #cfcfcf;\n\t\t\t}\n\t\t\t#gallery-3 .gallery-caption {\n\t\t\t\tmargin-left: 0;\n\t\t\t}\n\t\t\t\/* see gallery_shortcode() in wp-includes\/media.php *\/\n\t\t<\/style>\n\t\t<div id='gallery-3' class='gallery galleryid-731 gallery-columns-2 gallery-size-medium'><dl class='gallery-item'>\n\t\t\t<dt class='gallery-icon portrait'>\n\t\t\t\t<a href='https:\/\/perladelsud.pl\/wp-content\/uploads\/2018\/02\/IMG_0974-e1519127561227.jpg'><img width=\"238\" height=\"300\" src=\"https:\/\/perladelsud.pl\/wp-content\/uploads\/2018\/02\/IMG_0974-238x300.jpg\" class=\"attachment-medium size-medium\" alt=\"\" decoding=\"async\" loading=\"lazy\" srcset=\"https:\/\/perladelsud.pl\/wp-content\/uploads\/2018\/02\/IMG_0974-238x300.jpg 238w, https:\/\/perladelsud.pl\/wp-content\/uploads\/2018\/02\/IMG_0974-768x967.jpg 768w, https:\/\/perladelsud.pl\/wp-content\/uploads\/2018\/02\/IMG_0974-813x1024.jpg 813w, https:\/\/perladelsud.pl\/wp-content\/uploads\/2018\/02\/IMG_0974-e1519127561227.jpg 646w\" sizes=\"(max-width: 238px) 100vw, 238px\" \/><\/a>\n\t\t\t<\/dt><\/dl><dl class='gallery-item'>\n\t\t\t<dt class='gallery-icon portrait'>\n\t\t\t\t<a href='https:\/\/perladelsud.pl\/wp-content\/uploads\/2018\/02\/IMG_0987-e1519127578157.jpg'><img width=\"227\" height=\"300\" src=\"https:\/\/perladelsud.pl\/wp-content\/uploads\/2018\/02\/IMG_0987-227x300.jpg\" class=\"attachment-medium size-medium\" alt=\"\" decoding=\"async\" loading=\"lazy\" srcset=\"https:\/\/perladelsud.pl\/wp-content\/uploads\/2018\/02\/IMG_0987-227x300.jpg 227w, https:\/\/perladelsud.pl\/wp-content\/uploads\/2018\/02\/IMG_0987-768x1016.jpg 768w, https:\/\/perladelsud.pl\/wp-content\/uploads\/2018\/02\/IMG_0987-774x1024.jpg 774w, https:\/\/perladelsud.pl\/wp-content\/uploads\/2018\/02\/IMG_0987-e1519127578157.jpg 615w\" sizes=\"(max-width: 227px) 100vw, 227px\" \/><\/a>\n\t\t\t<\/dt><\/dl><br style=\"clear: both\" \/><dl class='gallery-item'>\n\t\t\t<dt class='gallery-icon landscape'>\n\t\t\t\t<a href='https:\/\/perladelsud.pl\/wp-content\/uploads\/2018\/02\/22450098_2005618949651682_6319653830587497139_n.jpg'><img width=\"300\" height=\"300\" src=\"https:\/\/perladelsud.pl\/wp-content\/uploads\/2018\/02\/22450098_2005618949651682_6319653830587497139_n-300x300.jpg\" class=\"attachment-medium size-medium\" alt=\"\" decoding=\"async\" loading=\"lazy\" aria-describedby=\"gallery-3-595\" srcset=\"https:\/\/perladelsud.pl\/wp-content\/uploads\/2018\/02\/22450098_2005618949651682_6319653830587497139_n-300x300.jpg 300w, https:\/\/perladelsud.pl\/wp-content\/uploads\/2018\/02\/22450098_2005618949651682_6319653830587497139_n-150x150.jpg 150w, https:\/\/perladelsud.pl\/wp-content\/uploads\/2018\/02\/22450098_2005618949651682_6319653830587497139_n.jpg 597w\" sizes=\"(max-width: 300px) 100vw, 300px\" \/><\/a>\n\t\t\t<\/dt>\n\t\t\t\t<dd class='wp-caption-text gallery-caption' id='gallery-3-595'>\n\t\t\t\tAndre Mademoiselle Iwet (FCI)\n\t\t\t\t<\/dd><\/dl><dl class='gallery-item'>\n\t\t\t<dt class='gallery-icon portrait'>\n\t\t\t\t<a href='https:\/\/perladelsud.pl\/wp-content\/uploads\/2018\/02\/Obraz-003-e1519125497658.jpg'><img width=\"251\" height=\"300\" src=\"https:\/\/perladelsud.pl\/wp-content\/uploads\/2018\/02\/Obraz-003-251x300.jpg\" class=\"attachment-medium size-medium\" alt=\"\" decoding=\"async\" loading=\"lazy\" aria-describedby=\"gallery-3-598\" srcset=\"https:\/\/perladelsud.pl\/wp-content\/uploads\/2018\/02\/Obraz-003-251x300.jpg 251w, https:\/\/perladelsud.pl\/wp-content\/uploads\/2018\/02\/Obraz-003-768x918.jpg 768w, https:\/\/perladelsud.pl\/wp-content\/uploads\/2018\/02\/Obraz-003-e1519125497658.jpg 856w\" sizes=\"(max-width: 251px) 100vw, 251px\" \/><\/a>\n\t\t\t<\/dt>\n\t\t\t\t<dd class='wp-caption-text gallery-caption' id='gallery-3-598'>\n\t\t\t\tBetina Perla del Sud (FCI) M\u0142odzie\u017cowy Champion Polski, Champion Polski\n\t\t\t\t<\/dd><\/dl><br style=\"clear: both\" \/>\n\t\t<\/div>\n\n","protected":false},"excerpt":{"rendered":"<p>Miot E urodzony: 16.04.2017: 3 samczyki . 1 suczka Wszystkie szczeni\u0119ta znalaz\u0142y kochaj\u0105ce domki. Wi\u0119cej zdj\u0119\u0107 szczeni\u0105t w zak\u0142adce Galeria Matka: Mary Klan-Biewer Rott (FCI ) Ojciec: Amber York Pacco-Prince <a class=\"more-link\" href=\"https:\/\/perladelsud.pl\/index.php\/pl\/szczeniaki\/miot-2017-r\/\">Continue Reading \u2192<\/a><\/p>\n","protected":false},"author":1,"featured_media":0,"parent":163,"menu_order":4,"comment_status":"closed","ping_status":"closed","template":"","meta":[],"_links":{"self":[{"href":"https:\/\/perladelsud.pl\/index.php\/wp-json\/wp\/v2\/pages\/731"}],"collection":[{"href":"https:\/\/perladelsud.pl\/index.php\/wp-json\/wp\/v2\/pages"}],"about":[{"href":"https:\/\/perladelsud.pl\/index.php\/wp-json\/wp\/v2\/types\/page"}],"author":[{"embeddable":true,"href":"https:\/\/perladelsud.pl\/index.php\/wp-json\/wp\/v2\/users\/1"}],"replies":[{"embeddable":true,"href":"https:\/\/perladelsud.pl\/index.php\/wp-json\/wp\/v2\/comments?post=731"}],"version-history":[{"count":0,"href":"https:\/\/perladelsud.pl\/index.php\/wp-json\/wp\/v2\/pages\/731\/revisions"}],"up":[{"embeddable":true,"href":"https:\/\/perladelsud.pl\/index.php\/wp-json\/wp\/v2\/pages\/163"}],"wp:attachment":[{"href":"https:\/\/perladelsud.pl\/index.php\/wp-json\/wp\/v2\/media?parent=731"}],"curies":[{"name":"wp","href":"https:\/\/api.w.org\/{rel}","templated":true}]}}