{"id":764,"date":"2018-11-24T14:27:34","date_gmt":"2018-11-24T13:27:34","guid":{"rendered":"http:\/\/perladelsud.pl\/?page_id=764"},"modified":"2018-11-24T14:29:16","modified_gmt":"2018-11-24T13:29:16","slug":"miot-urodzony-2017","status":"publish","type":"page","link":"https:\/\/perladelsud.pl\/index.php\/pl\/galeria\/miot-urodzony-2017\/","title":{"rendered":"Miot urodzony 2017"},"content":{"rendered":"<p><strong>Miot E<\/strong> urodzony :16.04.2017 : 3 pieski ,1 suczka<\/p>\n<p>Rodzice szczeni\u0105t to:<br \/>\nMatka: Mery Klan-Biewer Rott (FCI )<br \/>\nOjciec: Amber York Pacco-Prince (FCI) M\u0142odzie\u017cowy Champion Polski , Champion Polski<\/p>\n\n\t\t<style type=\"text\/css\">\n\t\t\t#gallery-1 {\n\t\t\t\tmargin: auto;\n\t\t\t}\n\t\t\t#gallery-1 .gallery-item {\n\t\t\t\tfloat: left;\n\t\t\t\tmargin-top: 10px;\n\t\t\t\ttext-align: center;\n\t\t\t\twidth: 50%;\n\t\t\t}\n\t\t\t#gallery-1 img {\n\t\t\t\tborder: 2px solid #cfcfcf;\n\t\t\t}\n\t\t\t#gallery-1 .gallery-caption {\n\t\t\t\tmargin-left: 0;\n\t\t\t}\n\t\t\t\/* see gallery_shortcode() in wp-includes\/media.php *\/\n\t\t<\/style>\n\t\t<div id='gallery-1' class='gallery galleryid-764 gallery-columns-2 gallery-size-medium'><dl class='gallery-item'>\n\t\t\t<dt class='gallery-icon portrait'>\n\t\t\t\t<a href='https:\/\/perladelsud.pl\/wp-content\/uploads\/2016\/02\/20157414_1967751253438452_2859872801286584263_o-e1505296677516.jpg'><img width=\"268\" height=\"300\" src=\"https:\/\/perladelsud.pl\/wp-content\/uploads\/2016\/02\/20157414_1967751253438452_2859872801286584263_o-268x300.jpg\" class=\"attachment-medium size-medium\" alt=\"\" decoding=\"async\" loading=\"lazy\" aria-describedby=\"gallery-1-515\" srcset=\"https:\/\/perladelsud.pl\/wp-content\/uploads\/2016\/02\/20157414_1967751253438452_2859872801286584263_o-268x300.jpg 268w, https:\/\/perladelsud.pl\/wp-content\/uploads\/2016\/02\/20157414_1967751253438452_2859872801286584263_o-768x860.jpg 768w, https:\/\/perladelsud.pl\/wp-content\/uploads\/2016\/02\/20157414_1967751253438452_2859872801286584263_o-915x1024.jpg 915w, https:\/\/perladelsud.pl\/wp-content\/uploads\/2016\/02\/20157414_1967751253438452_2859872801286584263_o-e1505296677516.jpg 680w\" sizes=\"(max-width: 268px) 100vw, 268px\" \/><\/a>\n\t\t\t<\/dt>\n\t\t\t\t<dd class='wp-caption-text gallery-caption' id='gallery-1-515'>\n\t\t\t\tEnrico Perla del Sud (FCI) mieszka w Gda\u0144sku\n\t\t\t\t<\/dd><\/dl><dl class='gallery-item'>\n\t\t\t<dt class='gallery-icon portrait'>\n\t\t\t\t<a href='https:\/\/perladelsud.pl\/wp-content\/uploads\/2016\/02\/Bez-nazwy-1-2-e1505296718557.jpg'><img width=\"286\" height=\"300\" src=\"https:\/\/perladelsud.pl\/wp-content\/uploads\/2016\/02\/Bez-nazwy-1-2-286x300.jpg\" class=\"attachment-medium size-medium\" alt=\"\" decoding=\"async\" loading=\"lazy\" aria-describedby=\"gallery-1-516\" srcset=\"https:\/\/perladelsud.pl\/wp-content\/uploads\/2016\/02\/Bez-nazwy-1-2-286x300.jpg 286w, https:\/\/perladelsud.pl\/wp-content\/uploads\/2016\/02\/Bez-nazwy-1-2-768x806.jpg 768w, https:\/\/perladelsud.pl\/wp-content\/uploads\/2016\/02\/Bez-nazwy-1-2-975x1024.jpg 975w, https:\/\/perladelsud.pl\/wp-content\/uploads\/2016\/02\/Bez-nazwy-1-2-e1505296718557.jpg 900w\" sizes=\"(max-width: 286px) 100vw, 286px\" \/><\/a>\n\t\t\t<\/dt>\n\t\t\t\t<dd class='wp-caption-text gallery-caption' id='gallery-1-516'>\n\t\t\t\tEmily Perla del Sud (FCI) mieszka w Cz\u0119stochowie\n\t\t\t\t<\/dd><\/dl><br style=\"clear: both\" \/><dl class='gallery-item'>\n\t\t\t<dt class='gallery-icon portrait'>\n\t\t\t\t<a href='https:\/\/perladelsud.pl\/wp-content\/uploads\/2016\/02\/Bez-nazwy-1ggg-e1505296802449.jpg'><img width=\"285\" height=\"300\" src=\"https:\/\/perladelsud.pl\/wp-content\/uploads\/2016\/02\/Bez-nazwy-1ggg-285x300.jpg\" class=\"attachment-medium size-medium\" alt=\"\" decoding=\"async\" loading=\"lazy\" aria-describedby=\"gallery-1-517\" srcset=\"https:\/\/perladelsud.pl\/wp-content\/uploads\/2016\/02\/Bez-nazwy-1ggg-285x300.jpg 285w, https:\/\/perladelsud.pl\/wp-content\/uploads\/2016\/02\/Bez-nazwy-1ggg-768x809.jpg 768w, https:\/\/perladelsud.pl\/wp-content\/uploads\/2016\/02\/Bez-nazwy-1ggg-972x1024.jpg 972w, https:\/\/perladelsud.pl\/wp-content\/uploads\/2016\/02\/Bez-nazwy-1ggg-e1505296802449.jpg 900w\" sizes=\"(max-width: 285px) 100vw, 285px\" \/><\/a>\n\t\t\t<\/dt>\n\t\t\t\t<dd class='wp-caption-text gallery-caption' id='gallery-1-517'>\n\t\t\t\tEgon Perla del Sud (FCI) mieszka we Wroc\u0142awiu\n\t\t\t\t<\/dd><\/dl><dl class='gallery-item'>\n\t\t\t<dt class='gallery-icon portrait'>\n\t\t\t\t<a href='https:\/\/perladelsud.pl\/wp-content\/uploads\/2016\/02\/Bez-nazwy-2.jpg'><img width=\"264\" height=\"300\" src=\"https:\/\/perladelsud.pl\/wp-content\/uploads\/2016\/02\/Bez-nazwy-2-264x300.jpg\" class=\"attachment-medium size-medium\" alt=\"\" decoding=\"async\" loading=\"lazy\" aria-describedby=\"gallery-1-518\" srcset=\"https:\/\/perladelsud.pl\/wp-content\/uploads\/2016\/02\/Bez-nazwy-2-264x300.jpg 264w, https:\/\/perladelsud.pl\/wp-content\/uploads\/2016\/02\/Bez-nazwy-2-768x872.jpg 768w, https:\/\/perladelsud.pl\/wp-content\/uploads\/2016\/02\/Bez-nazwy-2.jpg 842w\" sizes=\"(max-width: 264px) 100vw, 264px\" \/><\/a>\n\t\t\t<\/dt>\n\t\t\t\t<dd class='wp-caption-text gallery-caption' id='gallery-1-518'>\n\t\t\t\t  Edwardo Perla del Sud (FCI) mieszka w Toruniu\n\t\t\t\t<\/dd><\/dl><br style=\"clear: both\" \/>\n\t\t<\/div>\n\n<p><strong>Miot F<\/strong> urodzony :24.04.2017 : 2 pieski ,2 suczki<\/p>\n<p>Rodzice szczeni\u0105t to:<br \/>\nMatka: Suzanne Klan-Biewer Rott (FCI ) M\u0142odzie\u017cowy Champion Polski<br \/>\nOjciec: Bentley Klan-Biewer Rott (FCI ) Champion Polski<\/p>\n\n\t\t<style type=\"text\/css\">\n\t\t\t#gallery-2 {\n\t\t\t\tmargin: auto;\n\t\t\t}\n\t\t\t#gallery-2 .gallery-item {\n\t\t\t\tfloat: left;\n\t\t\t\tmargin-top: 10px;\n\t\t\t\ttext-align: center;\n\t\t\t\twidth: 50%;\n\t\t\t}\n\t\t\t#gallery-2 img {\n\t\t\t\tborder: 2px solid #cfcfcf;\n\t\t\t}\n\t\t\t#gallery-2 .gallery-caption {\n\t\t\t\tmargin-left: 0;\n\t\t\t}\n\t\t\t\/* see gallery_shortcode() in wp-includes\/media.php *\/\n\t\t<\/style>\n\t\t<div id='gallery-2' class='gallery galleryid-764 gallery-columns-2 gallery-size-medium'><dl class='gallery-item'>\n\t\t\t<dt class='gallery-icon landscape'>\n\t\t\t\t<a href='https:\/\/perladelsud.pl\/wp-content\/uploads\/2016\/02\/Bez-nazwy-1555555555-e1505381030778.jpg'><img width=\"300\" height=\"267\" src=\"https:\/\/perladelsud.pl\/wp-content\/uploads\/2016\/02\/Bez-nazwy-1555555555-300x267.jpg\" class=\"attachment-medium size-medium\" alt=\"\" decoding=\"async\" loading=\"lazy\" aria-describedby=\"gallery-2-552\" srcset=\"https:\/\/perladelsud.pl\/wp-content\/uploads\/2016\/02\/Bez-nazwy-1555555555-300x267.jpg 300w, https:\/\/perladelsud.pl\/wp-content\/uploads\/2016\/02\/Bez-nazwy-1555555555-768x682.jpg 768w, https:\/\/perladelsud.pl\/wp-content\/uploads\/2016\/02\/Bez-nazwy-1555555555-1024x910.jpg 1024w, https:\/\/perladelsud.pl\/wp-content\/uploads\/2016\/02\/Bez-nazwy-1555555555-e1505381030778.jpg 900w\" sizes=\"(max-width: 300px) 100vw, 300px\" \/><\/a>\n\t\t\t<\/dt>\n\t\t\t\t<dd class='wp-caption-text gallery-caption' id='gallery-2-552'>\n\t\t\t\tFabian Perla del Sud (FCI) mieszka w Krakowie \n\t\t\t\t<\/dd><\/dl><dl class='gallery-item'>\n\t\t\t<dt class='gallery-icon portrait'>\n\t\t\t\t<a href='https:\/\/perladelsud.pl\/wp-content\/uploads\/2016\/02\/Bez-nazwy-166664-e1505381091344.jpg'><img width=\"204\" height=\"300\" src=\"https:\/\/perladelsud.pl\/wp-content\/uploads\/2016\/02\/Bez-nazwy-166664-204x300.jpg\" class=\"attachment-medium size-medium\" alt=\"\" decoding=\"async\" loading=\"lazy\" aria-describedby=\"gallery-2-551\" srcset=\"https:\/\/perladelsud.pl\/wp-content\/uploads\/2016\/02\/Bez-nazwy-166664-204x300.jpg 204w, https:\/\/perladelsud.pl\/wp-content\/uploads\/2016\/02\/Bez-nazwy-166664-768x1131.jpg 768w, https:\/\/perladelsud.pl\/wp-content\/uploads\/2016\/02\/Bez-nazwy-166664-695x1024.jpg 695w, https:\/\/perladelsud.pl\/wp-content\/uploads\/2016\/02\/Bez-nazwy-166664-e1505381091344.jpg 462w\" sizes=\"(max-width: 204px) 100vw, 204px\" \/><\/a>\n\t\t\t<\/dt>\n\t\t\t\t<dd class='wp-caption-text gallery-caption' id='gallery-2-551'>\n\t\t\t\tFrodo Perla del Sud (FCI) mieszka w Warszawie\n\t\t\t\t<\/dd><\/dl><br style=\"clear: both\" \/><dl class='gallery-item'>\n\t\t\t<dt class='gallery-icon landscape'>\n\t\t\t\t<a href='https:\/\/perladelsud.pl\/wp-content\/uploads\/2016\/02\/Bez-nazwy-144-e1505381153605.jpg'><img width=\"300\" height=\"264\" src=\"https:\/\/perladelsud.pl\/wp-content\/uploads\/2016\/02\/Bez-nazwy-144-300x264.jpg\" class=\"attachment-medium size-medium\" alt=\"\" decoding=\"async\" loading=\"lazy\" aria-describedby=\"gallery-2-550\" srcset=\"https:\/\/perladelsud.pl\/wp-content\/uploads\/2016\/02\/Bez-nazwy-144-300x264.jpg 300w, https:\/\/perladelsud.pl\/wp-content\/uploads\/2016\/02\/Bez-nazwy-144-768x676.jpg 768w, https:\/\/perladelsud.pl\/wp-content\/uploads\/2016\/02\/Bez-nazwy-144-1024x901.jpg 1024w, https:\/\/perladelsud.pl\/wp-content\/uploads\/2016\/02\/Bez-nazwy-144-e1505381153605.jpg 900w\" sizes=\"(max-width: 300px) 100vw, 300px\" \/><\/a>\n\t\t\t<\/dt>\n\t\t\t\t<dd class='wp-caption-text gallery-caption' id='gallery-2-550'>\n\t\t\t\tFiona Perla del Sud (FCI) mieszka w Wieliczce\n\t\t\t\t<\/dd><\/dl><dl class='gallery-item'>\n\t\t\t<dt class='gallery-icon portrait'>\n\t\t\t\t<a href='https:\/\/perladelsud.pl\/wp-content\/uploads\/2016\/02\/Bez-nazwy-1-6-e1505381300444.jpg'><img width=\"288\" height=\"300\" src=\"https:\/\/perladelsud.pl\/wp-content\/uploads\/2016\/02\/Bez-nazwy-1-6-288x300.jpg\" class=\"attachment-medium size-medium\" alt=\"\" decoding=\"async\" loading=\"lazy\" aria-describedby=\"gallery-2-549\" srcset=\"https:\/\/perladelsud.pl\/wp-content\/uploads\/2016\/02\/Bez-nazwy-1-6-288x300.jpg 288w, https:\/\/perladelsud.pl\/wp-content\/uploads\/2016\/02\/Bez-nazwy-1-6-768x801.jpg 768w, https:\/\/perladelsud.pl\/wp-content\/uploads\/2016\/02\/Bez-nazwy-1-6-982x1024.jpg 982w, https:\/\/perladelsud.pl\/wp-content\/uploads\/2016\/02\/Bez-nazwy-1-6-e1505381300444.jpg 800w\" sizes=\"(max-width: 288px) 100vw, 288px\" \/><\/a>\n\t\t\t<\/dt>\n\t\t\t\t<dd class='wp-caption-text gallery-caption' id='gallery-2-549'>\n\t\t\t\tFabien  Perla del Sud (FCI) mieszka w Krakowie\n\t\t\t\t<\/dd><\/dl><br style=\"clear: both\" \/>\n\t\t<\/div>\n\n<p><strong>Miot G<\/strong> urodzony :08.11.2017 : 2 suczki<\/p>\n<p>Rodzice szczeni\u0105t to:<br \/>\nMatka: Betina Perla del Sud (FCI) M\u0142odzie\u017cowy Champion Polski, Champion Polski<br \/>\nOjciec: Andre Mademoiselle Iwet (FCI)<\/p>\n\n\t\t<style type=\"text\/css\">\n\t\t\t#gallery-3 {\n\t\t\t\tmargin: auto;\n\t\t\t}\n\t\t\t#gallery-3 .gallery-item {\n\t\t\t\tfloat: left;\n\t\t\t\tmargin-top: 10px;\n\t\t\t\ttext-align: center;\n\t\t\t\twidth: 50%;\n\t\t\t}\n\t\t\t#gallery-3 img {\n\t\t\t\tborder: 2px solid #cfcfcf;\n\t\t\t}\n\t\t\t#gallery-3 .gallery-caption {\n\t\t\t\tmargin-left: 0;\n\t\t\t}\n\t\t\t\/* see gallery_shortcode() in wp-includes\/media.php *\/\n\t\t<\/style>\n\t\t<div id='gallery-3' class='gallery galleryid-764 gallery-columns-2 gallery-size-medium'><dl class='gallery-item'>\n\t\t\t<dt class='gallery-icon landscape'>\n\t\t\t\t<a href='https:\/\/perladelsud.pl\/wp-content\/uploads\/2018\/02\/27164340_2051437231736520_495218894802853677_o-1-e1519127461120.jpg'><img width=\"300\" height=\"290\" src=\"https:\/\/perladelsud.pl\/wp-content\/uploads\/2018\/02\/27164340_2051437231736520_495218894802853677_o-1-300x290.jpg\" class=\"attachment-medium size-medium\" alt=\"\" decoding=\"async\" loading=\"lazy\" aria-describedby=\"gallery-3-610\" srcset=\"https:\/\/perladelsud.pl\/wp-content\/uploads\/2018\/02\/27164340_2051437231736520_495218894802853677_o-1-300x290.jpg 300w, https:\/\/perladelsud.pl\/wp-content\/uploads\/2018\/02\/27164340_2051437231736520_495218894802853677_o-1-768x743.jpg 768w, https:\/\/perladelsud.pl\/wp-content\/uploads\/2018\/02\/27164340_2051437231736520_495218894802853677_o-1-1024x991.jpg 1024w, https:\/\/perladelsud.pl\/wp-content\/uploads\/2018\/02\/27164340_2051437231736520_495218894802853677_o-1-e1519127461120.jpg 814w\" sizes=\"(max-width: 300px) 100vw, 300px\" \/><\/a>\n\t\t\t<\/dt>\n\t\t\t\t<dd class='wp-caption-text gallery-caption' id='gallery-3-610'>\n\t\t\t\tGina Perla del Sud(FCI) mieszka ko\u0142o Wroc\u0142awia\n\t\t\t\t<\/dd><\/dl><dl class='gallery-item'>\n\t\t\t<dt class='gallery-icon landscape'>\n\t\t\t\t<a href='https:\/\/perladelsud.pl\/wp-content\/uploads\/2018\/02\/27164897_2051437995069777_3245277129421750287_o1-e1519127474101.jpg'><img width=\"300\" height=\"295\" src=\"https:\/\/perladelsud.pl\/wp-content\/uploads\/2018\/02\/27164897_2051437995069777_3245277129421750287_o1-300x295.jpg\" class=\"attachment-medium size-medium\" alt=\"\" decoding=\"async\" loading=\"lazy\" aria-describedby=\"gallery-3-611\" srcset=\"https:\/\/perladelsud.pl\/wp-content\/uploads\/2018\/02\/27164897_2051437995069777_3245277129421750287_o1-300x295.jpg 300w, https:\/\/perladelsud.pl\/wp-content\/uploads\/2018\/02\/27164897_2051437995069777_3245277129421750287_o1-768x754.jpg 768w, https:\/\/perladelsud.pl\/wp-content\/uploads\/2018\/02\/27164897_2051437995069777_3245277129421750287_o1-1024x1006.jpg 1024w, https:\/\/perladelsud.pl\/wp-content\/uploads\/2018\/02\/27164897_2051437995069777_3245277129421750287_o1-e1519127474101.jpg 814w\" sizes=\"(max-width: 300px) 100vw, 300px\" \/><\/a>\n\t\t\t<\/dt>\n\t\t\t\t<dd class='wp-caption-text gallery-caption' id='gallery-3-611'>\n\t\t\t\tGreta Perla del Sud(FCI) mieszka ko\u0142o Krakowa\n\t\t\t\t<\/dd><\/dl><br style=\"clear: both\" \/>\n\t\t<\/div>\n\n","protected":false},"excerpt":{"rendered":"<p>Miot E urodzony :16.04.2017 : 3 pieski ,1 suczka Rodzice szczeni\u0105t to: Matka: Mery Klan-Biewer Rott (FCI ) Ojciec: Amber York Pacco-Prince (FCI) M\u0142odzie\u017cowy Champion Polski , Champion Polski Miot <a class=\"more-link\" href=\"https:\/\/perladelsud.pl\/index.php\/pl\/galeria\/miot-urodzony-2017\/\">Continue Reading \u2192<\/a><\/p>\n","protected":false},"author":1,"featured_media":0,"parent":192,"menu_order":3,"comment_status":"closed","ping_status":"closed","template":"","meta":[],"_links":{"self":[{"href":"https:\/\/perladelsud.pl\/index.php\/wp-json\/wp\/v2\/pages\/764"}],"collection":[{"href":"https:\/\/perladelsud.pl\/index.php\/wp-json\/wp\/v2\/pages"}],"about":[{"href":"https:\/\/perladelsud.pl\/index.php\/wp-json\/wp\/v2\/types\/page"}],"author":[{"embeddable":true,"href":"https:\/\/perladelsud.pl\/index.php\/wp-json\/wp\/v2\/users\/1"}],"replies":[{"embeddable":true,"href":"https:\/\/perladelsud.pl\/index.php\/wp-json\/wp\/v2\/comments?post=764"}],"version-history":[{"count":0,"href":"https:\/\/perladelsud.pl\/index.php\/wp-json\/wp\/v2\/pages\/764\/revisions"}],"up":[{"embeddable":true,"href":"https:\/\/perladelsud.pl\/index.php\/wp-json\/wp\/v2\/pages\/192"}],"wp:attachment":[{"href":"https:\/\/perladelsud.pl\/index.php\/wp-json\/wp\/v2\/media?parent=764"}],"curies":[{"name":"wp","href":"https:\/\/api.w.org\/{rel}","templated":true}]}}